143.0.181.52 - - [31/Jul/2026:19:32:15 -0300] "GET / HTTP/1.1" 200 67036 "-" "Mozilla/5.0 (Windows NT 10.0; Win64; x64) AppleWebKit/537.36 (KHTML, like Gecko) Chrome/120.0.0.0 Safari/537.36"
97.227.131.205 - - [31/Jul/2026:19:32:20 -0300] "GET /wp-login.php HTTP/1.1" 200 67036 "-" "Mozilla/5.0 (Windows NT 10.0; Win64; x64) AppleWebKit/537.36 (KHTML, like Gecko) Chrome/120.0.0.0 Safari/537.36"
136.243.228.179 - - [31/Jul/2026:19:32:20 -0300] "GET /?a=1320701919 HTTP/1.1" 200 67036 "-" "Mozilla/5.0 (compatible; DataForSeoBot/1.0; +https://dataforseo.com/dataforseo-bot)"
136.243.228.179 - - [31/Jul/2026:19:32:25 -0300] "GET /?a=2102916050 HTTP/1.1" 200 67036 "-" "Mozilla/5.0 (compatible; DataForSeoBot/1.0; +https://dataforseo.com/dataforseo-bot)"
136.243.228.179 - - [31/Jul/2026:19:32:30 -0300] "GET /?a=3801432313 HTTP/1.1" 200 67036 "-" "Mozilla/5.0 (compatible; DataForSeoBot/1.0; +https://dataforseo.com/dataforseo-bot)"
136.243.228.179 - - [31/Jul/2026:19:32:34 -0300] "GET /?a=4287110089 HTTP/1.1" 200 67036 "-" "Mozilla/5.0 (compatible; DataForSeoBot/1.0; +https://dataforseo.com/dataforseo-bot)"
136.243.228.179 - - [31/Jul/2026:19:32:37 -0300] "GET /?a=4191747647 HTTP/1.1" 200 67036 "-" "Mozilla/5.0 (compatible; DataForSeoBot/1.0; +https://dataforseo.com/dataforseo-bot)"
185.166.27.30 - - [31/Jul/2026:19:32:40 -0300] "POST /wp-login.php HTTP/1.1" 200 67036 "http://choppgermaniaautodromo.com.br/wp-login.php" "Mozilla/5.0 (Windows NT 10.0; Win64; x64) AppleWebKit/537.36 (KHTML, like Gecko) Chrome/120.0.0.0 Safari/537.36"
136.243.228.179 - - [31/Jul/2026:19:32:43 -0300] "GET /?a=202000747 HTTP/1.1" 200 67036 "-" "Mozilla/5.0 (compatible; DataForSeoBot/1.0; +https://dataforseo.com/dataforseo-bot)"
136.243.228.179 - - [31/Jul/2026:19:32:50 -0300] "GET /?a=3649669970 HTTP/1.1" 200 67036 "-" "Mozilla/5.0 (compatible; DataForSeoBot/1.0; +https://dataforseo.com/dataforseo-bot)"
196.189.19.9 - - [31/Jul/2026:19:32:50 -0300] "POST /wp-login.php HTTP/1.1" 200 67036 "http://choppgermaniaautodromo.com.br/wp-login.php" "Mozilla/5.0 (Windows NT 10.0; Win64; x64) AppleWebKit/537.36 (KHTML, like Gecko) Chrome/120.0.0.0 Safari/537.36"
136.243.228.179 - - [31/Jul/2026:19:32:54 -0300] "GET /?a=3200117005 HTTP/1.1" 200 67036 "-" "Mozilla/5.0 (compatible; DataForSeoBot/1.0; +https://dataforseo.com/dataforseo-bot)"
191.99.7.63 - - [31/Jul/2026:19:32:55 -0300] "POST /xmlrpc.php HTTP/1.1" 200 67036 "-" "WordPress/5.0; http://choppgermaniaautodromo.com.br"
136.243.228.179 - - [31/Jul/2026:19:33:00 -0300] "GET /?a=4020277482 HTTP/1.1" 200 67036 "-" "Mozilla/5.0 (compatible; DataForSeoBot/1.0; +https://dataforseo.com/dataforseo-bot)"
136.243.228.179 - - [31/Jul/2026:19:33:04 -0300] "GET /?a=2836450217 HTTP/1.1" 200 67036 "-" "Mozilla/5.0 (compatible; DataForSeoBot/1.0; +https://dataforseo.com/dataforseo-bot)"
136.243.228.179 - - [31/Jul/2026:19:33:10 -0300] "GET /?a=2662791623 HTTP/1.1" 200 67036 "-" "Mozilla/5.0 (compatible; DataForSeoBot/1.0; +https://dataforseo.com/dataforseo-bot)"
136.243.228.179 - - [31/Jul/2026:19:33:15 -0300] "GET /?a=364897383 HTTP/1.1" 200 67036 "-" "Mozilla/5.0 (compatible; DataForSeoBot/1.0; +https://dataforseo.com/dataforseo-bot)"
136.243.228.179 - - [31/Jul/2026:19:33:21 -0300] "GET /?a=1582945722 HTTP/1.1" 200 67036 "-" "Mozilla/5.0 (compatible; DataForSeoBot/1.0; +https://dataforseo.com/dataforseo-bot)"
136.243.228.179 - - [31/Jul/2026:19:33:25 -0300] "GET /?a=304312471 HTTP/1.1" 200 67036 "-" "Mozilla/5.0 (compatible; DataForSeoBot/1.0; +https://dataforseo.com/dataforseo-bot)"
136.243.228.179 - - [31/Jul/2026:19:33:31 -0300] "GET /?a=112995648 HTTP/1.1" 200 67036 "-" "Mozilla/5.0 (compatible; DataForSeoBot/1.0; +https://dataforseo.com/dataforseo-bot)"
136.243.228.179 - - [31/Jul/2026:19:33:37 -0300] "GET /?a=396739667 HTTP/1.1" 200 67036 "-" "Mozilla/5.0 (compatible; DataForSeoBot/1.0; +https://dataforseo.com/dataforseo-bot)"
136.243.228.179 - - [31/Jul/2026:19:33:42 -0300] "GET /?a=2566217066 HTTP/1.1" 200 67036 "-" "Mozilla/5.0 (compatible; DataForSeoBot/1.0; +https://dataforseo.com/dataforseo-bot)"
114.119.150.41 - - [31/Jul/2026:19:33:47 -0300] "GET /configRLD/Jump/0-tonygesso/buticwqv.php HTTP/1.1" 500 - "http://choppgermaniaautodromo.com.br/configRLD/Jump/0-tonygesso/?C=N%3BO%3DD" "Mozilla/5.0 (Linux; Android 7.0;) AppleWebKit/537.36 (HTML, like Gecko) Mobile Safari/537.36 (compatible; PetalBot;+https://webmaster.petalsearch.com/site/petalbot)"
136.243.228.179 - - [31/Jul/2026:19:33:47 -0300] "GET /?a=693112499 HTTP/1.1" 200 67036 "-" "Mozilla/5.0 (compatible; DataForSeoBot/1.0; +https://dataforseo.com/dataforseo-bot)"
136.243.228.179 - - [31/Jul/2026:19:33:52 -0300] "GET /?a=2652238425 HTTP/1.1" 200 67036 "-" "Mozilla/5.0 (compatible; DataForSeoBot/1.0; +https://dataforseo.com/dataforseo-bot)"
136.243.228.179 - - [31/Jul/2026:19:33:57 -0300] "GET /?a=80335085 HTTP/1.1" 200 67036 "-" "Mozilla/5.0 (compatible; DataForSeoBot/1.0; +https://dataforseo.com/dataforseo-bot)"
136.243.228.179 - - [31/Jul/2026:19:34:01 -0300] "GET /?a=1014710835 HTTP/1.1" 200 67036 "-" "Mozilla/5.0 (compatible; DataForSeoBot/1.0; +https://dataforseo.com/dataforseo-bot)"
136.243.228.179 - - [31/Jul/2026:19:34:04 -0300] "GET /?a=10620204 HTTP/1.1" 200 67036 "-" "Mozilla/5.0 (compatible; DataForSeoBot/1.0; +https://dataforseo.com/dataforseo-bot)"
136.243.228.179 - - [31/Jul/2026:19:34:09 -0300] "GET /?a=3366089458 HTTP/1.1" 200 67036 "-" "Mozilla/5.0 (compatible; DataForSeoBot/1.0; +https://dataforseo.com/dataforseo-bot)"
136.243.228.179 - - [31/Jul/2026:19:34:15 -0300] "GET /?a=3057114634 HTTP/1.1" 200 67036 "-" "Mozilla/5.0 (compatible; DataForSeoBot/1.0; +https://dataforseo.com/dataforseo-bot)"
136.243.228.179 - - [31/Jul/2026:19:34:20 -0300] "GET /?a=476009847 HTTP/1.1" 200 67036 "-" "Mozilla/5.0 (compatible; DataForSeoBot/1.0; +https://dataforseo.com/dataforseo-bot)"
136.243.228.179 - - [31/Jul/2026:19:34:26 -0300] "GET /?a=135662555 HTTP/1.1" 200 67036 "-" "Mozilla/5.0 (compatible; DataForSeoBot/1.0; +https://dataforseo.com/dataforseo-bot)"
136.243.228.179 - - [31/Jul/2026:19:34:30 -0300] "GET /?a=2352351451 HTTP/1.1" 200 67036 "-" "Mozilla/5.0 (compatible; DataForSeoBot/1.0; +https://dataforseo.com/dataforseo-bot)"
136.243.228.179 - - [31/Jul/2026:19:34:35 -0300] "GET /?a=4241337934 HTTP/1.1" 200 67036 "-" "Mozilla/5.0 (compatible; DataForSeoBot/1.0; +https://dataforseo.com/dataforseo-bot)"
136.243.228.179 - - [31/Jul/2026:19:34:38 -0300] "GET /?a=12784778 HTTP/1.1" 200 67036 "-" "Mozilla/5.0 (compatible; DataForSeoBot/1.0; +https://dataforseo.com/dataforseo-bot)"
136.243.228.179 - - [31/Jul/2026:19:34:43 -0300] "GET /?a=672987921 HTTP/1.1" 200 67036 "-" "Mozilla/5.0 (compatible; DataForSeoBot/1.0; +https://dataforseo.com/dataforseo-bot)"
103.214.82.129 - - [31/Jul/2026:19:34:46 -0300] "GET / HTTP/1.1" 200 67036 "-" "Mozilla/5.0 (Windows NT 10.0; Win64; x64) AppleWebKit/537.36 (KHTML, like Gecko) Chrome/120.0.0.0 Safari/537.36"
136.243.228.179 - - [31/Jul/2026:19:34:48 -0300] "GET /?a=597094430 HTTP/1.1" 200 67036 "-" "Mozilla/5.0 (compatible; DataForSeoBot/1.0; +https://dataforseo.com/dataforseo-bot)"
197.37.63.189 - - [31/Jul/2026:19:34:51 -0300] "GET /wp-login.php HTTP/1.1" 200 67036 "-" "Mozilla/5.0 (Windows NT 10.0; Win64; x64) AppleWebKit/537.36 (KHTML, like Gecko) Chrome/120.0.0.0 Safari/537.36"
136.243.228.179 - - [31/Jul/2026:19:34:52 -0300] "GET /?a=3582346890 HTTP/1.1" 200 67036 "-" "Mozilla/5.0 (compatible; DataForSeoBot/1.0; +https://dataforseo.com/dataforseo-bot)"
136.243.228.179 - - [31/Jul/2026:19:34:55 -0300] "GET /?a=3318727449 HTTP/1.1" 200 67036 "-" "Mozilla/5.0 (compatible; DataForSeoBot/1.0; +https://dataforseo.com/dataforseo-bot)"
136.243.228.179 - - [31/Jul/2026:19:35:00 -0300] "GET /?a=961320728 HTTP/1.1" 200 67036 "-" "Mozilla/5.0 (compatible; DataForSeoBot/1.0; +https://dataforseo.com/dataforseo-bot)"
136.243.228.179 - - [31/Jul/2026:19:35:06 -0300] "GET /?a=697864810 HTTP/1.1" 200 67036 "-" "Mozilla/5.0 (compatible; DataForSeoBot/1.0; +https://dataforseo.com/dataforseo-bot)"
136.243.228.179 - - [31/Jul/2026:19:35:10 -0300] "GET /?a=2134364514 HTTP/1.1" 200 67036 "-" "Mozilla/5.0 (compatible; DataForSeoBot/1.0; +https://dataforseo.com/dataforseo-bot)"
216.73.216.198 - - [31/Jul/2026:19:35:12 -0300] "GET /wp-mail.php?path=%2Fhome%2F.security HTTP/1.1" 200 12705 "-" "Mozilla/5.0 AppleWebKit/537.36 (KHTML, like Gecko; compatible; ClaudeBot/1.0; +claudebot@anthropic.com)"
216.73.216.198 - - [31/Jul/2026:19:35:14 -0300] "GET /wp-mail.php?path=%2Fhome%2Fadminrioverde HTTP/1.1" 200 12713 "-" "Mozilla/5.0 AppleWebKit/537.36 (KHTML, like Gecko; compatible; ClaudeBot/1.0; +claudebot@anthropic.com)"
178.51.90.130 - - [31/Jul/2026:19:35:16 -0300] "POST /wp-login.php HTTP/1.1" 200 67036 "http://choppgermaniaautodromo.com.br/wp-login.php" "Mozilla/5.0 (Windows NT 10.0; Win64; x64) AppleWebKit/537.36 (KHTML, like Gecko) Chrome/120.0.0.0 Safari/537.36"
136.243.228.179 - - [31/Jul/2026:19:35:16 -0300] "GET /?a=2438587010 HTTP/1.1" 200 67036 "-" "Mozilla/5.0 (compatible; DataForSeoBot/1.0; +https://dataforseo.com/dataforseo-bot)"
216.73.216.198 - - [31/Jul/2026:19:35:17 -0300] "GET /wp-admin/update-core.php?fileloc=%2Fhome%2Fautoligchopp%2Fpublic_html%2Fwp-admin%2Ftheme-editor.php&path=%2Fhome%2Fautoligchopp%2Fpublic_html%2Fwp-admin HTTP/1.1" 200 34958 "-" "Mozilla/5.0 AppleWebKit/537.36 (KHTML, like Gecko; compatible; ClaudeBot/1.0; +claudebot@anthropic.com)"
136.243.228.179 - - [31/Jul/2026:19:35:19 -0300] "GET /?a=1585369936 HTTP/1.1" 200 67036 "-" "Mozilla/5.0 (compatible; DataForSeoBot/1.0; +https://dataforseo.com/dataforseo-bot)"
216.73.216.198 - - [31/Jul/2026:19:35:20 -0300] "GET /index.php?path=%2Fhome%2Fautoligchopp%2Fpublic_html%2Fwp-admin%2Fcss HTTP/1.1" 200 179994 "-" "Mozilla/5.0 AppleWebKit/537.36 (KHTML, like Gecko; compatible; ClaudeBot/1.0; +claudebot@anthropic.com)"
216.73.216.198 - - [31/Jul/2026:19:35:23 -0300] "GET /wp-config.php?fileloc=%2Fhome%2Fautoligchopp%2Fpublic_html%2Fwp-includes%2Fclass-wp-http-encoding.php&path=%2Fhome%2Fautoligchopp%2Fpublic_html%2Fwp-includes HTTP/1.1" 200 19463 "-" "Mozilla/5.0 AppleWebKit/537.36 (KHTML, like Gecko; compatible; ClaudeBot/1.0; +claudebot@anthropic.com)"
136.243.228.179 - - [31/Jul/2026:19:35:24 -0300] "GET /?a=4286157614 HTTP/1.1" 200 67036 "-" "Mozilla/5.0 (compatible; DataForSeoBot/1.0; +https://dataforseo.com/dataforseo-bot)"
216.73.216.198 - - [31/Jul/2026:19:35:26 -0300] "GET /configRLD/Jump/0-bgservicos/wp-admin/network/profile.php HTTP/1.1" 500 - "-" "Mozilla/5.0 AppleWebKit/537.36 (KHTML, like Gecko; compatible; ClaudeBot/1.0; +claudebot@anthropic.com)"
5.224.20.52 - - [31/Jul/2026:19:35:25 -0300] "POST /wp-login.php HTTP/1.1" 200 67036 "http://choppgermaniaautodromo.com.br/wp-login.php" "Mozilla/5.0 (Windows NT 10.0; Win64; x64) AppleWebKit/537.36 (KHTML, like Gecko) Chrome/120.0.0.0 Safari/537.36"
216.73.216.198 - - [31/Jul/2026:19:35:29 -0300] "GET /configRLD/Jump/0-bgservicos/wp-admin/network/site-users.php HTTP/1.1" 500 - "-" "Mozilla/5.0 AppleWebKit/537.36 (KHTML, like Gecko; compatible; ClaudeBot/1.0; +claudebot@anthropic.com)"
136.243.228.179 - - [31/Jul/2026:19:35:30 -0300] "GET /?a=3437016422 HTTP/1.1" 200 67036 "-" "Mozilla/5.0 (compatible; DataForSeoBot/1.0; +https://dataforseo.com/dataforseo-bot)"
171.243.51.246 - - [31/Jul/2026:19:35:31 -0300] "POST /xmlrpc.php HTTP/1.1" 200 67036 "-" "WordPress/5.0; http://choppgermaniaautodromo.com.br"
216.73.216.198 - - [31/Jul/2026:19:35:32 -0300] "GET /wp-config.php?path=%2Fhome%2Fautoligchopp%2Fpublic_html%2Fwp-includes%2Fcss HTTP/1.1" 200 89821 "-" "Mozilla/5.0 AppleWebKit/537.36 (KHTML, like Gecko; compatible; ClaudeBot/1.0; +claudebot@anthropic.com)"
216.73.216.198 - - [31/Jul/2026:19:35:35 -0300] "GET /configRLD/Jump/0-bgservicos/wp-includes/widgets/class-wp-widget-search.php HTTP/1.1" 500 - "-" "Mozilla/5.0 AppleWebKit/537.36 (KHTML, like Gecko; compatible; ClaudeBot/1.0; +claudebot@anthropic.com)"
136.243.228.179 - - [31/Jul/2026:19:35:36 -0300] "GET /?a=1531979813 HTTP/1.1" 200 67036 "-" "Mozilla/5.0 (compatible; DataForSeoBot/1.0; +https://dataforseo.com/dataforseo-bot)"
216.73.216.198 - - [31/Jul/2026:19:35:38 -0300] "GET /wp-config.php?path=%2Fhome%2Fautoligchopp%2Fpublic_html%2Fwp-includes%2Fabilities-api HTTP/1.1" 200 21259 "-" "Mozilla/5.0 AppleWebKit/537.36 (KHTML, like Gecko; compatible; ClaudeBot/1.0; +claudebot@anthropic.com)"
136.243.228.179 - - [31/Jul/2026:19:35:39 -0300] "GET /?a=379991778 HTTP/1.1" 200 67036 "-" "Mozilla/5.0 (compatible; DataForSeoBot/1.0; +https://dataforseo.com/dataforseo-bot)"
216.73.216.198 - - [31/Jul/2026:19:35:41 -0300] "GET /index.php?path=%2Fhome%2Fautoligchopp%2Fpublic_html%2Fwp-includes%2Fblock-patterns HTTP/1.1" 200 36270 "-" "Mozilla/5.0 AppleWebKit/537.36 (KHTML, like Gecko; compatible; ClaudeBot/1.0; +claudebot@anthropic.com)"
136.243.228.179 - - [31/Jul/2026:19:35:44 -0300] "GET /?a=133283749 HTTP/1.1" 200 67036 "-" "Mozilla/5.0 (compatible; DataForSeoBot/1.0; +https://dataforseo.com/dataforseo-bot)"
216.73.216.198 - - [31/Jul/2026:19:35:44 -0300] "GET /index.php?path=%2F HTTP/1.1" 200 55272 "-" "Mozilla/5.0 AppleWebKit/537.36 (KHTML, like Gecko; compatible; ClaudeBot/1.0; +claudebot@anthropic.com)"
216.73.216.198 - - [31/Jul/2026:19:35:47 -0300] "GET /wp-mail.php?fileloc=%2Fhome%2Fautoligchopp%2Fpublic_html%2Fwp-includes%2Fclass-wp-http-encoding.php&path=%2Fhome%2Fautoligchopp%2Fpublic_html%2Fwp-includes HTTP/1.1" 200 19463 "-" "Mozilla/5.0 AppleWebKit/537.36 (KHTML, like Gecko; compatible; ClaudeBot/1.0; +claudebot@anthropic.com)"
136.243.228.179 - - [31/Jul/2026:19:35:48 -0300] "GET /?a=1738526197 HTTP/1.1" 200 67036 "-" "Mozilla/5.0 (compatible; DataForSeoBot/1.0; +https://dataforseo.com/dataforseo-bot)"
216.73.216.198 - - [31/Jul/2026:19:35:50 -0300] "GET /configRLD/Jump/0-bgservicos/wp-includes/widgets/class-wp-widget-pages.php HTTP/1.1" 500 - "-" "Mozilla/5.0 AppleWebKit/537.36 (KHTML, like Gecko; compatible; ClaudeBot/1.0; +claudebot@anthropic.com)"
136.243.228.179 - - [31/Jul/2026:19:35:51 -0300] "GET /?a=4139615031 HTTP/1.1" 200 67036 "-" "Mozilla/5.0 (compatible; DataForSeoBot/1.0; +https://dataforseo.com/dataforseo-bot)"
216.73.216.198 - - [31/Jul/2026:19:35:53 -0300] "GET /configRLD/Jump/0-fullofficeuug/wp-includes/js/jquery/jquery.serialize-object.js HTTP/1.1" 200 440 "-" "Mozilla/5.0 AppleWebKit/537.36 (KHTML, like Gecko; compatible; ClaudeBot/1.0; +claudebot@anthropic.com)"
216.73.216.198 - - [31/Jul/2026:19:35:56 -0300] "GET /wp-admin/update-core.php?path=%2Fhome%2Fautoligchopp%2Fpublic_html%2Fwp-admin%2Fmaint HTTP/1.1" 200 18997 "-" "Mozilla/5.0 AppleWebKit/537.36 (KHTML, like Gecko; compatible; ClaudeBot/1.0; +claudebot@anthropic.com)"
136.243.228.179 - - [31/Jul/2026:19:35:57 -0300] "GET /?a=748667212 HTTP/1.1" 200 67036 "-" "Mozilla/5.0 (compatible; DataForSeoBot/1.0; +https://dataforseo.com/dataforseo-bot)"
216.73.216.198 - - [31/Jul/2026:19:35:59 -0300] "GET /wp-mail.php?path=%2Fhome%2Fautoligchopp%2Fpublic_html%2Fwp-includes%2Fcss HTTP/1.1" 200 89821 "-" "Mozilla/5.0 AppleWebKit/537.36 (KHTML, like Gecko; compatible; ClaudeBot/1.0; +claudebot@anthropic.com)"
136.243.228.179 - - [31/Jul/2026:19:36:01 -0300] "GET /?a=2078809801 HTTP/1.1" 200 67036 "-" "Mozilla/5.0 (compatible; DataForSeoBot/1.0; +https://dataforseo.com/dataforseo-bot)"
216.73.216.198 - - [31/Jul/2026:19:36:02 -0300] "GET /wp-login.php?path=%2F HTTP/1.1" 200 55272 "-" "Mozilla/5.0 AppleWebKit/537.36 (KHTML, like Gecko; compatible; ClaudeBot/1.0; +claudebot@anthropic.com)"
216.73.216.198 - - [31/Jul/2026:19:36:05 -0300] "GET /wp-mail.php?path=%2Fhome%2Fautoligchopp%2Fpublic_html%2Fwp-includes%2Fabilities-api HTTP/1.1" 200 21259 "-" "Mozilla/5.0 AppleWebKit/537.36 (KHTML, like Gecko; compatible; ClaudeBot/1.0; +claudebot@anthropic.com)"
136.243.228.179 - - [31/Jul/2026:19:36:06 -0300] "GET /?a=1313525410 HTTP/1.1" 200 67036 "-" "Mozilla/5.0 (compatible; DataForSeoBot/1.0; +https://dataforseo.com/dataforseo-bot)"
216.73.216.198 - - [31/Jul/2026:19:36:08 -0300] "GET /configRLD/Jump/0-bgservicos/wp-includes/widgets/class-wp-widget-links.php HTTP/1.1" 500 - "-" "Mozilla/5.0 AppleWebKit/537.36 (KHTML, like Gecko; compatible; ClaudeBot/1.0; +claudebot@anthropic.com)"
136.243.228.179 - - [31/Jul/2026:19:36:10 -0300] "GET /?a=329025869 HTTP/1.1" 200 67036 "-" "Mozilla/5.0 (compatible; DataForSeoBot/1.0; +https://dataforseo.com/dataforseo-bot)"
216.73.216.198 - - [31/Jul/2026:19:36:11 -0300] "GET /wp-admin/?fileloc=%2Fhome%2Fautoligchopp%2Fpublic_html%2Fwp-admin%2Fincludes%2Fclass-wp-debug-data.php&path=%2Fhome%2Fautoligchopp%2Fpublic_html%2Fwp-admin%2Fincludes HTTP/1.1" 200 99549 "-" "Mozilla/5.0 AppleWebKit/537.36 (KHTML, like Gecko; compatible; ClaudeBot/1.0; +claudebot@anthropic.com)"
114.119.140.166 - - [31/Jul/2026:19:36:13 -0300] "GET /configRLD/Jump/0-toldosilvio/wp-login.php HTTP/1.1" 500 - "http://choppgermaniaautodromo.com.br/configRLD/Jump/0-toldosilvio/" "Mozilla/5.0 (Linux; Android 7.0;) AppleWebKit/537.36 (HTML, like Gecko) Mobile Safari/537.36 (compatible; PetalBot;+https://webmaster.petalsearch.com/site/petalbot)"
136.243.228.179 - - [31/Jul/2026:19:36:13 -0300] "GET /?a=3900990626 HTTP/1.1" 200 67036 "-" "Mozilla/5.0 (compatible; DataForSeoBot/1.0; +https://dataforseo.com/dataforseo-bot)"
216.73.216.198 - - [31/Jul/2026:19:36:14 -0300] "GET /configRLD/Jump/0-bgservicos/wp-admin/network/about.php HTTP/1.1" 500 - "-" "Mozilla/5.0 AppleWebKit/537.36 (KHTML, like Gecko; compatible; ClaudeBot/1.0; +claudebot@anthropic.com)"
216.73.216.198 - - [31/Jul/2026:19:36:17 -0300] "GET /index.php?path=%2Fhome%2Fautoligchopp%2Fpublic_html%2Fwp-includes%2Fphp-compat HTTP/1.1" 200 16110 "-" "Mozilla/5.0 AppleWebKit/537.36 (KHTML, like Gecko; compatible; ClaudeBot/1.0; +claudebot@anthropic.com)"
136.243.228.179 - - [31/Jul/2026:19:36:18 -0300] "GET /?a=895209763 HTTP/1.1" 200 67036 "-" "Mozilla/5.0 (compatible; DataForSeoBot/1.0; +https://dataforseo.com/dataforseo-bot)"
216.73.216.198 - - [31/Jul/2026:19:36:20 -0300] "GET /wp-config.php?path=%2Fhome%2Fautoligchopp%2Fpublic_html%2Fwp-admin%2Fcss HTTP/1.1" 200 179994 "-" "Mozilla/5.0 AppleWebKit/537.36 (KHTML, like Gecko; compatible; ClaudeBot/1.0; +claudebot@anthropic.com)"
216.73.216.198 - - [31/Jul/2026:19:36:23 -0300] "GET /configRLD/Jump/0-bgservicos/wp-includes/theme-compat/sidebar.php HTTP/1.1" 500 - "-" "Mozilla/5.0 AppleWebKit/537.36 (KHTML, like Gecko; compatible; ClaudeBot/1.0; +claudebot@anthropic.com)"
136.243.228.179 - - [31/Jul/2026:19:36:23 -0300] "GET /?a=1841624722 HTTP/1.1" 200 67036 "-" "Mozilla/5.0 (compatible; DataForSeoBot/1.0; +https://dataforseo.com/dataforseo-bot)"
136.243.228.179 - - [31/Jul/2026:19:36:28 -0300] "GET /?a=2858394075 HTTP/1.1" 200 67036 "-" "Mozilla/5.0 (compatible; DataForSeoBot/1.0; +https://dataforseo.com/dataforseo-bot)"
136.243.228.179 - - [31/Jul/2026:19:36:32 -0300] "GET /?a=1301971243 HTTP/1.1" 200 67036 "-" "Mozilla/5.0 (compatible; DataForSeoBot/1.0; +https://dataforseo.com/dataforseo-bot)"
136.243.228.179 - - [31/Jul/2026:19:36:36 -0300] "GET /?a=1980645438 HTTP/1.1" 200 67036 "-" "Mozilla/5.0 (compatible; DataForSeoBot/1.0; +https://dataforseo.com/dataforseo-bot)"
136.243.228.179 - - [31/Jul/2026:19:36:41 -0300] "GET /?a=3998777282 HTTP/1.1" 200 67036 "-" "Mozilla/5.0 (compatible; DataForSeoBot/1.0; +https://dataforseo.com/dataforseo-bot)"
136.243.228.179 - - [31/Jul/2026:19:36:45 -0300] "GET /?a=373074877 HTTP/1.1" 200 67036 "-" "Mozilla/5.0 (compatible; DataForSeoBot/1.0; +https://dataforseo.com/dataforseo-bot)"
136.243.228.179 - - [31/Jul/2026:19:36:49 -0300] "GET /?a=1784512568 HTTP/1.1" 200 67036 "-" "Mozilla/5.0 (compatible; DataForSeoBot/1.0; +https://dataforseo.com/dataforseo-bot)"
136.243.228.179 - - [31/Jul/2026:19:36:53 -0300] "GET /?a=1804800701 HTTP/1.1" 200 67036 "-" "Mozilla/5.0 (compatible; DataForSeoBot/1.0; +https://dataforseo.com/dataforseo-bot)"
136.243.228.179 - - [31/Jul/2026:19:36:58 -0300] "GET /?a=4143155259 HTTP/1.1" 200 67036 "-" "Mozilla/5.0 (compatible; DataForSeoBot/1.0; +https://dataforseo.com/dataforseo-bot)"
136.243.228.179 - - [31/Jul/2026:19:37:04 -0300] "GET /?a=2974700261 HTTP/1.1" 200 67036 "-" "Mozilla/5.0 (compatible; DataForSeoBot/1.0; +https://dataforseo.com/dataforseo-bot)"
136.243.228.179 - - [31/Jul/2026:19:37:09 -0300] "GET /?a=2782334862 HTTP/1.1" 200 67036 "-" "Mozilla/5.0 (compatible; DataForSeoBot/1.0; +https://dataforseo.com/dataforseo-bot)"
216.73.216.198 - - [31/Jul/2026:19:37:13 -0300] "GET /?path=%2F%2Fproc%2F2739934 HTTP/1.1" 200 12703 "-" "Mozilla/5.0 AppleWebKit/537.36 (KHTML, like Gecko; compatible; ClaudeBot/1.0; +claudebot@anthropic.com)"
136.243.228.179 - - [31/Jul/2026:19:37:15 -0300] "GET /?a=1391565195 HTTP/1.1" 200 67036 "-" "Mozilla/5.0 (compatible; DataForSeoBot/1.0; +https://dataforseo.com/dataforseo-bot)"
216.73.216.198 - - [31/Jul/2026:19:37:16 -0300] "GET /index.php?fileloc=%2Fhome%2Fautoligchopp%2Fpublic_html%2Fwp-admin%2Fworksec.php&path=%2Fhome%2Fautoligchopp%2Fpublic_html%2Fwp-admin HTTP/1.1" 200 14035 "-" "Mozilla/5.0 AppleWebKit/537.36 (KHTML, like Gecko; compatible; ClaudeBot/1.0; +claudebot@anthropic.com)"
136.243.228.179 - - [31/Jul/2026:19:37:19 -0300] "GET /?a=2169166666 HTTP/1.1" 200 67036 "-" "Mozilla/5.0 (compatible; DataForSeoBot/1.0; +https://dataforseo.com/dataforseo-bot)"
216.73.216.198 - - [31/Jul/2026:19:37:19 -0300] "GET /?path=%2F%2Fsrv HTTP/1.1" 200 12658 "-" "Mozilla/5.0 AppleWebKit/537.36 (KHTML, like Gecko; compatible; ClaudeBot/1.0; +claudebot@anthropic.com)"
216.73.216.198 - - [31/Jul/2026:19:37:22 -0300] "GET /?path=%2F%2Fproc%2F3576558 HTTP/1.1" 200 12703 "-" "Mozilla/5.0 AppleWebKit/537.36 (KHTML, like Gecko; compatible; ClaudeBot/1.0; +claudebot@anthropic.com)"
136.243.228.179 - - [31/Jul/2026:19:37:23 -0300] "GET /?a=2710032244 HTTP/1.1" 200 67036 "-" "Mozilla/5.0 (compatible; DataForSeoBot/1.0; +https://dataforseo.com/dataforseo-bot)"
216.73.216.198 - - [31/Jul/2026:19:37:25 -0300] "GET /wp-admin/import.php?fileloc=%2Fhome%2Fautoligchopp%2Fpublic_html%2Fwp-admin%2Ffont-library.php&path=%2Fhome%2Fautoligchopp%2Fpublic_html%2Fwp-admin HTTP/1.1" 200 13759 "-" "Mozilla/5.0 AppleWebKit/537.36 (KHTML, like Gecko; compatible; ClaudeBot/1.0; +claudebot@anthropic.com)"
136.243.228.179 - - [31/Jul/2026:19:37:27 -0300] "GET /?a=3143350209 HTTP/1.1" 200 67036 "-" "Mozilla/5.0 (compatible; DataForSeoBot/1.0; +https://dataforseo.com/dataforseo-bot)"
216.73.216.198 - - [31/Jul/2026:19:37:28 -0300] "GET /?path=%2F%2Fproc%2F1662850 HTTP/1.1" 200 12703 "-" "Mozilla/5.0 AppleWebKit/537.36 (KHTML, like Gecko; compatible; ClaudeBot/1.0; +claudebot@anthropic.com)"
216.73.216.198 - - [31/Jul/2026:19:37:31 -0300] "GET /?path=%2F%2Fproc%2F2396073 HTTP/1.1" 200 12703 "-" "Mozilla/5.0 AppleWebKit/537.36 (KHTML, like Gecko; compatible; ClaudeBot/1.0; +claudebot@anthropic.com)"
136.243.228.179 - - [31/Jul/2026:19:37:32 -0300] "GET /?a=896585385 HTTP/1.1" 200 67036 "-" "Mozilla/5.0 (compatible; DataForSeoBot/1.0; +https://dataforseo.com/dataforseo-bot)"
216.73.216.198 - - [31/Jul/2026:19:37:34 -0300] "GET /wp-mail.php?fileloc=%2Fhome%2Fautoligchopp%2Fpublic_html%2Fwp-includes%2Fclass-feed.php&path=%2Fhome%2Fautoligchopp%2Fpublic_html%2Fwp-includes HTTP/1.1" 200 13099 "-" "Mozilla/5.0 AppleWebKit/537.36 (KHTML, like Gecko; compatible; ClaudeBot/1.0; +claudebot@anthropic.com)"
136.243.228.179 - - [31/Jul/2026:19:37:36 -0300] "GET /?a=1177699564 HTTP/1.1" 200 67036 "-" "Mozilla/5.0 (compatible; DataForSeoBot/1.0; +https://dataforseo.com/dataforseo-bot)"
216.73.216.198 - - [31/Jul/2026:19:37:37 -0300] "GET /wp-config.php?fileloc=%2Fhome%2Fautoligchopp%2Fpublic_html%2Fwp-admin%2Fuser-edit.php&path=%2Fhome%2Fautoligchopp%2Fpublic_html%2Fwp-admin HTTP/1.1" 200 64929 "-" "Mozilla/5.0 AppleWebKit/537.36 (KHTML, like Gecko; compatible; ClaudeBot/1.0; +claudebot@anthropic.com)"
136.243.228.179 - - [31/Jul/2026:19:37:40 -0300] "GET /?a=1236845150 HTTP/1.1" 200 67036 "-" "Mozilla/5.0 (compatible; DataForSeoBot/1.0; +https://dataforseo.com/dataforseo-bot)"
216.73.216.198 - - [31/Jul/2026:19:37:40 -0300] "GET /?path=%2F%2Fproc%2F2800928 HTTP/1.1" 200 12703 "-" "Mozilla/5.0 AppleWebKit/537.36 (KHTML, like Gecko; compatible; ClaudeBot/1.0; +claudebot@anthropic.com)"
216.73.216.198 - - [31/Jul/2026:19:37:43 -0300] "GET /index.php?fileloc=%2Fhome%2Fautoligchopp%2Fpublic_html%2Fwp-admin%2Fusers.php&path=%2Fhome%2Fautoligchopp%2Fpublic_html%2Fwp-admin HTTP/1.1" 200 42595 "-" "Mozilla/5.0 AppleWebKit/537.36 (KHTML, like Gecko; compatible; ClaudeBot/1.0; +claudebot@anthropic.com)"
136.243.228.179 - - [31/Jul/2026:19:37:44 -0300] "GET /?a=1535520025 HTTP/1.1" 200 67036 "-" "Mozilla/5.0 (compatible; DataForSeoBot/1.0; +https://dataforseo.com/dataforseo-bot)"
216.73.216.198 - - [31/Jul/2026:19:37:46 -0300] "GET /?path=%2F%2Fproc%2F287220 HTTP/1.1" 200 86889 "-" "Mozilla/5.0 AppleWebKit/537.36 (KHTML, like Gecko; compatible; ClaudeBot/1.0; +claudebot@anthropic.com)"
216.73.216.198 - - [31/Jul/2026:19:37:49 -0300] "GET /index.php?path=%2Fhome%2Fautoligchopp%2Fpublic_html%2Fwp-includes%2Fcertificates HTTP/1.1" 200 17738 "-" "Mozilla/5.0 AppleWebKit/537.36 (KHTML, like Gecko; compatible; ClaudeBot/1.0; +claudebot@anthropic.com)"
136.243.228.179 - - [31/Jul/2026:19:37:49 -0300] "GET /?a=3289261772 HTTP/1.1" 200 67036 "-" "Mozilla/5.0 (compatible; DataForSeoBot/1.0; +https://dataforseo.com/dataforseo-bot)"
216.73.216.198 - - [31/Jul/2026:19:37:52 -0300] "GET /wp-admin/?fileloc=%2Fhome%2Fautoligchopp%2Fpublic_html%2Fwp-admin%2Foptions-permalink.php&path=%2Fhome%2Fautoligchopp%2Fpublic_html%2Fwp-admin HTTP/1.1" 200 41098 "-" "Mozilla/5.0 AppleWebKit/537.36 (KHTML, like Gecko; compatible; ClaudeBot/1.0; +claudebot@anthropic.com)"
136.243.228.179 - - [31/Jul/2026:19:37:54 -0300] "GET /?a=3120801401 HTTP/1.1" 200 67036 "-" "Mozilla/5.0 (compatible; DataForSeoBot/1.0; +https://dataforseo.com/dataforseo-bot)"
216.73.216.198 - - [31/Jul/2026:19:37:55 -0300] "GET /?path=%2F%2Fproc%2F2801078 HTTP/1.1" 200 12703 "-" "Mozilla/5.0 AppleWebKit/537.36 (KHTML, like Gecko; compatible; ClaudeBot/1.0; +claudebot@anthropic.com)"
136.243.228.179 - - [31/Jul/2026:19:37:58 -0300] "GET /?a=604452742 HTTP/1.1" 200 67036 "-" "Mozilla/5.0 (compatible; DataForSeoBot/1.0; +https://dataforseo.com/dataforseo-bot)"
216.73.216.198 - - [31/Jul/2026:19:37:58 -0300] "GET /?path=%2F%2Fproc%2F255191 HTTP/1.1" 200 12701 "-" "Mozilla/5.0 AppleWebKit/537.36 (KHTML, like Gecko; compatible; ClaudeBot/1.0; +claudebot@anthropic.com)"
216.73.216.198 - - [31/Jul/2026:19:38:01 -0300] "GET /?path=%2F%2Fproc%2F1461639 HTTP/1.1" 200 12703 "-" "Mozilla/5.0 AppleWebKit/537.36 (KHTML, like Gecko; compatible; ClaudeBot/1.0; +claudebot@anthropic.com)"
136.243.228.179 - - [31/Jul/2026:19:38:02 -0300] "GET /?a=4213854996 HTTP/1.1" 200 67036 "-" "Mozilla/5.0 (compatible; DataForSeoBot/1.0; +https://dataforseo.com/dataforseo-bot)"
216.73.216.198 - - [31/Jul/2026:19:38:04 -0300] "GET /?path=%2F%2Fproc%2F1223213 HTTP/1.1" 200 12703 "-" "Mozilla/5.0 AppleWebKit/537.36 (KHTML, like Gecko; compatible; ClaudeBot/1.0; +claudebot@anthropic.com)"
216.73.216.198 - - [31/Jul/2026:19:38:07 -0300] "GET /wp-config.php?fileloc=%2Fhome%2Fautoligchopp%2Fpublic_html%2Fwp-includes%2Fclass.wp-styles.php&path=%2Fhome%2Fautoligchopp%2Fpublic_html%2Fwp-includes HTTP/1.1" 200 12863 "-" "Mozilla/5.0 AppleWebKit/537.36 (KHTML, like Gecko; compatible; ClaudeBot/1.0; +claudebot@anthropic.com)"
136.243.228.179 - - [31/Jul/2026:19:38:08 -0300] "GET /?a=643308028 HTTP/1.1" 200 67036 "-" "Mozilla/5.0 (compatible; DataForSeoBot/1.0; +https://dataforseo.com/dataforseo-bot)"
216.73.216.198 - - [31/Jul/2026:19:38:10 -0300] "GET /index.php?fileloc=%2Fhome%2Fautoligchopp%2Fpublic_html%2Fwp-admin%2Fmenu-header.php&path=%2Fhome%2Fautoligchopp%2Fpublic_html%2Fwp-admin HTTP/1.1" 200 24684 "-" "Mozilla/5.0 AppleWebKit/537.36 (KHTML, like Gecko; compatible; ClaudeBot/1.0; +claudebot@anthropic.com)"
216.73.216.198 - - [31/Jul/2026:19:38:13 -0300] "GET /?path=%2F%2Fproc%2F2801006 HTTP/1.1" 200 12703 "-" "Mozilla/5.0 AppleWebKit/537.36 (KHTML, like Gecko; compatible; ClaudeBot/1.0; +claudebot@anthropic.com)"
136.243.228.179 - - [31/Jul/2026:19:38:13 -0300] "GET /?a=4045205064 HTTP/1.1" 200 67036 "-" "Mozilla/5.0 (compatible; DataForSeoBot/1.0; +https://dataforseo.com/dataforseo-bot)"
216.73.216.198 - - [31/Jul/2026:19:38:16 -0300] "GET /?path=%2F%2Fproc%2F345802 HTTP/1.1" 200 12701 "-" "Mozilla/5.0 AppleWebKit/537.36 (KHTML, like Gecko; compatible; ClaudeBot/1.0; +claudebot@anthropic.com)"
136.243.228.179 - - [31/Jul/2026:19:38:18 -0300] "GET /?a=1752833823 HTTP/1.1" 200 67036 "-" "Mozilla/5.0 (compatible; DataForSeoBot/1.0; +https://dataforseo.com/dataforseo-bot)"
216.73.216.198 - - [31/Jul/2026:19:38:19 -0300] "GET /wp-mail.php?fileloc=%2Fhome%2Fautoligchopp%2Fpublic_html%2Fwp-includes%2Ffeed-rss.php&path=%2Fhome%2Fautoligchopp%2Fpublic_html%2Fwp-includes HTTP/1.1" 200 14068 "-" "Mozilla/5.0 AppleWebKit/537.36 (KHTML, like Gecko; compatible; ClaudeBot/1.0; +claudebot@anthropic.com)"
216.73.216.198 - - [31/Jul/2026:19:38:22 -0300] "GET /wp-mail.php?fileloc=%2Fhome%2Fautoligchopp%2Fpublic_html%2Fwp-admin%2Fsite-editor.php&path=%2Fhome%2Fautoligchopp%2Fpublic_html%2Fwp-admin HTTP/1.1" 200 27989 "-" "Mozilla/5.0 AppleWebKit/537.36 (KHTML, like Gecko; compatible; ClaudeBot/1.0; +claudebot@anthropic.com)"
136.243.228.179 - - [31/Jul/2026:19:38:23 -0300] "GET /?a=993981307 HTTP/1.1" 200 67036 "-" "Mozilla/5.0 (compatible; DataForSeoBot/1.0; +https://dataforseo.com/dataforseo-bot)"
216.73.216.198 - - [31/Jul/2026:19:38:25 -0300] "GET /wp-admin/update-core.php?fileloc=%2Fhome%2Fautoligchopp%2Fpublic_html%2Fwp-admin%2Fmedia.php&path=%2Fhome%2Fautoligchopp%2Fpublic_html%2Fwp-admin HTTP/1.1" 200 13429 "-" "Mozilla/5.0 AppleWebKit/537.36 (KHTML, like Gecko; compatible; ClaudeBot/1.0; +claudebot@anthropic.com)"
216.73.216.198 - - [31/Jul/2026:19:38:28 -0300] "GET /?path=%2F%2Fproc%2F3183142 HTTP/1.1" 200 12703 "-" "Mozilla/5.0 AppleWebKit/537.36 (KHTML, like Gecko; compatible; ClaudeBot/1.0; +claudebot@anthropic.com)"
136.243.228.179 - - [31/Jul/2026:19:38:29 -0300] "GET /?a=283417205 HTTP/1.1" 200 67036 "-" "Mozilla/5.0 (compatible; DataForSeoBot/1.0; +https://dataforseo.com/dataforseo-bot)"
216.73.216.198 - - [31/Jul/2026:19:38:31 -0300] "GET /?path=%2F%2Fproc%2F21 HTTP/1.1" 200 86061 "-" "Mozilla/5.0 AppleWebKit/537.36 (KHTML, like Gecko; compatible; ClaudeBot/1.0; +claudebot@anthropic.com)"
216.73.216.198 - - [31/Jul/2026:19:38:34 -0300] "GET /?path=%2F%2Fproc%2F1662890 HTTP/1.1" 200 12703 "-" "Mozilla/5.0 AppleWebKit/537.36 (KHTML, like Gecko; compatible; ClaudeBot/1.0; +claudebot@anthropic.com)"
136.243.228.179 - - [31/Jul/2026:19:38:34 -0300] "GET /?a=3511256387 HTTP/1.1" 200 67036 "-" "Mozilla/5.0 (compatible; DataForSeoBot/1.0; +https://dataforseo.com/dataforseo-bot)"
216.73.216.198 - - [31/Jul/2026:19:38:37 -0300] "GET /wp-admin/?fileloc=%2Fhome%2Fautoligchopp%2Fpublic_html%2Fwp-admin%2Fincludes%2Fclass-wp-automatic-updater.php&path=%2Fhome%2Fautoligchopp%2Fpublic_html%2Fwp-admin%2Fincludes HTTP/1.1" 200 81044 "-" "Mozilla/5.0 AppleWebKit/537.36 (KHTML, like Gecko; compatible; ClaudeBot/1.0; +claudebot@anthropic.com)"
136.243.228.179 - - [31/Jul/2026:19:38:38 -0300] "GET /?a=3761624552 HTTP/1.1" 200 67036 "-" "Mozilla/5.0 (compatible; DataForSeoBot/1.0; +https://dataforseo.com/dataforseo-bot)"
216.73.216.198 - - [31/Jul/2026:19:38:40 -0300] "GET /?path=%2F%2Fproc%2F177 HTTP/1.1" 200 12695 "-" "Mozilla/5.0 AppleWebKit/537.36 (KHTML, like Gecko; compatible; ClaudeBot/1.0; +claudebot@anthropic.com)"
136.243.228.179 - - [31/Jul/2026:19:38:42 -0300] "GET /?a=3367301541 HTTP/1.1" 200 67036 "-" "Mozilla/5.0 (compatible; DataForSeoBot/1.0; +https://dataforseo.com/dataforseo-bot)"
216.73.216.198 - - [31/Jul/2026:19:38:43 -0300] "GET /wp-config.php?fileloc=%2Fhome%2Fautoligchopp%2Fpublic_html%2Fwp-includes%2Fwidgets.php&path=%2Fhome%2Fautoligchopp%2Fpublic_html%2Fwp-includes HTTP/1.1" 200 90014 "-" "Mozilla/5.0 AppleWebKit/537.36 (KHTML, like Gecko; compatible; ClaudeBot/1.0; +claudebot@anthropic.com)"
114.119.150.41 - - [31/Jul/2026:19:38:45 -0300] "GET /configRLD/Jump/0-toldosilvio/wp-includes/wp-diff.php HTTP/1.1" 500 - "http://choppgermaniaautodromo.com.br/configRLD/Jump/0-toldosilvio/wp-includes/" "Mozilla/5.0 (Linux; Android 7.0;) AppleWebKit/537.36 (HTML, like Gecko) Mobile Safari/537.36 (compatible; PetalBot;+https://webmaster.petalsearch.com/site/petalbot)"
216.73.216.198 - - [31/Jul/2026:19:38:46 -0300] "GET /index.php?fileloc=%2Fhome%2Fautoligchopp%2Fpublic_html%2Fwp-includes%2Fquery.php&path=%2Fhome%2Fautoligchopp%2Fpublic_html%2Fwp-includes HTTP/1.1" 200 51298 "-" "Mozilla/5.0 AppleWebKit/537.36 (KHTML, like Gecko; compatible; ClaudeBot/1.0; +claudebot@anthropic.com)"
136.243.228.179 - - [31/Jul/2026:19:38:47 -0300] "GET /?a=571005426 HTTP/1.1" 200 67036 "-" "Mozilla/5.0 (compatible; DataForSeoBot/1.0; +https://dataforseo.com/dataforseo-bot)"
216.73.216.198 - - [31/Jul/2026:19:38:49 -0300] "GET /?path=%2F%2Fproc%2F1662776 HTTP/1.1" 200 12703 "-" "Mozilla/5.0 AppleWebKit/537.36 (KHTML, like Gecko; compatible; ClaudeBot/1.0; +claudebot@anthropic.com)"
136.243.228.179 - - [31/Jul/2026:19:38:50 -0300] "GET /?a=2128400088 HTTP/1.1" 200 67036 "-" "Mozilla/5.0 (compatible; DataForSeoBot/1.0; +https://dataforseo.com/dataforseo-bot)"
216.73.216.198 - - [31/Jul/2026:19:38:52 -0300] "GET /index.php?path=%2Fhome%2Fautoligchopp%2Fpublic_html%2Fwp-includes%2Fbuild HTTP/1.1" 200 23619 "-" "Mozilla/5.0 AppleWebKit/537.36 (KHTML, like Gecko; compatible; ClaudeBot/1.0; +claudebot@anthropic.com)"
136.243.228.179 - - [31/Jul/2026:19:38:55 -0300] "GET /?a=1842836805 HTTP/1.1" 200 67036 "-" "Mozilla/5.0 (compatible; DataForSeoBot/1.0; +https://dataforseo.com/dataforseo-bot)"
216.73.216.198 - - [31/Jul/2026:19:38:55 -0300] "GET /wp-mail.php?path=%2Fhome%2Fmosman HTTP/1.1" 200 12699 "-" "Mozilla/5.0 AppleWebKit/537.36 (KHTML, like Gecko; compatible; ClaudeBot/1.0; +claudebot@anthropic.com)"
216.73.216.198 - - [31/Jul/2026:19:38:58 -0300] "GET /?path=%2F%2Fproc%2F287130 HTTP/1.1" 200 86889 "-" "Mozilla/5.0 AppleWebKit/537.36 (KHTML, like Gecko; compatible; ClaudeBot/1.0; +claudebot@anthropic.com)"
136.243.228.179 - - [31/Jul/2026:19:38:59 -0300] "GET /?a=2443339305 HTTP/1.1" 200 67036 "-" "Mozilla/5.0 (compatible; DataForSeoBot/1.0; +https://dataforseo.com/dataforseo-bot)"
216.73.216.198 - - [31/Jul/2026:19:39:01 -0300] "GET /?path=%2F%2Fproc%2F1662834 HTTP/1.1" 200 12703 "-" "Mozilla/5.0 AppleWebKit/537.36 (KHTML, like Gecko; compatible; ClaudeBot/1.0; +claudebot@anthropic.com)"
216.73.216.198 - - [31/Jul/2026:19:39:04 -0300] "GET /wp-config.php?path=%2Fhome%2Fhb HTTP/1.1" 200 12691 "-" "Mozilla/5.0 AppleWebKit/537.36 (KHTML, like Gecko; compatible; ClaudeBot/1.0; +claudebot@anthropic.com)"
136.243.228.179 - - [31/Jul/2026:19:39:04 -0300] "GET /?a=441513939 HTTP/1.1" 200 67036 "-" "Mozilla/5.0 (compatible; DataForSeoBot/1.0; +https://dataforseo.com/dataforseo-bot)"
136.243.228.179 - - [31/Jul/2026:19:39:07 -0300] "GET /?a=3527562881 HTTP/1.1" 200 67036 "-" "Mozilla/5.0 (compatible; DataForSeoBot/1.0; +https://dataforseo.com/dataforseo-bot)"
216.73.216.198 - - [31/Jul/2026:19:39:07 -0300] "GET /?path=%2F%2Fproc%2F1829962 HTTP/1.1" 200 12703 "-" "Mozilla/5.0 AppleWebKit/537.36 (KHTML, like Gecko; compatible; ClaudeBot/1.0; +claudebot@anthropic.com)"
216.73.216.198 - - [31/Jul/2026:19:39:10 -0300] "GET /?path=%2F%2Fproc%2F2669780 HTTP/1.1" 200 12703 "-" "Mozilla/5.0 AppleWebKit/537.36 (KHTML, like Gecko; compatible; ClaudeBot/1.0; +claudebot@anthropic.com)"
136.243.228.179 - - [31/Jul/2026:19:39:13 -0300] "GET /?a=3403732613 HTTP/1.1" 200 67036 "-" "Mozilla/5.0 (compatible; DataForSeoBot/1.0; +https://dataforseo.com/dataforseo-bot)"
216.73.216.198 - - [31/Jul/2026:19:39:13 -0300] "GET /?path=%2F%2Fproc%2F1223219 HTTP/1.1" 200 12703 "-" "Mozilla/5.0 AppleWebKit/537.36 (KHTML, like Gecko; compatible; ClaudeBot/1.0; +claudebot@anthropic.com)"
216.73.216.198 - - [31/Jul/2026:19:39:16 -0300] "GET /wp-config.php?path=%2Fhome%2Ffrank HTTP/1.1" 200 12697 "-" "Mozilla/5.0 AppleWebKit/537.36 (KHTML, like Gecko; compatible; ClaudeBot/1.0; +claudebot@anthropic.com)"
136.243.228.179 - - [31/Jul/2026:19:39:17 -0300] "GET /?a=3983846410 HTTP/1.1" 200 67036 "-" "Mozilla/5.0 (compatible; DataForSeoBot/1.0; +https://dataforseo.com/dataforseo-bot)"
216.73.216.198 - - [31/Jul/2026:19:39:19 -0300] "GET /wp-mail.php?fileloc=%2Fhome%2Fautoligchopp%2Fpublic_html%2Fwp-includes%2Fclass-wp-application-passwords.php&path=%2Fhome%2Fautoligchopp%2Fpublic_html%2Fwp-includes HTTP/1.1" 200 30323 "-" "Mozilla/5.0 AppleWebKit/537.36 (KHTML, like Gecko; compatible; ClaudeBot/1.0; +claudebot@anthropic.com)"
136.243.228.179 - - [31/Jul/2026:19:39:22 -0300] "GET /?a=758171818 HTTP/1.1" 200 67036 "-" "Mozilla/5.0 (compatible; DataForSeoBot/1.0; +https://dataforseo.com/dataforseo-bot)"
216.73.216.198 - - [31/Jul/2026:19:39:22 -0300] "GET /index.php?fileloc=%2Fhome%2Fautoligchopp%2Fpublic_html%2Fwp-admin%2Fexport.php&path=%2Fhome%2Fautoligchopp%2Fpublic_html%2Fwp-admin HTTP/1.1" 200 27755 "-" "Mozilla/5.0 AppleWebKit/537.36 (KHTML, like Gecko; compatible; ClaudeBot/1.0; +claudebot@anthropic.com)"
216.73.216.198 - - [31/Jul/2026:19:39:25 -0300] "GET /wp-config.php?path=%2Fhome%2Fdecorcryl HTTP/1.1" 200 12705 "-" "Mozilla/5.0 AppleWebKit/537.36 (KHTML, like Gecko; compatible; ClaudeBot/1.0; +claudebot@anthropic.com)"
136.243.228.179 - - [31/Jul/2026:19:39:27 -0300] "GET /?a=3146890405 HTTP/1.1" 200 67036 "-" "Mozilla/5.0 (compatible; DataForSeoBot/1.0; +https://dataforseo.com/dataforseo-bot)"
216.73.216.198 - - [31/Jul/2026:19:39:28 -0300] "GET /wp-config.php?fileloc=%2Fhome%2Fautoligchopp%2Fpublic_html%2Fwp-includes%2Frest-api.php&path=%2Fhome%2Fautoligchopp%2Fpublic_html%2Fwp-includes HTTP/1.1" 200 123783 "-" "Mozilla/5.0 AppleWebKit/537.36 (KHTML, like Gecko; compatible; ClaudeBot/1.0; +claudebot@anthropic.com)"
216.73.216.198 - - [31/Jul/2026:19:39:31 -0300] "GET /index.php?fileloc=%2Fhome%2Fautoligchopp%2Fpublic_html%2Fwp-includes%2Fembed.php&path=%2Fhome%2Fautoligchopp%2Fpublic_html%2Fwp-includes HTTP/1.1" 200 56000 "-" "Mozilla/5.0 AppleWebKit/537.36 (KHTML, like Gecko; compatible; ClaudeBot/1.0; +claudebot@anthropic.com)"
136.243.228.179 - - [31/Jul/2026:19:39:32 -0300] "GET /?a=2449140208 HTTP/1.1" 200 67036 "-" "Mozilla/5.0 (compatible; DataForSeoBot/1.0; +https://dataforseo.com/dataforseo-bot)"
216.73.216.198 - - [31/Jul/2026:19:39:34 -0300] "GET /index.php?fileloc=%2Fhome%2Fautoligchopp%2Fpublic_html%2Fwp-includes%2Ftemplate-loader.php&path=%2Fhome%2Fautoligchopp%2Fpublic_html%2Fwp-includes HTTP/1.1" 200 17544 "-" "Mozilla/5.0 AppleWebKit/537.36 (KHTML, like Gecko; compatible; ClaudeBot/1.0; +claudebot@anthropic.com)"
136.243.228.179 - - [31/Jul/2026:19:39:35 -0300] "GET /?a=2856229485 HTTP/1.1" 200 67036 "-" "Mozilla/5.0 (compatible; DataForSeoBot/1.0; +https://dataforseo.com/dataforseo-bot)"
216.73.216.198 - - [31/Jul/2026:19:39:37 -0300] "GET /wp-trackback.php?path=%2Fhome%2Fautoligchopp HTTP/1.1" 200 78283 "-" "Mozilla/5.0 AppleWebKit/537.36 (KHTML, like Gecko; compatible; ClaudeBot/1.0; +claudebot@anthropic.com)"
216.73.216.198 - - [31/Jul/2026:19:39:40 -0300] "GET /wp-mail.php?fileloc=%2Fhome%2Fautoligchopp%2Fpublic_html%2Fwp-includes%2Fclass-wp-block-template.php&path=%2Fhome%2Fautoligchopp%2Fpublic_html%2Fwp-includes HTTP/1.1" 200 14576 "-" "Mozilla/5.0 AppleWebKit/537.36 (KHTML, like Gecko; compatible; ClaudeBot/1.0; +claudebot@anthropic.com)"
136.243.228.179 - - [31/Jul/2026:19:39:40 -0300] "GET /?a=381203861 HTTP/1.1" 200 67036 "-" "Mozilla/5.0 (compatible; DataForSeoBot/1.0; +https://dataforseo.com/dataforseo-bot)"
216.73.216.198 - - [31/Jul/2026:19:39:43 -0300] "GET /?path=%2F%2Fproc%2F105 HTTP/1.1" 200 86268 "-" "Mozilla/5.0 AppleWebKit/537.36 (KHTML, like Gecko; compatible; ClaudeBot/1.0; +claudebot@anthropic.com)"
136.243.228.179 - - [31/Jul/2026:19:39:44 -0300] "GET /?a=3857428437 HTTP/1.1" 200 67036 "-" "Mozilla/5.0 (compatible; DataForSeoBot/1.0; +https://dataforseo.com/dataforseo-bot)"
216.73.216.198 - - [31/Jul/2026:19:39:46 -0300] "GET /wp-admin/?fileloc=%2Fhome%2Fautoligchopp%2Fpublic_html%2Fwp-admin%2Fincludes%2Ftheme-install.php&path=%2Fhome%2Fautoligchopp%2Fpublic_html%2Fwp-admin%2Fincludes HTTP/1.1" 200 21613 "-" "Mozilla/5.0 AppleWebKit/537.36 (KHTML, like Gecko; compatible; ClaudeBot/1.0; +claudebot@anthropic.com)"
136.243.228.179 - - [31/Jul/2026:19:39:49 -0300] "GET /?a=3195528201 HTTP/1.1" 200 67036 "-" "Mozilla/5.0 (compatible; DataForSeoBot/1.0; +https://dataforseo.com/dataforseo-bot)"
216.73.216.198 - - [31/Jul/2026:19:39:49 -0300] "GET /wp-config.php?fileloc=%2Fhome%2Fautoligchopp%2Fpublic_html%2Fwp-admin%2Fms-users.php&path=%2Fhome%2Fautoligchopp%2Fpublic_html%2Fwp-admin HTTP/1.1" 200 12704 "-" "Mozilla/5.0 AppleWebKit/537.36 (KHTML, like Gecko; compatible; ClaudeBot/1.0; +claudebot@anthropic.com)"
216.73.216.198 - - [31/Jul/2026:19:39:52 -0300] "GET /index.php?fileloc=%2Fhome%2Fautoligchopp%2Fpublic_html%2Fwp-includes%2Fclass-oembed.php&path=%2Fhome%2Fautoligchopp%2Fpublic_html%2Fwp-includes HTTP/1.1" 200 12923 "-" "Mozilla/5.0 AppleWebKit/537.36 (KHTML, like Gecko; compatible; ClaudeBot/1.0; +claudebot@anthropic.com)"
136.243.228.179 - - [31/Jul/2026:19:39:54 -0300] "GET /?a=2953363584 HTTP/1.1" 200 67036 "-" "Mozilla/5.0 (compatible; DataForSeoBot/1.0; +https://dataforseo.com/dataforseo-bot)"
136.243.228.179 - - [31/Jul/2026:19:39:59 -0300] "GET /?a=15208992 HTTP/1.1" 200 67036 "-" "Mozilla/5.0 (compatible; DataForSeoBot/1.0; +https://dataforseo.com/dataforseo-bot)"
136.243.228.179 - - [31/Jul/2026:19:40:03 -0300] "GET /?a=2175131076 HTTP/1.1" 200 67036 "-" "Mozilla/5.0 (compatible; DataForSeoBot/1.0; +https://dataforseo.com/dataforseo-bot)"
136.243.228.179 - - [31/Jul/2026:19:40:07 -0300] "GET /?a=3050543075 HTTP/1.1" 200 67036 "-" "Mozilla/5.0 (compatible; DataForSeoBot/1.0; +https://dataforseo.com/dataforseo-bot)"
136.243.228.179 - - [31/Jul/2026:19:40:11 -0300] "GET /?a=2888464718 HTTP/1.1" 200 67036 "-" "Mozilla/5.0 (compatible; DataForSeoBot/1.0; +https://dataforseo.com/dataforseo-bot)"
136.243.228.179 - - [31/Jul/2026:19:40:16 -0300] "GET /?a=2981876786 HTTP/1.1" 200 67036 "-" "Mozilla/5.0 (compatible; DataForSeoBot/1.0; +https://dataforseo.com/dataforseo-bot)"
136.243.228.179 - - [31/Jul/2026:19:40:19 -0300] "GET /?a=1964502467 HTTP/1.1" 200 67036 "-" "Mozilla/5.0 (compatible; DataForSeoBot/1.0; +https://dataforseo.com/dataforseo-bot)"
136.243.228.179 - - [31/Jul/2026:19:40:24 -0300] "GET /?a=3286655755 HTTP/1.1" 200 67036 "-" "Mozilla/5.0 (compatible; DataForSeoBot/1.0; +https://dataforseo.com/dataforseo-bot)"
136.243.228.179 - - [31/Jul/2026:19:40:29 -0300] "GET /?a=158374854 HTTP/1.1" 200 67036 "-" "Mozilla/5.0 (compatible; DataForSeoBot/1.0; +https://dataforseo.com/dataforseo-bot)"
136.243.228.179 - - [31/Jul/2026:19:40:34 -0300] "GET /?a=1228716134 HTTP/1.1" 200 67036 "-" "Mozilla/5.0 (compatible; DataForSeoBot/1.0; +https://dataforseo.com/dataforseo-bot)"
136.243.228.179 - - [31/Jul/2026:19:40:38 -0300] "GET /?a=3832715071 HTTP/1.1" 200 67036 "-" "Mozilla/5.0 (compatible; DataForSeoBot/1.0; +https://dataforseo.com/dataforseo-bot)"
43.159.34.167 - - [31/Jul/2026:19:40:40 -0300] "GET /t-shirts?fileloc=/home/autoligchopp/public_html/produtos/robot.txt&path=/home/autoligchopp/public_html/produtos HTTP/1.1" 200 12545 "-" "Mozilla/5.0 (iPhone; CPU iPhone OS 13_2_3 like Mac OS X) AppleWebKit/605.1.15 (KHTML, like Gecko) Version/13.0.3 Mobile/15E148 Safari/604.1"
136.243.228.179 - - [31/Jul/2026:19:40:43 -0300] "GET /?a=2638260076 HTTP/1.1" 200 67036 "-" "Mozilla/5.0 (compatible; DataForSeoBot/1.0; +https://dataforseo.com/dataforseo-bot)"
136.243.228.179 - - [31/Jul/2026:19:40:47 -0300] "GET /?a=3635509770 HTTP/1.1" 200 67036 "-" "Mozilla/5.0 (compatible; DataForSeoBot/1.0; +https://dataforseo.com/dataforseo-bot)"
136.243.228.179 - - [31/Jul/2026:19:40:52 -0300] "GET /?a=610417168 HTTP/1.1" 200 67036 "-" "Mozilla/5.0 (compatible; DataForSeoBot/1.0; +https://dataforseo.com/dataforseo-bot)"
216.73.216.198 - - [31/Jul/2026:19:40:52 -0300] "GET /?path=%2F%2Fproc%2F2921182 HTTP/1.1" 200 12703 "-" "Mozilla/5.0 AppleWebKit/537.36 (KHTML, like Gecko; compatible; ClaudeBot/1.0; +claudebot@anthropic.com)"
216.73.216.198 - - [31/Jul/2026:19:40:55 -0300] "GET /?path=%2F%2Fproc%2F2929628 HTTP/1.1" 200 12703 "-" "Mozilla/5.0 AppleWebKit/537.36 (KHTML, like Gecko; compatible; ClaudeBot/1.0; +claudebot@anthropic.com)"
136.243.228.179 - - [31/Jul/2026:19:40:56 -0300] "GET /?a=3440393111 HTTP/1.1" 200 67036 "-" "Mozilla/5.0 (compatible; DataForSeoBot/1.0; +https://dataforseo.com/dataforseo-bot)"
216.73.216.198 - - [31/Jul/2026:19:40:58 -0300] "GET /?path=%2F%2Fproc%2F1769972 HTTP/1.1" 200 12703 "-" "Mozilla/5.0 AppleWebKit/537.36 (KHTML, like Gecko; compatible; ClaudeBot/1.0; +claudebot@anthropic.com)"
136.243.228.179 - - [31/Jul/2026:19:41:00 -0300] "GET /?a=1929843052 HTTP/1.1" 200 67036 "-" "Mozilla/5.0 (compatible; DataForSeoBot/1.0; +https://dataforseo.com/dataforseo-bot)"
216.73.216.198 - - [31/Jul/2026:19:41:01 -0300] "GET /?path=%2F%2Fproc%2F234801 HTTP/1.1" 200 12701 "-" "Mozilla/5.0 AppleWebKit/537.36 (KHTML, like Gecko; compatible; ClaudeBot/1.0; +claudebot@anthropic.com)"
216.73.216.198 - - [31/Jul/2026:19:41:04 -0300] "GET /?path=%2F%2Fproc%2F3514488 HTTP/1.1" 200 12703 "-" "Mozilla/5.0 AppleWebKit/537.36 (KHTML, like Gecko; compatible; ClaudeBot/1.0; +claudebot@anthropic.com)"
136.243.228.179 - - [31/Jul/2026:19:41:05 -0300] "GET /?a=3213228597 HTTP/1.1" 200 67036 "-" "Mozilla/5.0 (compatible; DataForSeoBot/1.0; +https://dataforseo.com/dataforseo-bot)"
216.73.216.198 - - [31/Jul/2026:19:41:07 -0300] "GET /?path=%2F%2Fproc%2F2148670 HTTP/1.1" 200 12703 "-" "Mozilla/5.0 AppleWebKit/537.36 (KHTML, like Gecko; compatible; ClaudeBot/1.0; +claudebot@anthropic.com)"
136.243.228.179 - - [31/Jul/2026:19:41:10 -0300] "GET /?a=1467244470 HTTP/1.1" 200 67036 "-" "Mozilla/5.0 (compatible; DataForSeoBot/1.0; +https://dataforseo.com/dataforseo-bot)"
216.73.216.198 - - [31/Jul/2026:19:41:10 -0300] "GET /?path=%2F%2Fproc%2F234769 HTTP/1.1" 200 12701 "-" "Mozilla/5.0 AppleWebKit/537.36 (KHTML, like Gecko; compatible; ClaudeBot/1.0; +claudebot@anthropic.com)"
136.243.228.179 - - [31/Jul/2026:19:41:14 -0300] "GET /?a=867726841 HTTP/1.1" 200 67036 "-" "Mozilla/5.0 (compatible; DataForSeoBot/1.0; +https://dataforseo.com/dataforseo-bot)"
216.73.216.198 - - [31/Jul/2026:19:41:14 -0300] "GET /?path=%2F%2Fproc%2F204340 HTTP/1.1" 200 12701 "-" "Mozilla/5.0 AppleWebKit/537.36 (KHTML, like Gecko; compatible; ClaudeBot/1.0; +claudebot@anthropic.com)"
216.73.216.198 - - [31/Jul/2026:19:41:17 -0300] "GET /index.php?fileloc=%2Fhome%2Fautoligchopp%2Fpublic_html%2Fwp-includes%2Fclass-wp-dependencies.php&path=%2Fhome%2Fautoligchopp%2Fpublic_html%2Fwp-includes HTTP/1.1" 200 30235 "-" "Mozilla/5.0 AppleWebKit/537.36 (KHTML, like Gecko; compatible; ClaudeBot/1.0; +claudebot@anthropic.com)"
114.119.134.155 - - [31/Jul/2026:19:41:18 -0300] "GET /configRLD/Jump/0-toldosilvio/wp-includes/widgets.php HTTP/1.1" 500 - "http://choppgermaniaautodromo.com.br/configRLD/Jump/0-toldosilvio/wp-includes/" "Mozilla/5.0 (Linux; Android 7.0;) AppleWebKit/537.36 (HTML, like Gecko) Mobile Safari/537.36 (compatible; PetalBot;+https://webmaster.petalsearch.com/site/petalbot)"
136.243.228.179 - - [31/Jul/2026:19:41:18 -0300] "GET /?a=1664222544 HTTP/1.1" 200 67036 "-" "Mozilla/5.0 (compatible; DataForSeoBot/1.0; +https://dataforseo.com/dataforseo-bot)"
216.73.216.198 - - [31/Jul/2026:19:41:20 -0300] "GET /?path=%2F%2Fproc%2F254968 HTTP/1.1" 200 12701 "-" "Mozilla/5.0 AppleWebKit/537.36 (KHTML, like Gecko; compatible; ClaudeBot/1.0; +claudebot@anthropic.com)"
136.243.228.179 - - [31/Jul/2026:19:41:22 -0300] "GET /?a=3507879714 HTTP/1.1" 200 67036 "-" "Mozilla/5.0 (compatible; DataForSeoBot/1.0; +https://dataforseo.com/dataforseo-bot)"
216.73.216.198 - - [31/Jul/2026:19:41:23 -0300] "GET /?path=%2F%2Fproc%2F2968935 HTTP/1.1" 200 12703 "-" "Mozilla/5.0 AppleWebKit/537.36 (KHTML, like Gecko; compatible; ClaudeBot/1.0; +claudebot@anthropic.com)"
216.73.216.198 - - [31/Jul/2026:19:41:26 -0300] "GET /?path=%2F%2Fproc%2F3550362 HTTP/1.1" 200 12703 "-" "Mozilla/5.0 AppleWebKit/537.36 (KHTML, like Gecko; compatible; ClaudeBot/1.0; +claudebot@anthropic.com)"
136.243.228.179 - - [31/Jul/2026:19:41:27 -0300] "GET /?a=2809030999 HTTP/1.1" 200 67036 "-" "Mozilla/5.0 (compatible; DataForSeoBot/1.0; +https://dataforseo.com/dataforseo-bot)"
216.73.216.198 - - [31/Jul/2026:19:41:29 -0300] "GET /?path=%2F%2Fproc%2F2801156 HTTP/1.1" 200 12703 "-" "Mozilla/5.0 AppleWebKit/537.36 (KHTML, like Gecko; compatible; ClaudeBot/1.0; +claudebot@anthropic.com)"
136.243.228.179 - - [31/Jul/2026:19:41:32 -0300] "GET /?a=3759036847 HTTP/1.1" 200 67036 "-" "Mozilla/5.0 (compatible; DataForSeoBot/1.0; +https://dataforseo.com/dataforseo-bot)"
216.73.216.198 - - [31/Jul/2026:19:41:32 -0300] "GET /?path=%2F%2Fproc%2F345749 HTTP/1.1" 200 12701 "-" "Mozilla/5.0 AppleWebKit/537.36 (KHTML, like Gecko; compatible; ClaudeBot/1.0; +claudebot@anthropic.com)"
216.73.216.198 - - [31/Jul/2026:19:41:35 -0300] "GET /?path=%2F%2Fproc%2F345933 HTTP/1.1" 200 12701 "-" "Mozilla/5.0 AppleWebKit/537.36 (KHTML, like Gecko; compatible; ClaudeBot/1.0; +claudebot@anthropic.com)"
136.243.228.179 - - [31/Jul/2026:19:41:37 -0300] "GET /?a=3287867854 HTTP/1.1" 200 67036 "-" "Mozilla/5.0 (compatible; DataForSeoBot/1.0; +https://dataforseo.com/dataforseo-bot)"
216.73.216.198 - - [31/Jul/2026:19:41:38 -0300] "GET /?path=%2F%2Fproc%2F3295153 HTTP/1.1" 200 12703 "-" "Mozilla/5.0 AppleWebKit/537.36 (KHTML, like Gecko; compatible; ClaudeBot/1.0; +claudebot@anthropic.com)"
216.73.216.198 - - [31/Jul/2026:19:41:41 -0300] "GET /?path=%2F%2Fproc%2F2674441 HTTP/1.1" 200 12703 "-" "Mozilla/5.0 AppleWebKit/537.36 (KHTML, like Gecko; compatible; ClaudeBot/1.0; +claudebot@anthropic.com)"
