216.73.216.198 - - [31/Jul/2026:23:20:43 -0300] "GET /?a=2376300692 HTTP/1.1" 200 67036 "-" "Mozilla/5.0 AppleWebKit/537.36 (KHTML, like Gecko; compatible; ClaudeBot/1.0; +claudebot@anthropic.com)"
216.73.216.198 - - [31/Jul/2026:23:20:46 -0300] "GET /?a=3844994272 HTTP/1.1" 200 67036 "-" "Mozilla/5.0 AppleWebKit/537.36 (KHTML, like Gecko; compatible; ClaudeBot/1.0; +claudebot@anthropic.com)"
216.73.216.198 - - [31/Jul/2026:23:20:49 -0300] "GET /?a=2009545589 HTTP/1.1" 200 67036 "-" "Mozilla/5.0 AppleWebKit/537.36 (KHTML, like Gecko; compatible; ClaudeBot/1.0; +claudebot@anthropic.com)"
216.73.216.198 - - [31/Jul/2026:23:20:52 -0300] "GET /?lokasie=%2Fusr%2Finclude%2Fasm%2Fswab.h&loknya=%2Fusr%2Finclude%2Fasm HTTP/1.1" 200 67036 "-" "Mozilla/5.0 AppleWebKit/537.36 (KHTML, like Gecko; compatible; ClaudeBot/1.0; +claudebot@anthropic.com)"
216.73.216.198 - - [31/Jul/2026:23:20:55 -0300] "GET /?a=2288375588 HTTP/1.1" 200 67036 "-" "Mozilla/5.0 AppleWebKit/537.36 (KHTML, like Gecko; compatible; ClaudeBot/1.0; +claudebot@anthropic.com)"
216.73.216.198 - - [31/Jul/2026:23:20:58 -0300] "GET /?a=2434541479 HTTP/1.1" 200 67036 "-" "Mozilla/5.0 AppleWebKit/537.36 (KHTML, like Gecko; compatible; ClaudeBot/1.0; +claudebot@anthropic.com)"
216.73.216.198 - - [31/Jul/2026:23:21:01 -0300] "GET /wp-trackback.php?lokasie=%2Fsys%2Fkernel%2Fslab%2Ftw_sock_TCP%2Fctor&loknya=%2Fsys%2Fkernel%2Fslab%2Ftw_sock_TCP HTTP/1.1" 200 67036 "-" "Mozilla/5.0 AppleWebKit/537.36 (KHTML, like Gecko; compatible; ClaudeBot/1.0; +claudebot@anthropic.com)"
216.73.216.198 - - [31/Jul/2026:23:21:04 -0300] "GET /?lokasie=%2Fusr%2Ftmp%2FwpcqM3APN&loknya=%2Fusr%2Ftmp HTTP/1.1" 200 67036 "-" "Mozilla/5.0 AppleWebKit/537.36 (KHTML, like Gecko; compatible; ClaudeBot/1.0; +claudebot@anthropic.com)"
216.73.216.198 - - [31/Jul/2026:23:21:07 -0300] "GET /?lokasie=%2Fusr%2Ftmp%2Fs-cmd6a579aef2c23f.sh&loknya=%2Fusr%2Ftmp HTTP/1.1" 200 67036 "-" "Mozilla/5.0 AppleWebKit/537.36 (KHTML, like Gecko; compatible; ClaudeBot/1.0; +claudebot@anthropic.com)"
216.73.216.198 - - [31/Jul/2026:23:21:10 -0300] "GET /?loknya=%2Fproc%2F287225%2Ftask%2F287225 HTTP/1.1" 200 67036 "-" "Mozilla/5.0 AppleWebKit/537.36 (KHTML, like Gecko; compatible; ClaudeBot/1.0; +claudebot@anthropic.com)"
216.73.216.198 - - [31/Jul/2026:23:21:15 -0300] "GET /wp-blog-header.php?loknya=%2Fhome%2Fautoligchopp%2Fpublic_html%2Fwp-content%2Fplugins%2Fkpervmwxlh-1 HTTP/1.1" 200 67036 "-" "Mozilla/5.0 AppleWebKit/537.36 (KHTML, like Gecko; compatible; ClaudeBot/1.0; +claudebot@anthropic.com)"
43.159.128.247 - - [31/Jul/2026:23:21:17 -0300] "GET /?fileloc=/home/autoligchopp/public_html/ng.php&path=/home/autoligchopp/public_html HTTP/1.1" 200 155581 "-" "Mozilla/5.0 (iPhone; CPU iPhone OS 13_2_3 like Mac OS X) AppleWebKit/605.1.15 (KHTML, like Gecko) Version/13.0.3 Mobile/15E148 Safari/604.1"
216.73.216.198 - - [31/Jul/2026:23:21:19 -0300] "GET /index.php?lokasie=%2Fhome%2Fautoligchopp%2Fpublic_html%2Fwp-includes%2Fclass-wp-site.php&loknya=%2Fhome%2Fautoligchopp%2Fpublic_html%2Fwp-includes HTTP/1.1" 200 67036 "-" "Mozilla/5.0 AppleWebKit/537.36 (KHTML, like Gecko; compatible; ClaudeBot/1.0; +claudebot@anthropic.com)"
216.73.216.198 - - [31/Jul/2026:23:21:22 -0300] "GET /?a=2982160377 HTTP/1.1" 200 67036 "-" "Mozilla/5.0 AppleWebKit/537.36 (KHTML, like Gecko; compatible; ClaudeBot/1.0; +claudebot@anthropic.com)"
216.73.216.198 - - [31/Jul/2026:23:21:25 -0300] "GET /?a=2819805672 HTTP/1.1" 200 67036 "-" "Mozilla/5.0 AppleWebKit/537.36 (KHTML, like Gecko; compatible; ClaudeBot/1.0; +claudebot@anthropic.com)"
216.73.216.198 - - [31/Jul/2026:23:21:28 -0300] "GET /?a=2328423835 HTTP/1.1" 200 67036 "-" "Mozilla/5.0 AppleWebKit/537.36 (KHTML, like Gecko; compatible; ClaudeBot/1.0; +claudebot@anthropic.com)"
216.73.216.198 - - [31/Jul/2026:23:21:31 -0300] "GET /?lokasie=%2Fusr%2Flib%2Fpython3.9%2Fsite-packages%2Fpyparsing-2.4.7.dist-info%2FINSTALLER&loknya=%2Fusr%2Flib%2Fpython3.9%2Fsite-packages%2Fpyparsing-2.4.7.dist-info HTTP/1.1" 200 67036 "-" "Mozilla/5.0 AppleWebKit/537.36 (KHTML, like Gecko; compatible; ClaudeBot/1.0; +claudebot@anthropic.com)"
216.73.216.198 - - [31/Jul/2026:23:21:34 -0300] "GET /?a=954560511 HTTP/1.1" 200 67036 "-" "Mozilla/5.0 AppleWebKit/537.36 (KHTML, like Gecko; compatible; ClaudeBot/1.0; +claudebot@anthropic.com)"
216.73.216.198 - - [31/Jul/2026:23:21:37 -0300] "GET /?lokasie=%2Fusr%2Ftmp%2FwpcBYd4fG&loknya=%2Fusr%2Ftmp HTTP/1.1" 200 67036 "-" "Mozilla/5.0 AppleWebKit/537.36 (KHTML, like Gecko; compatible; ClaudeBot/1.0; +claudebot@anthropic.com)"
216.73.216.198 - - [31/Jul/2026:23:21:41 -0300] "GET /index.php?lokasie=%2Fproc%2F138%2Fmem&loknya=%2Fproc%2F138 HTTP/1.1" 200 67036 "-" "Mozilla/5.0 AppleWebKit/537.36 (KHTML, like Gecko; compatible; ClaudeBot/1.0; +claudebot@anthropic.com)"
216.73.216.198 - - [31/Jul/2026:23:21:43 -0300] "GET /?lokasie=%2Fproc%2Fsys%2Ffs%2F%2Fpipe-user-pages-hard&loknya=%2Fproc%2Fsys%2Ffs%2F HTTP/1.1" 200 67036 "-" "Mozilla/5.0 AppleWebKit/537.36 (KHTML, like Gecko; compatible; ClaudeBot/1.0; +claudebot@anthropic.com)"
216.73.216.198 - - [31/Jul/2026:23:21:47 -0300] "GET /wp-config.php?lokasie=%2Fproc%2F810058%2Fschedstat&loknya=%2Fproc%2F810058 HTTP/1.1" 200 67036 "-" "Mozilla/5.0 AppleWebKit/537.36 (KHTML, like Gecko; compatible; ClaudeBot/1.0; +claudebot@anthropic.com)"
216.73.216.198 - - [31/Jul/2026:23:21:49 -0300] "GET /index.php?lokasie=%2Fproc%2F758355%2Fgid_map&loknya=%2Fproc%2F758355 HTTP/1.1" 200 67036 "-" "Mozilla/5.0 AppleWebKit/537.36 (KHTML, like Gecko; compatible; ClaudeBot/1.0; +claudebot@anthropic.com)"
216.73.216.198 - - [31/Jul/2026:23:21:52 -0300] "GET /wp-config.php?lokasie=%2Fproc%2F46%2Foom_score_adj&loknya=%2Fproc%2F46 HTTP/1.1" 200 67036 "-" "Mozilla/5.0 AppleWebKit/537.36 (KHTML, like Gecko; compatible; ClaudeBot/1.0; +claudebot@anthropic.com)"
216.73.216.198 - - [31/Jul/2026:23:21:56 -0300] "GET /index.php?lokasie=%2Fproc%2F1862303%2Fcpu_resctrl_groups&loknya=%2Fproc%2F1862303 HTTP/1.1" 200 67036 "-" "Mozilla/5.0 AppleWebKit/537.36 (KHTML, like Gecko; compatible; ClaudeBot/1.0; +claudebot@anthropic.com)"
216.73.216.198 - - [31/Jul/2026:23:21:58 -0300] "GET /wp-config.php?lokasie=%2Fbin%2Fgst-stats-1.0&loknya=%2Fbin HTTP/1.1" 200 67036 "-" "Mozilla/5.0 AppleWebKit/537.36 (KHTML, like Gecko; compatible; ClaudeBot/1.0; +claudebot@anthropic.com)"
216.73.216.198 - - [31/Jul/2026:23:22:01 -0300] "GET /index.php?lokasie=%2Fproc%2F3190222%2Flimits&loknya=%2Fproc%2F3190222 HTTP/1.1" 200 67036 "-" "Mozilla/5.0 AppleWebKit/537.36 (KHTML, like Gecko; compatible; ClaudeBot/1.0; +claudebot@anthropic.com)"
216.73.216.198 - - [31/Jul/2026:23:22:04 -0300] "GET /?lokasie=%2Fvar%2Ftmp%2FwpcqsUhXq&loknya=%2Fvar%2Ftmp HTTP/1.1" 200 67036 "-" "Mozilla/5.0 AppleWebKit/537.36 (KHTML, like Gecko; compatible; ClaudeBot/1.0; +claudebot@anthropic.com)"
216.73.216.198 - - [31/Jul/2026:23:22:08 -0300] "GET /index.php?lokasie=%2Fproc%2F2090859%2Fstatm&loknya=%2Fproc%2F2090859 HTTP/1.1" 200 67036 "-" "Mozilla/5.0 AppleWebKit/537.36 (KHTML, like Gecko; compatible; ClaudeBot/1.0; +claudebot@anthropic.com)"
216.73.216.198 - - [31/Jul/2026:23:22:10 -0300] "GET /wp-config.php?lokasie=%2Fbin%2Fnl-rule-list&loknya=%2Fbin HTTP/1.1" 200 67036 "-" "Mozilla/5.0 AppleWebKit/537.36 (KHTML, like Gecko; compatible; ClaudeBot/1.0; +claudebot@anthropic.com)"
216.73.216.198 - - [31/Jul/2026:23:22:14 -0300] "GET /index.php?lokasie=%2Fproc%2F1652242%2Fuid_map&loknya=%2Fproc%2F1652242 HTTP/1.1" 200 67036 "-" "Mozilla/5.0 AppleWebKit/537.36 (KHTML, like Gecko; compatible; ClaudeBot/1.0; +claudebot@anthropic.com)"
216.73.216.198 - - [31/Jul/2026:23:22:16 -0300] "GET /index.php?lokasie=%2Fproc%2F6%2Fnuma_maps&loknya=%2Fproc%2F6 HTTP/1.1" 200 67036 "-" "Mozilla/5.0 AppleWebKit/537.36 (KHTML, like Gecko; compatible; ClaudeBot/1.0; +claudebot@anthropic.com)"
216.73.216.198 - - [31/Jul/2026:23:22:36 -0300] "GET /wp-trackback.php?lokasie=%2Flib64%2Fsamba%2Flibutil-reg-private-samba.so&loknya=%2Flib64%2Fsamba HTTP/1.1" 200 67036 "-" "Mozilla/5.0 AppleWebKit/537.36 (KHTML, like Gecko; compatible; ClaudeBot/1.0; +claudebot@anthropic.com)"
216.73.216.198 - - [31/Jul/2026:23:22:46 -0300] "GET /?lokasie=%2Fproc%2F516739%2Fstack&loknya=%2Fproc%2F516739 HTTP/1.1" 200 67036 "-" "Mozilla/5.0 AppleWebKit/537.36 (KHTML, like Gecko; compatible; ClaudeBot/1.0; +claudebot@anthropic.com)"
114.119.140.166 - - [31/Jul/2026:23:22:54 -0300] "GET /configRLD/Jump/0-westink/wp-includes/class-wp-image-editor-imagick.php HTTP/1.1" 500 - "http://choppgermaniaautodromo.com.br/configRLD/Jump/0-westink/wp-includes/" "Mozilla/5.0 (Linux; Android 7.0;) AppleWebKit/537.36 (HTML, like Gecko) Mobile Safari/537.36 (compatible; PetalBot;+https://webmaster.petalsearch.com/site/petalbot)"
177.85.11.246 - - [31/Jul/2026:23:22:59 -0300] "GET / HTTP/1.1" 200 67036 "-" "Mozilla/5.0 (Windows NT 10.0; Win64; x64) AppleWebKit/537.36 (KHTML, like Gecko) Chrome/120.0.0.0 Safari/537.36"
177.93.21.31 - - [31/Jul/2026:23:23:02 -0300] "GET /wp-login.php HTTP/1.1" 200 67036 "-" "Mozilla/5.0 (Windows NT 10.0; Win64; x64) AppleWebKit/537.36 (KHTML, like Gecko) Chrome/120.0.0.0 Safari/537.36"
189.202.145.28 - - [31/Jul/2026:23:23:28 -0300] "POST /wp-login.php HTTP/1.1" 200 67036 "http://choppgermaniaautodromo.com.br/wp-login.php" "Mozilla/5.0 (Windows NT 10.0; Win64; x64) AppleWebKit/537.36 (KHTML, like Gecko) Chrome/120.0.0.0 Safari/537.36"
156.255.170.65 - - [31/Jul/2026:23:23:38 -0300] "POST /wp-login.php HTTP/1.1" 200 67036 "http://choppgermaniaautodromo.com.br/wp-login.php" "Mozilla/5.0 (Windows NT 10.0; Win64; x64) AppleWebKit/537.36 (KHTML, like Gecko) Chrome/120.0.0.0 Safari/537.36"
181.94.229.188 - - [31/Jul/2026:23:23:41 -0300] "POST /xmlrpc.php HTTP/1.1" 200 67036 "-" "WordPress/5.0; http://choppgermaniaautodromo.com.br"
216.73.216.198 - - [31/Jul/2026:23:23:43 -0300] "GET /?lokasie=%2Ftmp%2FwpcCo1u6z&loknya=%2Ftmp HTTP/1.1" 200 67036 "-" "Mozilla/5.0 AppleWebKit/537.36 (KHTML, like Gecko; compatible; ClaudeBot/1.0; +claudebot@anthropic.com)"
216.73.216.198 - - [31/Jul/2026:23:23:45 -0300] "GET /?lokasie=%2Fvar%2Ftmp%2FwpcovWXy0&loknya=%2Fvar%2Ftmp HTTP/1.1" 200 67036 "-" "Mozilla/5.0 AppleWebKit/537.36 (KHTML, like Gecko; compatible; ClaudeBot/1.0; +claudebot@anthropic.com)"
216.73.216.198 - - [31/Jul/2026:23:23:48 -0300] "GET /?lokasie=%2Fproc%2F828%2Fattr%2Fsockcreate&loknya=%2Fproc%2F828%2Fattr HTTP/1.1" 200 67036 "-" "Mozilla/5.0 AppleWebKit/537.36 (KHTML, like Gecko; compatible; ClaudeBot/1.0; +claudebot@anthropic.com)"
216.73.216.198 - - [31/Jul/2026:23:23:52 -0300] "GET /configRLD/Jump/0-vortech/wp-includes/images/icon-library/brush.svg HTTP/1.1" 200 275 "-" "Mozilla/5.0 AppleWebKit/537.36 (KHTML, like Gecko; compatible; ClaudeBot/1.0; +claudebot@anthropic.com)"
216.73.216.198 - - [31/Jul/2026:23:23:55 -0300] "GET /index.php?lokasie=%2Fproc%2F2090619%2Fcomm&loknya=%2Fproc%2F2090619 HTTP/1.1" 200 67036 "-" "Mozilla/5.0 AppleWebKit/537.36 (KHTML, like Gecko; compatible; ClaudeBot/1.0; +claudebot@anthropic.com)"
216.73.216.198 - - [31/Jul/2026:23:24:12 -0300] "GET /index.php?lokasie=%2Fproc%2F1646%2Floginuid&loknya=%2Fproc%2F1646 HTTP/1.1" 200 67036 "-" "Mozilla/5.0 AppleWebKit/537.36 (KHTML, like Gecko; compatible; ClaudeBot/1.0; +claudebot@anthropic.com)"
216.73.216.198 - - [31/Jul/2026:23:24:15 -0300] "GET /configRLD/Jump/0-vortech/wp-includes/images/icon-library/megaphone.svg HTTP/1.1" 200 260 "-" "Mozilla/5.0 AppleWebKit/537.36 (KHTML, like Gecko; compatible; ClaudeBot/1.0; +claudebot@anthropic.com)"
85.215.116.2 - - [31/Jul/2026:23:24:16 -0300] "GET / HTTP/1.1" 200 67036 "-" "Mozilla/5.0 (Macintosh; Intel Mac OS X 10_15_7) AppleWebKit/537.36 (KHTML, like Gecko) Chrome/120.0.0.0 Safari/537.36"
216.73.216.198 - - [31/Jul/2026:23:24:24 -0300] "GET /configRLD/Jump/0-vortech/wp-includes/images/icon-library/post-list.svg HTTP/1.1" 200 201 "-" "Mozilla/5.0 AppleWebKit/537.36 (KHTML, like Gecko; compatible; ClaudeBot/1.0; +claudebot@anthropic.com)"
85.215.116.2 - - [31/Jul/2026:23:24:24 -0300] "POST /wp-json/batch/v1 HTTP/1.1" 200 67036 "-" "wp2shell"
85.215.116.2 - - [31/Jul/2026:23:24:43 -0300] "POST /wp-json/batch/v1 HTTP/1.1" 200 67036 "-" "wp2shell"
216.73.216.198 - - [31/Jul/2026:23:24:49 -0300] "GET /configRLD/Jump/0-glaumar/wp-includes/IXR/?C=D&O=A HTTP/1.1" 200 2648 "-" "Mozilla/5.0 AppleWebKit/537.36 (KHTML, like Gecko; compatible; ClaudeBot/1.0; +claudebot@anthropic.com)"
216.73.216.198 - - [31/Jul/2026:23:25:04 -0300] "GET /configRLD/Jump/0-glaumar/wp-includes/ID3/?C=N&O=D HTTP/1.1" 200 4152 "-" "Mozilla/5.0 AppleWebKit/537.36 (KHTML, like Gecko; compatible; ClaudeBot/1.0; +claudebot@anthropic.com)"
216.73.216.198 - - [31/Jul/2026:23:25:22 -0300] "GET /configRLD/Jump/0-lpidealineweb/83bf5a/system/?C=S&O=A HTTP/1.1" 200 751 "-" "Mozilla/5.0 AppleWebKit/537.36 (KHTML, like Gecko; compatible; ClaudeBot/1.0; +claudebot@anthropic.com)"
216.73.216.198 - - [31/Jul/2026:23:25:28 -0300] "GET /wp-config.php?lokasie=%2Fproc%2F899919%2Fuid_map&loknya=%2Fproc%2F899919 HTTP/1.1" 200 67036 "-" "Mozilla/5.0 AppleWebKit/537.36 (KHTML, like Gecko; compatible; ClaudeBot/1.0; +claudebot@anthropic.com)"
216.73.216.198 - - [31/Jul/2026:23:25:36 -0300] "GET /wp-trackback.php?lokasie=%2Fhome%2Fautoligchopp%2F%2F.imunify_patch_id&loknya=%2Fhome%2Fautoligchopp%2F HTTP/1.1" 200 67036 "-" "Mozilla/5.0 AppleWebKit/537.36 (KHTML, like Gecko; compatible; ClaudeBot/1.0; +claudebot@anthropic.com)"
216.73.216.198 - - [31/Jul/2026:23:26:35 -0300] "GET /configRLD/Jump/0-bgservicos/wp-includes/blocks/site-title/?C=M&O=A HTTP/1.1" 200 528 "-" "Mozilla/5.0 AppleWebKit/537.36 (KHTML, like Gecko; compatible; ClaudeBot/1.0; +claudebot@anthropic.com)"
216.73.216.198 - - [31/Jul/2026:23:26:44 -0300] "GET /?lokasie=%2Fproc%2F3514526%2Fstatm&loknya=%2Fproc%2F3514526 HTTP/1.1" 200 67036 "-" "Mozilla/5.0 AppleWebKit/537.36 (KHTML, like Gecko; compatible; ClaudeBot/1.0; +claudebot@anthropic.com)"
216.73.216.198 - - [31/Jul/2026:23:27:49 -0300] "GET /?lokasie=%2Fhome%2Fautoligchopp%2Fpublic_html%2Fwp-includes%2Fimages%2Fxit-2x.gif&loknya=%2Fhome%2Fautoligchopp%2Fpublic_html%2Fwp-includes%2Fimages HTTP/1.1" 200 67036 "-" "Mozilla/5.0 AppleWebKit/537.36 (KHTML, like Gecko; compatible; ClaudeBot/1.0; +claudebot@anthropic.com)"
216.73.216.198 - - [31/Jul/2026:23:39:36 -0300] "GET /?a=4221176372 HTTP/1.1" 200 67036 "-" "Mozilla/5.0 AppleWebKit/537.36 (KHTML, like Gecko; compatible; ClaudeBot/1.0; +claudebot@anthropic.com)"
216.73.216.198 - - [31/Jul/2026:23:40:02 -0300] "GET /?a=903725746 HTTP/1.1" 200 67036 "-" "Mozilla/5.0 AppleWebKit/537.36 (KHTML, like Gecko; compatible; ClaudeBot/1.0; +claudebot@anthropic.com)"
114.119.133.53 - - [31/Jul/2026:23:40:17 -0300] "GET /configRLD/Jump/0-vortechadmin/wp-admin/media-new.php HTTP/1.1" 500 - "http://choppgermaniaautodromo.com.br/configRLD/Jump/0-vortechadmin/wp-admin/" "Mozilla/5.0 (Linux; Android 7.0;) AppleWebKit/537.36 (HTML, like Gecko) Mobile Safari/537.36 (compatible; PetalBot;+https://webmaster.petalsearch.com/site/petalbot)"
43.158.91.71 - - [31/Jul/2026:23:40:33 -0300] "GET /?path=/home/autoligchopp/public_html/wp-content/ai1wm-backups HTTP/1.1" 200 22513 "-" "Mozilla/5.0 (iPhone; CPU iPhone OS 13_2_3 like Mac OS X) AppleWebKit/605.1.15 (KHTML, like Gecko) Version/13.0.3 Mobile/15E148 Safari/604.1"
216.73.216.198 - - [31/Jul/2026:23:40:44 -0300] "GET /?a=1169909053 HTTP/1.1" 200 67036 "-" "Mozilla/5.0 AppleWebKit/537.36 (KHTML, like Gecko; compatible; ClaudeBot/1.0; +claudebot@anthropic.com)"
216.73.216.198 - - [31/Jul/2026:23:41:30 -0300] "GET /?a=3358880391 HTTP/1.1" 200 67036 "-" "Mozilla/5.0 AppleWebKit/537.36 (KHTML, like Gecko; compatible; ClaudeBot/1.0; +claudebot@anthropic.com)"
216.73.216.198 - - [31/Jul/2026:23:42:01 -0300] "GET /configRLD/Jump/0-cards/wp-includes/ai-client.php HTTP/1.1" 500 - "-" "Mozilla/5.0 AppleWebKit/537.36 (KHTML, like Gecko; compatible; ClaudeBot/1.0; +claudebot@anthropic.com)"
114.119.145.8 - - [31/Jul/2026:23:42:31 -0300] "GET /configRLD/Jump/0-vortechadmin/wp-admin/images/ HTTP/1.1" 200 1966 "http://choppgermaniaautodromo.com.br/configRLD/Jump/0-vortechadmin/wp-admin/" "Mozilla/5.0 (Linux; Android 7.0;) AppleWebKit/537.36 (HTML, like Gecko) Mobile Safari/537.36 (compatible; PetalBot;+https://webmaster.petalsearch.com/site/petalbot)"
216.73.216.198 - - [31/Jul/2026:23:42:35 -0300] "GET /configRLD/Jump/0-choppautodromo/wp-includes/class-phpmailer.php HTTP/1.1" 500 - "-" "Mozilla/5.0 AppleWebKit/537.36 (KHTML, like Gecko; compatible; ClaudeBot/1.0; +claudebot@anthropic.com)"
216.73.216.198 - - [31/Jul/2026:23:43:28 -0300] "GET /configRLD/Jump/0-cards/wp-includes/blocks/video.php HTTP/1.1" 500 - "-" "Mozilla/5.0 AppleWebKit/537.36 (KHTML, like Gecko; compatible; ClaudeBot/1.0; +claudebot@anthropic.com)"
216.73.216.198 - - [31/Jul/2026:23:43:46 -0300] "GET /?a=148784818 HTTP/1.1" 200 67036 "-" "Mozilla/5.0 AppleWebKit/537.36 (KHTML, like Gecko; compatible; ClaudeBot/1.0; +claudebot@anthropic.com)"
216.73.216.198 - - [31/Jul/2026:23:44:19 -0300] "GET /?a=2642431103 HTTP/1.1" 200 67036 "-" "Mozilla/5.0 AppleWebKit/537.36 (KHTML, like Gecko; compatible; ClaudeBot/1.0; +claudebot@anthropic.com)"
216.73.216.198 - - [31/Jul/2026:23:44:33 -0300] "GET /?a=2260853024 HTTP/1.1" 200 67036 "-" "Mozilla/5.0 AppleWebKit/537.36 (KHTML, like Gecko; compatible; ClaudeBot/1.0; +claudebot@anthropic.com)"
114.119.145.8 - - [31/Jul/2026:23:44:48 -0300] "GET /configRLD/Jump/0-tonygesso/wp-content/maintenance/ HTTP/1.1" 200 2554 "http://choppgermaniaautodromo.com.br/configRLD/Jump/0-tonygesso/wp-content/" "Mozilla/5.0 (Linux; Android 7.0;) AppleWebKit/537.36 (HTML, like Gecko) Mobile Safari/537.36 (compatible; PetalBot;+https://webmaster.petalsearch.com/site/petalbot)"
216.73.216.198 - - [31/Jul/2026:23:45:04 -0300] "GET /?a=2569079909 HTTP/1.1" 200 67036 "-" "Mozilla/5.0 AppleWebKit/537.36 (KHTML, like Gecko; compatible; ClaudeBot/1.0; +claudebot@anthropic.com)"
69.63.184.10 - - [31/Jul/2026:23:45:47 -0300] "GET /robots.txt HTTP/1.1" 206 94 "-" "facebookexternalhit/1.1 (+http://www.facebook.com/externalhit_uatext.php)"
216.73.216.198 - - [31/Jul/2026:23:46:05 -0300] "GET /?a=3522377599 HTTP/1.1" 200 67036 "-" "Mozilla/5.0 AppleWebKit/537.36 (KHTML, like Gecko; compatible; ClaudeBot/1.0; +claudebot@anthropic.com)"
216.73.216.198 - - [31/Jul/2026:23:46:36 -0300] "GET /?a=4001492346 HTTP/1.1" 200 67036 "-" "Mozilla/5.0 AppleWebKit/537.36 (KHTML, like Gecko; compatible; ClaudeBot/1.0; +claudebot@anthropic.com)"
114.119.158.31 - - [31/Jul/2026:23:47:05 -0300] "GET /configRLD/Jump/0-tonygesso/wp-content/languages/pt_PT-ca28138671823450e87dfd354f7afc6b.json HTTP/1.1" 200 409 "http://choppgermaniaautodromo.com.br/configRLD/Jump/0-tonygesso/wp-content/languages/" "Mozilla/5.0 (Linux; Android 7.0;) AppleWebKit/537.36 (HTML, like Gecko) Mobile Safari/537.36 (compatible; PetalBot;+https://webmaster.petalsearch.com/site/petalbot)"
216.73.216.198 - - [31/Jul/2026:23:47:06 -0300] "GET /?a=2570292008 HTTP/1.1" 200 67036 "-" "Mozilla/5.0 AppleWebKit/537.36 (KHTML, like Gecko; compatible; ClaudeBot/1.0; +claudebot@anthropic.com)"
216.73.216.198 - - [31/Jul/2026:23:47:36 -0300] "GET /?a=772716205 HTTP/1.1" 200 67036 "-" "Mozilla/5.0 AppleWebKit/537.36 (KHTML, like Gecko; compatible; ClaudeBot/1.0; +claudebot@anthropic.com)"
216.73.216.198 - - [31/Jul/2026:23:48:08 -0300] "GET /?a=3780237620 HTTP/1.1" 200 67036 "-" "Mozilla/5.0 AppleWebKit/537.36 (KHTML, like Gecko; compatible; ClaudeBot/1.0; +claudebot@anthropic.com)"
103.147.9.228 - - [31/Jul/2026:23:48:35 -0300] "GET / HTTP/1.1" 200 67036 "-" "Mozilla/5.0 (Windows NT 10.0; Win64; x64) AppleWebKit/537.36 (KHTML, like Gecko) Chrome/120.0.0.0 Safari/537.36"
45.225.40.82 - - [31/Jul/2026:23:48:40 -0300] "GET /wp-login.php HTTP/1.1" 200 67036 "-" "Mozilla/5.0 (Windows NT 10.0; Win64; x64) AppleWebKit/537.36 (KHTML, like Gecko) Chrome/120.0.0.0 Safari/537.36"
45.225.40.82 - - [31/Jul/2026:23:48:42 -0300] "POST /wp-login.php HTTP/1.1" 200 67036 "http://choppgermaniaautodromo.com.br/wp-login.php" "Mozilla/5.0 (Windows NT 10.0; Win64; x64) AppleWebKit/537.36 (KHTML, like Gecko) Chrome/120.0.0.0 Safari/537.36"
186.50.163.126 - - [31/Jul/2026:23:48:49 -0300] "POST /wp-login.php HTTP/1.1" 200 67036 "http://choppgermaniaautodromo.com.br/wp-login.php" "Mozilla/5.0 (Windows NT 10.0; Win64; x64) AppleWebKit/537.36 (KHTML, like Gecko) Chrome/120.0.0.0 Safari/537.36"
37.76.12.159 - - [31/Jul/2026:23:48:57 -0300] "POST /wp-login.php HTTP/1.1" 200 67036 "http://choppgermaniaautodromo.com.br/wp-login.php" "Mozilla/5.0 (Windows NT 10.0; Win64; x64) AppleWebKit/537.36 (KHTML, like Gecko) Chrome/120.0.0.0 Safari/537.36"
141.179.81.43 - - [31/Jul/2026:23:48:59 -0300] "POST /xmlrpc.php HTTP/1.1" 200 67036 "-" "WordPress/5.0; http://choppgermaniaautodromo.com.br"
216.73.216.198 - - [31/Jul/2026:23:49:04 -0300] "GET /?a=2015628116 HTTP/1.1" 200 67036 "-" "Mozilla/5.0 AppleWebKit/537.36 (KHTML, like Gecko; compatible; ClaudeBot/1.0; +claudebot@anthropic.com)"
114.119.150.41 - - [31/Jul/2026:23:49:23 -0300] "GET /configRLD/Jump/0-tonygesso/wp-content/languages/pt_PT-c31d5f185753910c14afebc6deb2ce24.json HTTP/1.1" 200 22050 "http://choppgermaniaautodromo.com.br/configRLD/Jump/0-tonygesso/wp-content/languages/" "Mozilla/5.0 (Linux; Android 7.0;) AppleWebKit/537.36 (HTML, like Gecko) Mobile Safari/537.36 (compatible; PetalBot;+https://webmaster.petalsearch.com/site/petalbot)"
216.73.216.198 - - [31/Jul/2026:23:50:12 -0300] "GET /index.php?fileloc=%2Fhome%2Fautoligchopp%2Fpublic_html%2Findex.php&path=%2Fhome%2Fautoligchopp%2Fpublic_html HTTP/1.1" 200 36123 "-" "Mozilla/5.0 AppleWebKit/537.36 (KHTML, like Gecko; compatible; ClaudeBot/1.0; +claudebot@anthropic.com)"
216.73.216.198 - - [31/Jul/2026:23:50:45 -0300] "GET /?a=2919844036 HTTP/1.1" 200 67036 "-" "Mozilla/5.0 AppleWebKit/537.36 (KHTML, like Gecko; compatible; ClaudeBot/1.0; +claudebot@anthropic.com)"
216.73.216.198 - - [31/Jul/2026:23:51:16 -0300] "GET /configRLD/Jump/0-clustt08/old/wp-includes/blocks/post-content/editor.min.css HTTP/1.1" 200 87 "-" "Mozilla/5.0 AppleWebKit/537.36 (KHTML, like Gecko; compatible; ClaudeBot/1.0; +claudebot@anthropic.com)"
43.153.54.138 - - [31/Jul/2026:23:51:24 -0300] "GET /?fileloc=/home/autoligchopp/public_html/wp-content/index.php&path=/home/autoligchopp/public_html/wp-content HTTP/1.1" 200 12500 "-" "Mozilla/5.0 (iPhone; CPU iPhone OS 13_2_3 like Mac OS X) AppleWebKit/605.1.15 (KHTML, like Gecko) Version/13.0.3 Mobile/15E148 Safari/604.1"
114.119.133.53 - - [31/Jul/2026:23:51:39 -0300] "GET /configRLD/Jump/0-tonygesso/wp-content/languages/pt_PT-7b74c8457eaa7fcc50db41b431f8a003.json HTTP/1.1" 200 595 "http://choppgermaniaautodromo.com.br/configRLD/Jump/0-tonygesso/wp-content/languages/" "Mozilla/5.0 (Linux; Android 7.0;) AppleWebKit/537.36 (HTML, like Gecko) Mobile Safari/537.36 (compatible; PetalBot;+https://webmaster.petalsearch.com/site/petalbot)"
216.73.216.198 - - [31/Jul/2026:23:51:46 -0300] "GET /configRLD/Jump/0-cards/wp-includes/sitemaps/class-wp-sitemaps-provider.php HTTP/1.1" 500 - "-" "Mozilla/5.0 AppleWebKit/537.36 (KHTML, like Gecko; compatible; ClaudeBot/1.0; +claudebot@anthropic.com)"
216.73.216.198 - - [31/Jul/2026:23:52:17 -0300] "GET /?a=2918843083 HTTP/1.1" 200 67036 "-" "Mozilla/5.0 AppleWebKit/537.36 (KHTML, like Gecko; compatible; ClaudeBot/1.0; +claudebot@anthropic.com)"
216.73.216.198 - - [31/Jul/2026:23:53:19 -0300] "GET /wp-admin/update-core.php?fileloc=%2Fhome%2Fautoligchopp%2Fpublic_html%2Fwp-admin%2Fcustom-background.php&path=%2Fhome%2Fautoligchopp%2Fpublic_html%2Fwp-admin HTTP/1.1" 200 13032 "-" "Mozilla/5.0 AppleWebKit/537.36 (KHTML, like Gecko; compatible; ClaudeBot/1.0; +claudebot@anthropic.com)"
216.73.216.198 - - [31/Jul/2026:23:54:21 -0300] "GET /?path=%2F%2Fproc%2F3449779 HTTP/1.1" 200 12703 "-" "Mozilla/5.0 AppleWebKit/537.36 (KHTML, like Gecko; compatible; ClaudeBot/1.0; +claudebot@anthropic.com)"
216.73.216.198 - - [31/Jul/2026:23:54:48 -0300] "GET /wp-login.php?fileloc=%2Fhome%2Fautoligchopp%2Fpublic_html%2Fwp-includes%2Fupdate.php&path=%2Fhome%2Fautoligchopp%2Fpublic_html%2Fwp-includes HTTP/1.1" 200 55172 "-" "Mozilla/5.0 AppleWebKit/537.36 (KHTML, like Gecko; compatible; ClaudeBot/1.0; +claudebot@anthropic.com)"
216.73.216.198 - - [31/Jul/2026:23:55:50 -0300] "GET /?a=2686068027 HTTP/1.1" 200 67036 "-" "Mozilla/5.0 AppleWebKit/537.36 (KHTML, like Gecko; compatible; ClaudeBot/1.0; +claudebot@anthropic.com)"
198.244.183.177 - - [31/Jul/2026:23:57:04 -0300] "GET /sitemap.xml HTTP/1.1" 200 353578 "-" "Mozilla/5.0 (compatible; AhrefsBot/7.0; +http://ahrefs.com/robot/)"
216.73.216.198 - - [31/Jul/2026:23:57:47 -0300] "GET /?path=%2F%2Fproc%2F363732 HTTP/1.1" 200 12701 "-" "Mozilla/5.0 AppleWebKit/537.36 (KHTML, like Gecko; compatible; ClaudeBot/1.0; +claudebot@anthropic.com)"
216.73.216.198 - - [31/Jul/2026:23:58:51 -0300] "GET /?path=%2F%2Fproc%2F2570541 HTTP/1.1" 200 12703 "-" "Mozilla/5.0 AppleWebKit/537.36 (KHTML, like Gecko; compatible; ClaudeBot/1.0; +claudebot@anthropic.com)"
49.51.253.26 - - [31/Jul/2026:23:58:56 -0300] "GET /?path=/home/autoligchopp/public_html/wp-content/ewww HTTP/1.1" 200 20699 "-" "Mozilla/5.0 (iPhone; CPU iPhone OS 13_2_3 like Mac OS X) AppleWebKit/605.1.15 (KHTML, like Gecko) Version/13.0.3 Mobile/15E148 Safari/604.1"
216.73.216.198 - - [31/Jul/2026:23:59:16 -0300] "GET /?path=%2F%2Fproc%2F1461707 HTTP/1.1" 200 12703 "-" "Mozilla/5.0 AppleWebKit/537.36 (KHTML, like Gecko; compatible; ClaudeBot/1.0; +claudebot@anthropic.com)"
216.73.216.198 - - [01/Aug/2026:00:00:03 -0300] "GET /?path=%2F%2Fproc%2F1538178 HTTP/1.1" 200 12703 "-" "Mozilla/5.0 AppleWebKit/537.36 (KHTML, like Gecko; compatible; ClaudeBot/1.0; +claudebot@anthropic.com)"
216.73.216.198 - - [01/Aug/2026:00:00:33 -0300] "GET /?path=%2F%2Fproc%2F3449946 HTTP/1.1" 200 12703 "-" "Mozilla/5.0 AppleWebKit/537.36 (KHTML, like Gecko; compatible; ClaudeBot/1.0; +claudebot@anthropic.com)"
216.73.216.198 - - [01/Aug/2026:00:01:12 -0300] "GET /?path=%2F%2Fproc%2F1829916 HTTP/1.1" 200 12703 "-" "Mozilla/5.0 AppleWebKit/537.36 (KHTML, like Gecko; compatible; ClaudeBot/1.0; +claudebot@anthropic.com)"
216.73.216.198 - - [01/Aug/2026:00:01:46 -0300] "GET /configRLD/Jump/0-cards/wp-admin/css/color-picker-rtl.min.css HTTP/1.1" 200 3201 "-" "Mozilla/5.0 AppleWebKit/537.36 (KHTML, like Gecko; compatible; ClaudeBot/1.0; +claudebot@anthropic.com)"
216.73.216.198 - - [01/Aug/2026:00:02:19 -0300] "GET /?path=%2F%2Fproc%2F3576601 HTTP/1.1" 200 12703 "-" "Mozilla/5.0 AppleWebKit/537.36 (KHTML, like Gecko; compatible; ClaudeBot/1.0; +claudebot@anthropic.com)"
106.63.26.157 - - [01/Aug/2026:00:03:00 -0300] "GET / HTTP/1.1" 200 67036 "-" "Mozilla/5.0 (Macintosh; Intel Mac OS X 10_15_7) AppleWebKit/537.36 (KHTML, like Gecko) Chrome/120.0.0.0 Safari/537.36 Edg/120.0.0.0"
37.27.51.141 - - [01/Aug/2026:00:03:04 -0300] "GET /item-tag/sad/?loknya=/home/autoligchopp/ HTTP/1.1" 200 67036 "-" "Mozilla/5.0 (compatible; SERankingBacklinksBot/1.0; +https://seranking.com/backlinks-crawler)"
216.73.216.198 - - [01/Aug/2026:00:03:18 -0300] "GET /configRLD/Jump/0-clustt08/old/wp-includes/blocks/query-no-results.php HTTP/1.1" 500 - "-" "Mozilla/5.0 AppleWebKit/537.36 (KHTML, like Gecko; compatible; ClaudeBot/1.0; +claudebot@anthropic.com)"
37.27.51.141 - - [01/Aug/2026:00:03:43 -0300] "GET /item-tag/sba/?loknya=/home/autoligchopp/ HTTP/1.1" 200 67036 "-" "Mozilla/5.0 (compatible; SERankingBacklinksBot/1.0; +https://seranking.com/backlinks-crawler)"
216.73.216.198 - - [01/Aug/2026:00:03:58 -0300] "GET /wp-config.php?fileloc=%2Fhome%2Fautoligchopp%2Fpublic_html%2Fwp-includes%2Fclass-wp-site.php&path=%2Fhome%2Fautoligchopp%2Fpublic_html%2Fwp-includes HTTP/1.1" 200 20524 "-" "Mozilla/5.0 AppleWebKit/537.36 (KHTML, like Gecko; compatible; ClaudeBot/1.0; +claudebot@anthropic.com)"
216.73.216.198 - - [01/Aug/2026:00:04:29 -0300] "GET /?path=%2F%2Fproc%2F1538404 HTTP/1.1" 200 12703 "-" "Mozilla/5.0 AppleWebKit/537.36 (KHTML, like Gecko; compatible; ClaudeBot/1.0; +claudebot@anthropic.com)"
37.27.51.141 - - [01/Aug/2026:00:04:41 -0300] "GET /item-tag/tin/?loknya=/home/autoligchopp/ HTTP/1.1" 200 67036 "-" "Mozilla/5.0 (compatible; SERankingBacklinksBot/1.0; +https://seranking.com/backlinks-crawler)"
216.73.216.198 - - [01/Aug/2026:00:05:09 -0300] "GET /?path=%2F%2Fproc%2F2448607 HTTP/1.1" 200 12703 "-" "Mozilla/5.0 AppleWebKit/537.36 (KHTML, like Gecko; compatible; ClaudeBot/1.0; +claudebot@anthropic.com)"
37.27.51.141 - - [01/Aug/2026:00:05:20 -0300] "GET /item-tag/usa/?loknya=/home/autoligchopp/ HTTP/1.1" 200 67036 "-" "Mozilla/5.0 (compatible; SERankingBacklinksBot/1.0; +https://seranking.com/backlinks-crawler)"
216.73.216.198 - - [01/Aug/2026:00:05:40 -0300] "GET /?path=%2F%2Fproc%2F2108440 HTTP/1.1" 200 12703 "-" "Mozilla/5.0 AppleWebKit/537.36 (KHTML, like Gecko; compatible; ClaudeBot/1.0; +claudebot@anthropic.com)"
37.27.51.141 - - [01/Aug/2026:00:05:40 -0300] "GET /item-tag/xxx/?loknya=/home/autoligchopp/ HTTP/1.1" 200 67036 "-" "Mozilla/5.0 (compatible; SERankingBacklinksBot/1.0; +https://seranking.com/backlinks-crawler)"
216.73.216.198 - - [01/Aug/2026:00:05:43 -0300] "GET /?path=%2F%2Fproc%2F2968903 HTTP/1.1" 200 12703 "-" "Mozilla/5.0 AppleWebKit/537.36 (KHTML, like Gecko; compatible; ClaudeBot/1.0; +claudebot@anthropic.com)"
216.73.216.198 - - [01/Aug/2026:00:05:46 -0300] "GET /?path=%2F%2Fproc%2F1543882 HTTP/1.1" 200 12703 "-" "Mozilla/5.0 AppleWebKit/537.36 (KHTML, like Gecko; compatible; ClaudeBot/1.0; +claudebot@anthropic.com)"
216.73.216.198 - - [01/Aug/2026:00:05:50 -0300] "GET /index.php?a=3662764170 HTTP/1.1" 200 67036 "-" "Mozilla/5.0 AppleWebKit/537.36 (KHTML, like Gecko; compatible; ClaudeBot/1.0; +claudebot@anthropic.com)"
216.73.216.198 - - [01/Aug/2026:00:05:53 -0300] "GET /index.php?a=433990793 HTTP/1.1" 200 67036 "-" "Mozilla/5.0 AppleWebKit/537.36 (KHTML, like Gecko; compatible; ClaudeBot/1.0; +claudebot@anthropic.com)"
216.73.216.198 - - [01/Aug/2026:00:05:56 -0300] "GET /configRLD/Jump/0-cards/wp-includes/blocks/group/style.min.css HTTP/1.1" 200 117 "-" "Mozilla/5.0 AppleWebKit/537.36 (KHTML, like Gecko; compatible; ClaudeBot/1.0; +claudebot@anthropic.com)"
216.73.216.198 - - [01/Aug/2026:00:05:59 -0300] "GET /index.php?a=3607436716 HTTP/1.1" 200 67036 "-" "Mozilla/5.0 AppleWebKit/537.36 (KHTML, like Gecko; compatible; ClaudeBot/1.0; +claudebot@anthropic.com)"
216.73.216.198 - - [01/Aug/2026:00:06:02 -0300] "GET /configRLD/Jump/0-cards/wp-includes/blocks/post-navigation-link/block.json HTTP/1.1" 200 1358 "-" "Mozilla/5.0 AppleWebKit/537.36 (KHTML, like Gecko; compatible; ClaudeBot/1.0; +claudebot@anthropic.com)"
216.73.216.198 - - [01/Aug/2026:00:06:05 -0300] "GET /index.php?a=49639901 HTTP/1.1" 200 67036 "-" "Mozilla/5.0 AppleWebKit/537.36 (KHTML, like Gecko; compatible; ClaudeBot/1.0; +claudebot@anthropic.com)"
216.73.216.198 - - [01/Aug/2026:00:06:08 -0300] "GET /index.php?a=3971293049 HTTP/1.1" 200 67036 "-" "Mozilla/5.0 AppleWebKit/537.36 (KHTML, like Gecko; compatible; ClaudeBot/1.0; +claudebot@anthropic.com)"
216.73.216.198 - - [01/Aug/2026:00:06:11 -0300] "GET /index.php?a=493085702 HTTP/1.1" 200 67036 "-" "Mozilla/5.0 AppleWebKit/537.36 (KHTML, like Gecko; compatible; ClaudeBot/1.0; +claudebot@anthropic.com)"
216.73.216.198 - - [01/Aug/2026:00:06:14 -0300] "GET /configRLD/Jump/0-clustt08/old/wp-includes/blocks/footnotes/style-rtl.css HTTP/1.1" 200 328 "-" "Mozilla/5.0 AppleWebKit/537.36 (KHTML, like Gecko; compatible; ClaudeBot/1.0; +claudebot@anthropic.com)"
216.73.216.198 - - [01/Aug/2026:00:06:17 -0300] "GET /configRLD/Jump/0-bgservicos/wp-includes/blocks/navigation-submenu.php HTTP/1.1" 500 - "-" "Mozilla/5.0 AppleWebKit/537.36 (KHTML, like Gecko; compatible; ClaudeBot/1.0; +claudebot@anthropic.com)"
37.27.51.141 - - [01/Aug/2026:00:06:19 -0300] "GET /item-tag/yes/?loknya=/home/autoligchopp/ HTTP/1.1" 200 67036 "-" "Mozilla/5.0 (compatible; SERankingBacklinksBot/1.0; +https://seranking.com/backlinks-crawler)"
216.73.216.198 - - [01/Aug/2026:00:06:20 -0300] "GET /index.php?a=2136134860 HTTP/1.1" 200 67036 "-" "Mozilla/5.0 AppleWebKit/537.36 (KHTML, like Gecko; compatible; ClaudeBot/1.0; +claudebot@anthropic.com)"
216.73.216.198 - - [01/Aug/2026:00:06:23 -0300] "GET /configRLD/Jump/0-bgservicos/wp-includes/css/dist/commands/style.min.css HTTP/1.1" 200 1125 "-" "Mozilla/5.0 AppleWebKit/537.36 (KHTML, like Gecko; compatible; ClaudeBot/1.0; +claudebot@anthropic.com)"
216.73.216.198 - - [01/Aug/2026:00:06:26 -0300] "GET /configRLD/Jump/0-clustt08/old/wp-includes/blocks/widget-group/block.json HTTP/1.1" 200 374 "-" "Mozilla/5.0 AppleWebKit/537.36 (KHTML, like Gecko; compatible; ClaudeBot/1.0; +claudebot@anthropic.com)"
216.73.216.198 - - [01/Aug/2026:00:06:29 -0300] "GET /configRLD/Jump/0-cards/wp-includes/blocks/tag-cloud/style.min.css HTTP/1.1" 200 503 "-" "Mozilla/5.0 AppleWebKit/537.36 (KHTML, like Gecko; compatible; ClaudeBot/1.0; +claudebot@anthropic.com)"
216.73.216.198 - - [01/Aug/2026:00:06:32 -0300] "GET /configRLD/Jump/0-clustt08/old/wp-includes/js/customize-base.min.js HTTP/1.1" 200 7852 "-" "Mozilla/5.0 AppleWebKit/537.36 (KHTML, like Gecko; compatible; ClaudeBot/1.0; +claudebot@anthropic.com)"
216.73.216.198 - - [01/Aug/2026:00:06:35 -0300] "GET /configRLD/Jump/0-kairoscoberturas/wp-includes/revision.php HTTP/1.1" 500 - "-" "Mozilla/5.0 AppleWebKit/537.36 (KHTML, like Gecko; compatible; ClaudeBot/1.0; +claudebot@anthropic.com)"
216.73.216.198 - - [01/Aug/2026:00:06:38 -0300] "GET /configRLD/Jump/0-fullofficeuug/wp-includes/js/wp-backbone.min.js HTTP/1.1" 200 1175 "-" "Mozilla/5.0 AppleWebKit/537.36 (KHTML, like Gecko; compatible; ClaudeBot/1.0; +claudebot@anthropic.com)"
216.73.216.198 - - [01/Aug/2026:00:06:41 -0300] "GET /configRLD/Jump/0-clustt08/old/wp-includes/blocks/tag-cloud/style.css HTTP/1.1" 200 616 "-" "Mozilla/5.0 AppleWebKit/537.36 (KHTML, like Gecko; compatible; ClaudeBot/1.0; +claudebot@anthropic.com)"
216.73.216.198 - - [01/Aug/2026:00:06:44 -0300] "GET /configRLD/Jump/0-clustt08/old/wp-includes/blocks/group/style.css HTTP/1.1" 200 43 "-" "Mozilla/5.0 AppleWebKit/537.36 (KHTML, like Gecko; compatible; ClaudeBot/1.0; +claudebot@anthropic.com)"
216.73.216.198 - - [01/Aug/2026:00:06:47 -0300] "GET /configRLD/Jump/0-clustt08/old/wp-includes/blocks/home-link.php HTTP/1.1" 500 - "-" "Mozilla/5.0 AppleWebKit/537.36 (KHTML, like Gecko; compatible; ClaudeBot/1.0; +claudebot@anthropic.com)"
216.73.216.198 - - [01/Aug/2026:00:06:50 -0300] "GET /index.php?a=930852771 HTTP/1.1" 200 67036 "-" "Mozilla/5.0 AppleWebKit/537.36 (KHTML, like Gecko; compatible; ClaudeBot/1.0; +claudebot@anthropic.com)"
216.73.216.198 - - [01/Aug/2026:00:06:53 -0300] "GET /configRLD/Jump/0-kairoscoberturas/wp-includes/media.php HTTP/1.1" 500 - "-" "Mozilla/5.0 AppleWebKit/537.36 (KHTML, like Gecko; compatible; ClaudeBot/1.0; +claudebot@anthropic.com)"
216.73.216.198 - - [01/Aug/2026:00:06:56 -0300] "GET /configRLD/Jump/0-kairoscoberturas/wp-includes/class-wp-block-metadata-registry.php HTTP/1.1" 500 - "-" "Mozilla/5.0 AppleWebKit/537.36 (KHTML, like Gecko; compatible; ClaudeBot/1.0; +claudebot@anthropic.com)"
216.73.216.198 - - [01/Aug/2026:00:06:59 -0300] "GET /configRLD/Jump/0-cards/wp-includes/blocks/post-template/style-rtl.css HTTP/1.1" 200 3572 "-" "Mozilla/5.0 AppleWebKit/537.36 (KHTML, like Gecko; compatible; ClaudeBot/1.0; +claudebot@anthropic.com)"
216.73.216.198 - - [01/Aug/2026:00:07:02 -0300] "GET /configRLD/Jump/0-clustt08/old/wp-includes/blocks/separator/style.min.css HTTP/1.1" 200 333 "-" "Mozilla/5.0 AppleWebKit/537.36 (KHTML, like Gecko; compatible; ClaudeBot/1.0; +claudebot@anthropic.com)"
216.73.216.198 - - [01/Aug/2026:00:07:05 -0300] "GET /configRLD/Jump/0-fullofficeuug/wp-includes/js/wp-lists.js HTTP/1.1" 200 5409 "-" "Mozilla/5.0 AppleWebKit/537.36 (KHTML, like Gecko; compatible; ClaudeBot/1.0; +claudebot@anthropic.com)"
216.73.216.198 - - [01/Aug/2026:00:07:08 -0300] "GET /index.php?a=3179779986 HTTP/1.1" 200 67036 "-" "Mozilla/5.0 AppleWebKit/537.36 (KHTML, like Gecko; compatible; ClaudeBot/1.0; +claudebot@anthropic.com)"
216.73.216.198 - - [01/Aug/2026:00:07:11 -0300] "GET /index.php?a=224877489 HTTP/1.1" 200 67036 "-" "Mozilla/5.0 AppleWebKit/537.36 (KHTML, like Gecko; compatible; ClaudeBot/1.0; +claudebot@anthropic.com)"
216.73.216.198 - - [01/Aug/2026:00:07:14 -0300] "GET /index.php?a=196018945 HTTP/1.1" 200 67036 "-" "Mozilla/5.0 AppleWebKit/537.36 (KHTML, like Gecko; compatible; ClaudeBot/1.0; +claudebot@anthropic.com)"
216.73.216.198 - - [01/Aug/2026:00:07:17 -0300] "GET /index.php?a=3867730 HTTP/1.1" 200 67036 "-" "Mozilla/5.0 AppleWebKit/537.36 (KHTML, like Gecko; compatible; ClaudeBot/1.0; +claudebot@anthropic.com)"
216.73.216.198 - - [01/Aug/2026:00:07:20 -0300] "GET /configRLD/Jump/0-bgservicos/wp-content/plugins/ HTTP/1.1" 200 927 "-" "Mozilla/5.0 AppleWebKit/537.36 (KHTML, like Gecko; compatible; ClaudeBot/1.0; +claudebot@anthropic.com)"
216.73.216.198 - - [01/Aug/2026:00:07:23 -0300] "GET /?path=%2F%2Fproc%2F3465454 HTTP/1.1" 200 12703 "-" "Mozilla/5.0 AppleWebKit/537.36 (KHTML, like Gecko; compatible; ClaudeBot/1.0; +claudebot@anthropic.com)"
216.73.216.198 - - [01/Aug/2026:00:07:36 -0300] "GET /configRLD/Jump/0-bgservicos/wp-includes/blocks/term-count/style-rtl.css HTTP/1.1" 200 50 "-" "Mozilla/5.0 AppleWebKit/537.36 (KHTML, like Gecko; compatible; ClaudeBot/1.0; +claudebot@anthropic.com)"
216.73.216.198 - - [01/Aug/2026:00:07:39 -0300] "GET /configRLD/Jump/0-bgservicos/wp-includes/blocks/term-count/block.json HTTP/1.1" 200 1298 "-" "Mozilla/5.0 AppleWebKit/537.36 (KHTML, like Gecko; compatible; ClaudeBot/1.0; +claudebot@anthropic.com)"
216.73.216.198 - - [01/Aug/2026:00:07:42 -0300] "GET /?path=%2F%2Fproc%2F1048069 HTTP/1.1" 200 12703 "-" "Mozilla/5.0 AppleWebKit/537.36 (KHTML, like Gecko; compatible; ClaudeBot/1.0; +claudebot@anthropic.com)"
216.73.216.198 - - [01/Aug/2026:00:07:45 -0300] "GET /?path=%2F%2Fproc%2F3576769 HTTP/1.1" 200 12703 "-" "Mozilla/5.0 AppleWebKit/537.36 (KHTML, like Gecko; compatible; ClaudeBot/1.0; +claudebot@anthropic.com)"
216.73.216.198 - - [01/Aug/2026:00:07:48 -0300] "GET /?path=%2F%2Fproc%2F3288137 HTTP/1.1" 200 12703 "-" "Mozilla/5.0 AppleWebKit/537.36 (KHTML, like Gecko; compatible; ClaudeBot/1.0; +claudebot@anthropic.com)"
216.73.216.198 - - [01/Aug/2026:00:07:51 -0300] "GET /?path=%2F%2Fproc%2F1058699 HTTP/1.1" 200 12703 "-" "Mozilla/5.0 AppleWebKit/537.36 (KHTML, like Gecko; compatible; ClaudeBot/1.0; +claudebot@anthropic.com)"
216.73.216.198 - - [01/Aug/2026:00:07:54 -0300] "GET /?path=%2F%2Fproc%2F2674482 HTTP/1.1" 200 12703 "-" "Mozilla/5.0 AppleWebKit/537.36 (KHTML, like Gecko; compatible; ClaudeBot/1.0; +claudebot@anthropic.com)"
216.73.216.198 - - [01/Aug/2026:00:07:57 -0300] "GET /?path=%2F%2Fproc%2F3117653 HTTP/1.1" 200 12703 "-" "Mozilla/5.0 AppleWebKit/537.36 (KHTML, like Gecko; compatible; ClaudeBot/1.0; +claudebot@anthropic.com)"
216.73.216.198 - - [01/Aug/2026:00:08:00 -0300] "GET /?path=%2F%2Fproc%2F2559487 HTTP/1.1" 200 12703 "-" "Mozilla/5.0 AppleWebKit/537.36 (KHTML, like Gecko; compatible; ClaudeBot/1.0; +claudebot@anthropic.com)"
216.73.216.198 - - [01/Aug/2026:00:08:03 -0300] "GET /wp-blog-header.php?path=%2Fhome%2Fautoligchopp%2Fpublic_html%2Fwp-content HTTP/1.1" 200 40529 "-" "Mozilla/5.0 AppleWebKit/537.36 (KHTML, like Gecko; compatible; ClaudeBot/1.0; +claudebot@anthropic.com)"
216.73.216.198 - - [01/Aug/2026:00:08:06 -0300] "GET /?path=%2F%2Fproc%2F2350195 HTTP/1.1" 200 12703 "-" "Mozilla/5.0 AppleWebKit/537.36 (KHTML, like Gecko; compatible; ClaudeBot/1.0; +claudebot@anthropic.com)"
216.73.216.198 - - [01/Aug/2026:00:08:09 -0300] "GET /?path=%2F%2Fproc%2F1699730 HTTP/1.1" 200 12703 "-" "Mozilla/5.0 AppleWebKit/537.36 (KHTML, like Gecko; compatible; ClaudeBot/1.0; +claudebot@anthropic.com)"
216.73.216.198 - - [01/Aug/2026:00:08:12 -0300] "GET /?path=%2F%2Fproc%2F2090619 HTTP/1.1" 200 12703 "-" "Mozilla/5.0 AppleWebKit/537.36 (KHTML, like Gecko; compatible; ClaudeBot/1.0; +claudebot@anthropic.com)"
216.73.216.198 - - [01/Aug/2026:00:08:15 -0300] "GET /?path=%2F%2Fproc%2F2090762 HTTP/1.1" 200 12703 "-" "Mozilla/5.0 AppleWebKit/537.36 (KHTML, like Gecko; compatible; ClaudeBot/1.0; +claudebot@anthropic.com)"
37.27.51.141 - - [01/Aug/2026:00:08:15 -0300] "GET /item-tag/1981/?loknya=/home/autoligchopp/ HTTP/1.1" 200 67036 "-" "Mozilla/5.0 (compatible; SERankingBacklinksBot/1.0; +https://seranking.com/backlinks-crawler)"
216.73.216.198 - - [01/Aug/2026:00:08:18 -0300] "GET /?path=%2F%2Fproc%2F1464217 HTTP/1.1" 200 12703 "-" "Mozilla/5.0 AppleWebKit/537.36 (KHTML, like Gecko; compatible; ClaudeBot/1.0; +claudebot@anthropic.com)"
216.73.216.198 - - [01/Aug/2026:00:08:21 -0300] "GET /?path=%2F%2Fproc%2F3638709 HTTP/1.1" 200 12703 "-" "Mozilla/5.0 AppleWebKit/537.36 (KHTML, like Gecko; compatible; ClaudeBot/1.0; +claudebot@anthropic.com)"
216.73.216.198 - - [01/Aug/2026:00:08:30 -0300] "GET /?path=%2F%2Fproc%2F1121811 HTTP/1.1" 200 12703 "-" "Mozilla/5.0 AppleWebKit/537.36 (KHTML, like Gecko; compatible; ClaudeBot/1.0; +claudebot@anthropic.com)"
216.73.216.198 - - [01/Aug/2026:00:08:33 -0300] "GET /?path=%2F%2Fproc%2F1652116 HTTP/1.1" 200 12703 "-" "Mozilla/5.0 AppleWebKit/537.36 (KHTML, like Gecko; compatible; ClaudeBot/1.0; +claudebot@anthropic.com)"
37.27.51.141 - - [01/Aug/2026:00:08:34 -0300] "GET /mug?loknya=/home/autoligchopp/public_html HTTP/1.1" 200 67036 "-" "Mozilla/5.0 (compatible; SERankingBacklinksBot/1.0; +https://seranking.com/backlinks-crawler)"
216.73.216.198 - - [01/Aug/2026:00:08:36 -0300] "GET /?path=%2F%2Fproc%2F2254436 HTTP/1.1" 200 12703 "-" "Mozilla/5.0 AppleWebKit/537.36 (KHTML, like Gecko; compatible; ClaudeBot/1.0; +claudebot@anthropic.com)"
216.73.216.198 - - [01/Aug/2026:00:08:39 -0300] "GET /?path=%2F%2Fproc%2F179489 HTTP/1.1" 200 12701 "-" "Mozilla/5.0 AppleWebKit/537.36 (KHTML, like Gecko; compatible; ClaudeBot/1.0; +claudebot@anthropic.com)"
216.73.216.198 - - [01/Aug/2026:00:08:42 -0300] "GET /?path=%2F%2Fproc%2F3288114 HTTP/1.1" 200 12703 "-" "Mozilla/5.0 AppleWebKit/537.36 (KHTML, like Gecko; compatible; ClaudeBot/1.0; +claudebot@anthropic.com)"
216.73.216.198 - - [01/Aug/2026:00:08:45 -0300] "GET /?path=%2F%2Fproc%2F1829793 HTTP/1.1" 200 12703 "-" "Mozilla/5.0 AppleWebKit/537.36 (KHTML, like Gecko; compatible; ClaudeBot/1.0; +claudebot@anthropic.com)"
216.73.216.198 - - [01/Aug/2026:00:08:48 -0300] "GET /?path=%2F%2Fproc%2F1770056 HTTP/1.1" 200 12703 "-" "Mozilla/5.0 AppleWebKit/537.36 (KHTML, like Gecko; compatible; ClaudeBot/1.0; +claudebot@anthropic.com)"
216.73.216.198 - - [01/Aug/2026:00:08:51 -0300] "GET /?path=%2F%2Fproc%2F1770052 HTTP/1.1" 200 12703 "-" "Mozilla/5.0 AppleWebKit/537.36 (KHTML, like Gecko; compatible; ClaudeBot/1.0; +claudebot@anthropic.com)"
216.73.216.198 - - [01/Aug/2026:00:08:54 -0300] "GET /?path=%2F%2Fproc%2F2801163 HTTP/1.1" 200 12703 "-" "Mozilla/5.0 AppleWebKit/537.36 (KHTML, like Gecko; compatible; ClaudeBot/1.0; +claudebot@anthropic.com)"
216.73.216.198 - - [01/Aug/2026:00:08:57 -0300] "GET /?path=%2F%2Fproc%2F3550312 HTTP/1.1" 200 12703 "-" "Mozilla/5.0 AppleWebKit/537.36 (KHTML, like Gecko; compatible; ClaudeBot/1.0; +claudebot@anthropic.com)"
216.73.216.198 - - [01/Aug/2026:00:09:00 -0300] "GET /?path=%2F%2Fproc%2F2753786 HTTP/1.1" 200 12703 "-" "Mozilla/5.0 AppleWebKit/537.36 (KHTML, like Gecko; compatible; ClaudeBot/1.0; +claudebot@anthropic.com)"
216.73.216.198 - - [01/Aug/2026:00:09:03 -0300] "GET /?path=%2F%2Fproc%2F1727083 HTTP/1.1" 200 12703 "-" "Mozilla/5.0 AppleWebKit/537.36 (KHTML, like Gecko; compatible; ClaudeBot/1.0; +claudebot@anthropic.com)"
216.73.216.198 - - [01/Aug/2026:00:09:06 -0300] "GET /wp-config.php?path=%2Fhome%2Fautoligchopp HTTP/1.1" 200 78283 "-" "Mozilla/5.0 AppleWebKit/537.36 (KHTML, like Gecko; compatible; ClaudeBot/1.0; +claudebot@anthropic.com)"
216.73.216.198 - - [01/Aug/2026:00:09:09 -0300] "GET /?path=%2F%2Fproc%2F1862355 HTTP/1.1" 200 12703 "-" "Mozilla/5.0 AppleWebKit/537.36 (KHTML, like Gecko; compatible; ClaudeBot/1.0; +claudebot@anthropic.com)"
216.73.216.198 - - [01/Aug/2026:00:09:12 -0300] "GET /?path=%2F%2Fproc%2F3019988 HTTP/1.1" 200 12703 "-" "Mozilla/5.0 AppleWebKit/537.36 (KHTML, like Gecko; compatible; ClaudeBot/1.0; +claudebot@anthropic.com)"
216.73.216.198 - - [01/Aug/2026:00:09:15 -0300] "GET /?path=%2F%2Fproc%2F3390559 HTTP/1.1" 200 12703 "-" "Mozilla/5.0 AppleWebKit/537.36 (KHTML, like Gecko; compatible; ClaudeBot/1.0; +claudebot@anthropic.com)"
216.73.216.198 - - [01/Aug/2026:00:09:18 -0300] "GET /?path=%2F%2Fproc%2F102609 HTTP/1.1" 200 12701 "-" "Mozilla/5.0 AppleWebKit/537.36 (KHTML, like Gecko; compatible; ClaudeBot/1.0; +claudebot@anthropic.com)"
216.73.216.198 - - [01/Aug/2026:00:09:21 -0300] "GET /?path=%2F%2Fproc%2F3449852 HTTP/1.1" 200 12703 "-" "Mozilla/5.0 AppleWebKit/537.36 (KHTML, like Gecko; compatible; ClaudeBot/1.0; +claudebot@anthropic.com)"
216.73.216.198 - - [01/Aug/2026:00:09:24 -0300] "GET /?path=%2F%2Fproc%2F3373294 HTTP/1.1" 200 12703 "-" "Mozilla/5.0 AppleWebKit/537.36 (KHTML, like Gecko; compatible; ClaudeBot/1.0; +claudebot@anthropic.com)"
216.73.216.198 - - [01/Aug/2026:00:09:27 -0300] "GET /?path=%2F%2Fproc%2F3514626 HTTP/1.1" 200 12703 "-" "Mozilla/5.0 AppleWebKit/537.36 (KHTML, like Gecko; compatible; ClaudeBot/1.0; +claudebot@anthropic.com)"
216.73.216.198 - - [01/Aug/2026:00:09:30 -0300] "GET /?path=%2F%2Fproc%2F2350290 HTTP/1.1" 200 12703 "-" "Mozilla/5.0 AppleWebKit/537.36 (KHTML, like Gecko; compatible; ClaudeBot/1.0; +claudebot@anthropic.com)"
37.27.51.141 - - [01/Aug/2026:00:09:33 -0300] "GET /item-tag/1982/?loknya=/home/autoligchopp/ HTTP/1.1" 200 67036 "-" "Mozilla/5.0 (compatible; SERankingBacklinksBot/1.0; +https://seranking.com/backlinks-crawler)"
216.73.216.198 - - [01/Aug/2026:00:09:33 -0300] "GET /wp-config.php?path=%2Fhome%2Ffullofficeuug HTTP/1.1" 200 12713 "-" "Mozilla/5.0 AppleWebKit/537.36 (KHTML, like Gecko; compatible; ClaudeBot/1.0; +claudebot@anthropic.com)"
216.73.216.198 - - [01/Aug/2026:00:09:36 -0300] "GET /?path=%2F%2Fproc%2F2559586 HTTP/1.1" 200 12703 "-" "Mozilla/5.0 AppleWebKit/537.36 (KHTML, like Gecko; compatible; ClaudeBot/1.0; +claudebot@anthropic.com)"
216.73.216.198 - - [01/Aug/2026:00:09:39 -0300] "GET /?path=%2F%2Fproc%2F1578879 HTTP/1.1" 200 12703 "-" "Mozilla/5.0 AppleWebKit/537.36 (KHTML, like Gecko; compatible; ClaudeBot/1.0; +claudebot@anthropic.com)"
216.73.216.198 - - [01/Aug/2026:00:09:42 -0300] "GET /wp-admin/?fileloc=%2Fhome%2Fautoligchopp%2Fpublic_html%2Fwp-admin%2Fupdate-core.php&path=%2Fhome%2Fautoligchopp%2Fpublic_html%2Fwp-admin HTTP/1.1" 200 69468 "-" "Mozilla/5.0 AppleWebKit/537.36 (KHTML, like Gecko; compatible; ClaudeBot/1.0; +claudebot@anthropic.com)"
216.73.216.198 - - [01/Aug/2026:00:09:45 -0300] "GET /?path=%2F%2Fproc%2F3058038 HTTP/1.1" 200 12703 "-" "Mozilla/5.0 AppleWebKit/537.36 (KHTML, like Gecko; compatible; ClaudeBot/1.0; +claudebot@anthropic.com)"
37.27.51.141 - - [01/Aug/2026:00:09:52 -0300] "GET /item-tag/1984/?loknya=/home/autoligchopp/ HTTP/1.1" 200 67036 "-" "Mozilla/5.0 (compatible; SERankingBacklinksBot/1.0; +https://seranking.com/backlinks-crawler)"
216.73.216.198 - - [01/Aug/2026:00:09:55 -0300] "GET /?path=%2F%2Fproc%2F234648 HTTP/1.1" 200 12701 "-" "Mozilla/5.0 AppleWebKit/537.36 (KHTML, like Gecko; compatible; ClaudeBot/1.0; +claudebot@anthropic.com)"
216.73.216.198 - - [01/Aug/2026:00:09:58 -0300] "GET /?path=%2F%2Fproc%2F1414249 HTTP/1.1" 200 12703 "-" "Mozilla/5.0 AppleWebKit/537.36 (KHTML, like Gecko; compatible; ClaudeBot/1.0; +claudebot@anthropic.com)"
216.73.216.198 - - [01/Aug/2026:00:10:01 -0300] "GET /?path=%2F%2Fproc%2F2528733 HTTP/1.1" 200 12703 "-" "Mozilla/5.0 AppleWebKit/537.36 (KHTML, like Gecko; compatible; ClaudeBot/1.0; +claudebot@anthropic.com)"
216.73.216.198 - - [01/Aug/2026:00:10:04 -0300] "GET /?path=%2F%2Fproc%2F363507 HTTP/1.1" 200 12701 "-" "Mozilla/5.0 AppleWebKit/537.36 (KHTML, like Gecko; compatible; ClaudeBot/1.0; +claudebot@anthropic.com)"
216.73.216.198 - - [01/Aug/2026:00:10:07 -0300] "GET /?path=%2F%2Fproc%2F1047891 HTTP/1.1" 200 12703 "-" "Mozilla/5.0 AppleWebKit/537.36 (KHTML, like Gecko; compatible; ClaudeBot/1.0; +claudebot@anthropic.com)"
216.73.216.198 - - [01/Aug/2026:00:10:10 -0300] "GET /?path=%2F%2Fproc%2F2461792 HTTP/1.1" 200 12703 "-" "Mozilla/5.0 AppleWebKit/537.36 (KHTML, like Gecko; compatible; ClaudeBot/1.0; +claudebot@anthropic.com)"
216.73.216.198 - - [01/Aug/2026:00:10:13 -0300] "GET /?path=%2F%2Fproc%2F2940505 HTTP/1.1" 200 12703 "-" "Mozilla/5.0 AppleWebKit/537.36 (KHTML, like Gecko; compatible; ClaudeBot/1.0; +claudebot@anthropic.com)"
216.73.216.198 - - [01/Aug/2026:00:10:16 -0300] "GET /?path=%2F%2Fproc%2F2963854 HTTP/1.1" 200 12703 "-" "Mozilla/5.0 AppleWebKit/537.36 (KHTML, like Gecko; compatible; ClaudeBot/1.0; +claudebot@anthropic.com)"
216.73.216.198 - - [01/Aug/2026:00:10:19 -0300] "GET /?path=%2F%2Fproc%2F1223069 HTTP/1.1" 200 12703 "-" "Mozilla/5.0 AppleWebKit/537.36 (KHTML, like Gecko; compatible; ClaudeBot/1.0; +claudebot@anthropic.com)"
216.73.216.198 - - [01/Aug/2026:00:10:22 -0300] "GET /wp-admin/?fileloc=%2Fhome%2Fautoligchopp%2Fpublic_html%2Fwp-admin%2Fwidgets-form.php&path=%2Fhome%2Fautoligchopp%2Fpublic_html%2Fwp-admin HTTP/1.1" 200 37225 "-" "Mozilla/5.0 AppleWebKit/537.36 (KHTML, like Gecko; compatible; ClaudeBot/1.0; +claudebot@anthropic.com)"
216.73.216.198 - - [01/Aug/2026:00:10:25 -0300] "GET /?path=%2F%2Fproc%2F2528729 HTTP/1.1" 200 12703 "-" "Mozilla/5.0 AppleWebKit/537.36 (KHTML, like Gecko; compatible; ClaudeBot/1.0; +claudebot@anthropic.com)"
216.73.216.198 - - [01/Aug/2026:00:10:28 -0300] "GET /?path=%2F%2Fproc%2F1578833 HTTP/1.1" 200 12703 "-" "Mozilla/5.0 AppleWebKit/537.36 (KHTML, like Gecko; compatible; ClaudeBot/1.0; +claudebot@anthropic.com)"
37.27.51.141 - - [01/Aug/2026:00:10:30 -0300] "GET /item-tag/1994/?loknya=/home/autoligchopp/ HTTP/1.1" 200 67036 "-" "Mozilla/5.0 (compatible; SERankingBacklinksBot/1.0; +https://seranking.com/backlinks-crawler)"
