37.27.51.141 - - [31/Jul/2026:15:41:48 -0300] "GET /item-tag/original/page/2/ HTTP/1.1" 200 67036 "-" "Mozilla/5.0 (compatible; SERankingBacklinksBot/1.0; +https://seranking.com/backlinks-crawler)"
37.27.51.141 - - [31/Jul/2026:15:41:52 -0300] "GET /item-tag/original/page/3/ HTTP/1.1" 200 67036 "-" "Mozilla/5.0 (compatible; SERankingBacklinksBot/1.0; +https://seranking.com/backlinks-crawler)"
114.119.158.31 - - [31/Jul/2026:15:42:01 -0300] "GET /configRLD/Jump/0-pietradimarmo/ HTTP/1.1" 200 1947 "http://choppgermaniaautodromo.com.br/configRLD/Jump/?C=S%3BO%3DA" "Mozilla/5.0 (Linux; Android 7.0;) AppleWebKit/537.36 (HTML, like Gecko) Mobile Safari/537.36 (compatible; PetalBot;+https://webmaster.petalsearch.com/site/petalbot)"
37.27.51.141 - - [31/Jul/2026:15:42:01 -0300] "GET /item-tag/original/page/4/ HTTP/1.1" 200 67036 "-" "Mozilla/5.0 (compatible; SERankingBacklinksBot/1.0; +https://seranking.com/backlinks-crawler)"
43.130.47.33 - - [31/Jul/2026:15:42:12 -0300] "GET /?fileloc=/home/autoligchopp/public_html/wp-admin/install.php&path=/home/autoligchopp/public_html/wp-admin HTTP/1.1" 200 35747 "-" "Mozilla/5.0 (iPhone; CPU iPhone OS 13_2_3 like Mac OS X) AppleWebKit/605.1.15 (KHTML, like Gecko) Version/13.0.3 Mobile/15E148 Safari/604.1"
37.27.51.141 - - [31/Jul/2026:15:42:14 -0300] "GET /item-tag/original/page/5/ HTTP/1.1" 200 67036 "-" "Mozilla/5.0 (compatible; SERankingBacklinksBot/1.0; +https://seranking.com/backlinks-crawler)"
37.27.51.141 - - [31/Jul/2026:15:42:22 -0300] "GET /item-tag/pan/?loknya=/home HTTP/1.1" 200 67036 "-" "Mozilla/5.0 (compatible; SERankingBacklinksBot/1.0; +https://seranking.com/backlinks-crawler)"
37.27.51.141 - - [31/Jul/2026:15:42:26 -0300] "GET /item-tag/radegast/page/2/ HTTP/1.1" 200 67036 "-" "Mozilla/5.0 (compatible; SERankingBacklinksBot/1.0; +https://seranking.com/backlinks-crawler)"
37.27.51.141 - - [31/Jul/2026:15:42:35 -0300] "GET /item-tag/red/?loknya=/home HTTP/1.1" 200 67036 "-" "Mozilla/5.0 (compatible; SERankingBacklinksBot/1.0; +https://seranking.com/backlinks-crawler)"
37.27.51.141 - - [31/Jul/2026:15:42:47 -0300] "GET /item-tag/sab/?loknya=/home HTTP/1.1" 200 67036 "-" "Mozilla/5.0 (compatible; SERankingBacklinksBot/1.0; +https://seranking.com/backlinks-crawler)"
37.27.51.141 - - [31/Jul/2026:15:42:51 -0300] "GET /item-tag/sad/?loknya=/home HTTP/1.1" 200 67036 "-" "Mozilla/5.0 (compatible; SERankingBacklinksBot/1.0; +https://seranking.com/backlinks-crawler)"
37.27.51.141 - - [31/Jul/2026:15:43:00 -0300] "GET /item-tag/sba/?loknya=/home HTTP/1.1" 200 67036 "-" "Mozilla/5.0 (compatible; SERankingBacklinksBot/1.0; +https://seranking.com/backlinks-crawler)"
37.27.51.141 - - [31/Jul/2026:15:43:08 -0300] "GET /item-tag/slovakia/page/2/ HTTP/1.1" 200 67036 "-" "Mozilla/5.0 (compatible; SERankingBacklinksBot/1.0; +https://seranking.com/backlinks-crawler)"
37.27.51.141 - - [31/Jul/2026:15:43:17 -0300] "GET /item-tag/slovakia/page/3/ HTTP/1.1" 200 67036 "-" "Mozilla/5.0 (compatible; SERankingBacklinksBot/1.0; +https://seranking.com/backlinks-crawler)"
37.27.51.141 - - [31/Jul/2026:15:43:26 -0300] "GET /item-tag/slovenia/page/2/ HTTP/1.1" 200 67036 "-" "Mozilla/5.0 (compatible; SERankingBacklinksBot/1.0; +https://seranking.com/backlinks-crawler)"
37.27.51.141 - - [31/Jul/2026:15:43:38 -0300] "GET /item-tag/slovenia/page/3/ HTTP/1.1" 200 67036 "-" "Mozilla/5.0 (compatible; SERankingBacklinksBot/1.0; +https://seranking.com/backlinks-crawler)"
37.27.51.141 - - [31/Jul/2026:15:43:43 -0300] "GET /item-tag/tennents/page/2/ HTTP/1.1" 200 67036 "-" "Mozilla/5.0 (compatible; SERankingBacklinksBot/1.0; +https://seranking.com/backlinks-crawler)"
37.27.51.141 - - [31/Jul/2026:15:43:51 -0300] "GET /item-tag/tennents/page/3/ HTTP/1.1" 200 67036 "-" "Mozilla/5.0 (compatible; SERankingBacklinksBot/1.0; +https://seranking.com/backlinks-crawler)"
37.27.51.141 - - [31/Jul/2026:15:44:05 -0300] "GET /item-tag/tennents/page/4/ HTTP/1.1" 200 67036 "-" "Mozilla/5.0 (compatible; SERankingBacklinksBot/1.0; +https://seranking.com/backlinks-crawler)"
37.27.51.141 - - [31/Jul/2026:15:44:09 -0300] "GET /item-tag/tennents/page/9/ HTTP/1.1" 200 67036 "-" "Mozilla/5.0 (compatible; SERankingBacklinksBot/1.0; +https://seranking.com/backlinks-crawler)"
37.27.51.141 - - [31/Jul/2026:15:44:18 -0300] "GET /item-tag/thailand/page/2/ HTTP/1.1" 200 67036 "-" "Mozilla/5.0 (compatible; SERankingBacklinksBot/1.0; +https://seranking.com/backlinks-crawler)"
37.27.51.141 - - [31/Jul/2026:15:44:31 -0300] "GET /item-tag/thailand/page/3/ HTTP/1.1" 200 67036 "-" "Mozilla/5.0 (compatible; SERankingBacklinksBot/1.0; +https://seranking.com/backlinks-crawler)"
114.119.133.53 - - [31/Jul/2026:15:44:33 -0300] "GET /configRLD/Jump/0-patamaruug/?C=S%3BO%3DA HTTP/1.1" 200 3380 "http://choppgermaniaautodromo.com.br/configRLD/Jump/0-patamaruug/" "Mozilla/5.0 (Linux; Android 7.0;) AppleWebKit/537.36 (HTML, like Gecko) Mobile Safari/537.36 (compatible; PetalBot;+https://webmaster.petalsearch.com/site/petalbot)"
37.27.51.141 - - [31/Jul/2026:15:44:35 -0300] "GET /item-tag/tin/?loknya=/home HTTP/1.1" 200 67036 "-" "Mozilla/5.0 (compatible; SERankingBacklinksBot/1.0; +https://seranking.com/backlinks-crawler)"
37.27.51.141 - - [31/Jul/2026:15:44:44 -0300] "GET /item-tag/ukraine/page/45/ HTTP/1.1" 200 67036 "-" "Mozilla/5.0 (compatible; SERankingBacklinksBot/1.0; +https://seranking.com/backlinks-crawler)"
37.27.51.141 - - [31/Jul/2026:15:44:53 -0300] "GET /item-tag/usa/?loknya=/home HTTP/1.1" 200 67036 "-" "Mozilla/5.0 (compatible; SERankingBacklinksBot/1.0; +https://seranking.com/backlinks-crawler)"
37.27.51.141 - - [31/Jul/2026:15:45:06 -0300] "GET /item-tag/xxx/?loknya=/home HTTP/1.1" 200 67036 "-" "Mozilla/5.0 (compatible; SERankingBacklinksBot/1.0; +https://seranking.com/backlinks-crawler)"
37.27.51.141 - - [31/Jul/2026:15:45:09 -0300] "GET /item-tag/yes/?loknya=/home HTTP/1.1" 200 67036 "-" "Mozilla/5.0 (compatible; SERankingBacklinksBot/1.0; +https://seranking.com/backlinks-crawler)"
37.27.51.141 - - [31/Jul/2026:15:45:18 -0300] "GET /item/suntory-beer-can-a-a/ HTTP/1.1" 200 67036 "-" "Mozilla/5.0 (compatible; SERankingBacklinksBot/1.0; +https://seranking.com/backlinks-crawler)"
37.27.51.141 - - [31/Jul/2026:15:45:23 -0300] "GET /item-tag/1981/?loknya=/home HTTP/1.1" 200 67036 "-" "Mozilla/5.0 (compatible; SERankingBacklinksBot/1.0; +https://seranking.com/backlinks-crawler)"
37.27.51.141 - - [31/Jul/2026:15:45:36 -0300] "GET /item-tag/1982/?loknya=/home HTTP/1.1" 200 67036 "-" "Mozilla/5.0 (compatible; SERankingBacklinksBot/1.0; +https://seranking.com/backlinks-crawler)"
37.27.51.141 - - [31/Jul/2026:15:45:45 -0300] "GET /item-tag/1984/?loknya=/home HTTP/1.1" 200 67036 "-" "Mozilla/5.0 (compatible; SERankingBacklinksBot/1.0; +https://seranking.com/backlinks-crawler)"
37.27.51.141 - - [31/Jul/2026:15:45:58 -0300] "GET /item-tag/1994/?loknya=/home HTTP/1.1" 200 67036 "-" "Mozilla/5.0 (compatible; SERankingBacklinksBot/1.0; +https://seranking.com/backlinks-crawler)"
37.27.51.141 - - [31/Jul/2026:15:46:06 -0300] "GET /item-tag/2003/?loknya=/home HTTP/1.1" 200 67036 "-" "Mozilla/5.0 (compatible; SERankingBacklinksBot/1.0; +https://seranking.com/backlinks-crawler)"
37.27.51.141 - - [31/Jul/2026:15:46:10 -0300] "GET /item-tag/2005/?loknya=/home HTTP/1.1" 200 67036 "-" "Mozilla/5.0 (compatible; SERankingBacklinksBot/1.0; +https://seranking.com/backlinks-crawler)"
37.27.51.141 - - [31/Jul/2026:15:46:19 -0300] "GET /item-tag/2010/?loknya=/home HTTP/1.1" 200 67036 "-" "Mozilla/5.0 (compatible; SERankingBacklinksBot/1.0; +https://seranking.com/backlinks-crawler)"
37.27.51.141 - - [31/Jul/2026:15:46:27 -0300] "GET /item-tag/2011/?loknya=/home HTTP/1.1" 200 67036 "-" "Mozilla/5.0 (compatible; SERankingBacklinksBot/1.0; +https://seranking.com/backlinks-crawler)"
37.27.51.141 - - [31/Jul/2026:15:46:36 -0300] "GET /item-tag/2012/?loknya=/home HTTP/1.1" 200 67036 "-" "Mozilla/5.0 (compatible; SERankingBacklinksBot/1.0; +https://seranking.com/backlinks-crawler)"
37.27.51.141 - - [31/Jul/2026:15:46:50 -0300] "GET /item-tag/2013/?loknya=/home HTTP/1.1" 200 67036 "-" "Mozilla/5.0 (compatible; SERankingBacklinksBot/1.0; +https://seranking.com/backlinks-crawler)"
37.27.51.141 - - [31/Jul/2026:15:46:55 -0300] "GET /item-tag/2014/?loknya=/home HTTP/1.1" 200 67036 "-" "Mozilla/5.0 (compatible; SERankingBacklinksBot/1.0; +https://seranking.com/backlinks-crawler)"
37.27.51.141 - - [31/Jul/2026:15:47:04 -0300] "GET /item-tag/2015/?loknya=/home HTTP/1.1" 200 67036 "-" "Mozilla/5.0 (compatible; SERankingBacklinksBot/1.0; +https://seranking.com/backlinks-crawler)"
114.119.145.8 - - [31/Jul/2026:15:47:06 -0300] "GET /configRLD/Jump/0-patamaruug/?C=M%3BO%3DA HTTP/1.1" 200 3380 "http://choppgermaniaautodromo.com.br/configRLD/Jump/0-patamaruug/" "Mozilla/5.0 (Linux; Android 7.0;) AppleWebKit/537.36 (HTML, like Gecko) Mobile Safari/537.36 (compatible; PetalBot;+https://webmaster.petalsearch.com/site/petalbot)"
37.27.51.141 - - [31/Jul/2026:15:47:18 -0300] "GET /item-tag/2016/?loknya=/home HTTP/1.1" 200 67036 "-" "Mozilla/5.0 (compatible; SERankingBacklinksBot/1.0; +https://seranking.com/backlinks-crawler)"
37.27.51.141 - - [31/Jul/2026:15:47:23 -0300] "GET /item-tag/2017/?loknya=/home HTTP/1.1" 200 67036 "-" "Mozilla/5.0 (compatible; SERankingBacklinksBot/1.0; +https://seranking.com/backlinks-crawler)"
37.27.51.141 - - [31/Jul/2026:15:47:32 -0300] "GET /item-tag/2018/?loknya=/home HTTP/1.1" 200 67036 "-" "Mozilla/5.0 (compatible; SERankingBacklinksBot/1.0; +https://seranking.com/backlinks-crawler)"
37.27.51.141 - - [31/Jul/2026:15:47:41 -0300] "GET /item-tag/2019/?loknya=/home HTTP/1.1" 200 67036 "-" "Mozilla/5.0 (compatible; SERankingBacklinksBot/1.0; +https://seranking.com/backlinks-crawler)"
37.27.51.141 - - [31/Jul/2026:15:47:50 -0300] "GET /item-tag/2020/?loknya=/home HTTP/1.1" 200 67036 "-" "Mozilla/5.0 (compatible; SERankingBacklinksBot/1.0; +https://seranking.com/backlinks-crawler)"
37.27.51.141 - - [31/Jul/2026:15:47:58 -0300] "GET /item-tag/2021/?loknya=/home HTTP/1.1" 200 67036 "-" "Mozilla/5.0 (compatible; SERankingBacklinksBot/1.0; +https://seranking.com/backlinks-crawler)"
37.27.51.141 - - [31/Jul/2026:15:48:07 -0300] "GET /item-tag/2022/?loknya=/home HTTP/1.1" 200 67036 "-" "Mozilla/5.0 (compatible; SERankingBacklinksBot/1.0; +https://seranking.com/backlinks-crawler)"
37.27.51.141 - - [31/Jul/2026:15:48:20 -0300] "GET /item-tag/2023/?loknya=/home HTTP/1.1" 200 67036 "-" "Mozilla/5.0 (compatible; SERankingBacklinksBot/1.0; +https://seranking.com/backlinks-crawler)"
37.27.51.141 - - [31/Jul/2026:15:48:24 -0300] "GET /item-tag/2024/?loknya=/home HTTP/1.1" 200 67036 "-" "Mozilla/5.0 (compatible; SERankingBacklinksBot/1.0; +https://seranking.com/backlinks-crawler)"
37.27.51.141 - - [31/Jul/2026:15:48:33 -0300] "GET /item-tag/2025/?loknya=/home HTTP/1.1" 200 67036 "-" "Mozilla/5.0 (compatible; SERankingBacklinksBot/1.0; +https://seranking.com/backlinks-crawler)"
216.73.216.198 - - [31/Jul/2026:15:48:43 -0300] "GET /robots.txt HTTP/1.1" 200 94 "-" "Mozilla/5.0 AppleWebKit/537.36 (KHTML, like Gecko; compatible; ClaudeBot/1.0; +claudebot@anthropic.com)"
37.27.51.141 - - [31/Jul/2026:15:48:45 -0300] "GET /item-tag/2026/?loknya=/home HTTP/1.1" 200 67036 "-" "Mozilla/5.0 (compatible; SERankingBacklinksBot/1.0; +https://seranking.com/backlinks-crawler)"
37.27.51.141 - - [31/Jul/2026:15:48:49 -0300] "GET /item-tag/2027/?loknya=/home HTTP/1.1" 200 67036 "-" "Mozilla/5.0 (compatible; SERankingBacklinksBot/1.0; +https://seranking.com/backlinks-crawler)"
37.27.51.141 - - [31/Jul/2026:15:48:59 -0300] "GET /item-tag/375ml-can/page/2/ HTTP/1.1" 200 67036 "-" "Mozilla/5.0 (compatible; SERankingBacklinksBot/1.0; +https://seranking.com/backlinks-crawler)"
37.27.51.141 - - [31/Jul/2026:15:49:08 -0300] "GET /item-tag/375ml-can/page/3/ HTTP/1.1" 200 67036 "-" "Mozilla/5.0 (compatible; SERankingBacklinksBot/1.0; +https://seranking.com/backlinks-crawler)"
37.27.51.141 - - [31/Jul/2026:15:49:21 -0300] "GET /item-tag/375ml-can/page/4/ HTTP/1.1" 200 67036 "-" "Mozilla/5.0 (compatible; SERankingBacklinksBot/1.0; +https://seranking.com/backlinks-crawler)"
37.27.51.141 - - [31/Jul/2026:15:49:30 -0300] "GET /item-tag/apps/?loknya=/home HTTP/1.1" 200 67036 "-" "Mozilla/5.0 (compatible; SERankingBacklinksBot/1.0; +https://seranking.com/backlinks-crawler)"
37.27.51.141 - - [31/Jul/2026:15:49:34 -0300] "GET /item-tag/australia/page/2/ HTTP/1.1" 200 67036 "-" "Mozilla/5.0 (compatible; SERankingBacklinksBot/1.0; +https://seranking.com/backlinks-crawler)"
114.119.145.8 - - [31/Jul/2026:15:49:38 -0300] "GET /configRLD/Jump/0-mosman/wp-contact.php HTTP/1.1" 500 - "http://choppgermaniaautodromo.com.br/configRLD/Jump/0-mosman/" "Mozilla/5.0 (Linux; Android 7.0;) AppleWebKit/537.36 (HTML, like Gecko) Mobile Safari/537.36 (compatible; PetalBot;+https://webmaster.petalsearch.com/site/petalbot)"
216.73.216.198 - - [31/Jul/2026:15:49:42 -0300] "GET /?path=%2F HTTP/1.1" 200 55272 "-" "Mozilla/5.0 AppleWebKit/537.36 (KHTML, like Gecko; compatible; ClaudeBot/1.0; +claudebot@anthropic.com)"
37.27.51.141 - - [31/Jul/2026:15:49:43 -0300] "GET /item-tag/australia/page/3/ HTTP/1.1" 200 67036 "-" "Mozilla/5.0 (compatible; SERankingBacklinksBot/1.0; +https://seranking.com/backlinks-crawler)"
216.73.216.198 - - [31/Jul/2026:15:49:44 -0300] "GET /?a=165515215 HTTP/1.1" 200 67036 "-" "Mozilla/5.0 AppleWebKit/537.36 (KHTML, like Gecko; compatible; ClaudeBot/1.0; +claudebot@anthropic.com)"
216.73.216.198 - - [31/Jul/2026:15:49:47 -0300] "GET /?a=3885645079 HTTP/1.1" 200 67036 "-" "Mozilla/5.0 AppleWebKit/537.36 (KHTML, like Gecko; compatible; ClaudeBot/1.0; +claudebot@anthropic.com)"
216.73.216.198 - - [31/Jul/2026:15:49:50 -0300] "GET /?a=2024969231 HTTP/1.1" 200 67036 "-" "Mozilla/5.0 AppleWebKit/537.36 (KHTML, like Gecko; compatible; ClaudeBot/1.0; +claudebot@anthropic.com)"
37.27.51.141 - - [31/Jul/2026:15:49:57 -0300] "GET /item-tag/australia/page/4/ HTTP/1.1" 200 67036 "-" "Mozilla/5.0 (compatible; SERankingBacklinksBot/1.0; +https://seranking.com/backlinks-crawler)"
37.27.51.141 - - [31/Jul/2026:15:50:01 -0300] "GET /item-tag/beer/?loknya=/home HTTP/1.1" 200 67036 "-" "Mozilla/5.0 (compatible; SERankingBacklinksBot/1.0; +https://seranking.com/backlinks-crawler)"
37.27.51.141 - - [31/Jul/2026:15:50:15 -0300] "GET /item-tag/blue/?loknya=/home HTTP/1.1" 200 67036 "-" "Mozilla/5.0 (compatible; SERankingBacklinksBot/1.0; +https://seranking.com/backlinks-crawler)"
37.27.51.141 - - [31/Jul/2026:15:50:19 -0300] "GET /item-tag/boom/?loknya=/home HTTP/1.1" 200 67036 "-" "Mozilla/5.0 (compatible; SERankingBacklinksBot/1.0; +https://seranking.com/backlinks-crawler)"
37.27.51.141 - - [31/Jul/2026:15:50:29 -0300] "GET /item-tag/budweiser/page/2/ HTTP/1.1" 200 67036 "-" "Mozilla/5.0 (compatible; SERankingBacklinksBot/1.0; +https://seranking.com/backlinks-crawler)"
37.27.51.141 - - [31/Jul/2026:15:50:38 -0300] "GET /item-tag/budweiser/page/3/ HTTP/1.1" 200 67036 "-" "Mozilla/5.0 (compatible; SERankingBacklinksBot/1.0; +https://seranking.com/backlinks-crawler)"
37.27.51.141 - - [31/Jul/2026:15:50:52 -0300] "GET /item-tag/budweiser/page/4/ HTTP/1.1" 200 67036 "-" "Mozilla/5.0 (compatible; SERankingBacklinksBot/1.0; +https://seranking.com/backlinks-crawler)"
37.27.51.141 - - [31/Jul/2026:15:50:56 -0300] "GET /item-tag/burg/?loknya=/home HTTP/1.1" 200 67036 "-" "Mozilla/5.0 (compatible; SERankingBacklinksBot/1.0; +https://seranking.com/backlinks-crawler)"
37.27.51.141 - - [31/Jul/2026:15:51:05 -0300] "GET /item-tag/cans/?loknya=/home HTTP/1.1" 200 67036 "-" "Mozilla/5.0 (compatible; SERankingBacklinksBot/1.0; +https://seranking.com/backlinks-crawler)"
37.27.51.141 - - [31/Jul/2026:15:51:19 -0300] "GET /item-tag/carlsberg/page/2/ HTTP/1.1" 200 67036 "-" "Mozilla/5.0 (compatible; SERankingBacklinksBot/1.0; +https://seranking.com/backlinks-crawler)"
37.27.51.141 - - [31/Jul/2026:15:51:23 -0300] "GET /item-tag/carlsberg/page/3/ HTTP/1.1" 200 67036 "-" "Mozilla/5.0 (compatible; SERankingBacklinksBot/1.0; +https://seranking.com/backlinks-crawler)"
37.27.51.141 - - [31/Jul/2026:15:51:33 -0300] "GET /item-tag/carlsberg/page/4/ HTTP/1.1" 200 67036 "-" "Mozilla/5.0 (compatible; SERankingBacklinksBot/1.0; +https://seranking.com/backlinks-crawler)"
37.27.51.141 - - [31/Jul/2026:15:51:42 -0300] "GET /item-tag/cass-beer/page/2/ HTTP/1.1" 200 67036 "-" "Mozilla/5.0 (compatible; SERankingBacklinksBot/1.0; +https://seranking.com/backlinks-crawler)"
37.27.51.141 - - [31/Jul/2026:15:51:52 -0300] "GET /item-tag/cass/?loknya=/home HTTP/1.1" 200 67036 "-" "Mozilla/5.0 (compatible; SERankingBacklinksBot/1.0; +https://seranking.com/backlinks-crawler)"
37.27.51.141 - - [31/Jul/2026:15:52:06 -0300] "GET /item-tag/coca-cola/page/2/ HTTP/1.1" 200 67036 "-" "Mozilla/5.0 (compatible; SERankingBacklinksBot/1.0; +https://seranking.com/backlinks-crawler)"
37.27.51.141 - - [31/Jul/2026:15:52:10 -0300] "GET /item-tag/corona-milano-cortina-olympic-love-lane-cobra-modelo/?lokasie=/home/autoligchopp/public_html/wp-trackback.php&loknya=/home/autoligchopp/public_html HTTP/1.1" 200 67036 "-" "Mozilla/5.0 (compatible; SERankingBacklinksBot/1.0; +https://seranking.com/backlinks-crawler)"
114.119.134.196 - - [31/Jul/2026:15:52:11 -0300] "GET /configRLD/Jump/0-mosman/wp-activate.php HTTP/1.1" 500 - "http://choppgermaniaautodromo.com.br/configRLD/Jump/0-mosman/" "Mozilla/5.0 (Linux; Android 7.0;) AppleWebKit/537.36 (HTML, like Gecko) Mobile Safari/537.36 (compatible; PetalBot;+https://webmaster.petalsearch.com/site/petalbot)"
37.27.51.141 - - [31/Jul/2026:15:52:19 -0300] "GET /item-tag/coca-cola/page/3/ HTTP/1.1" 200 67036 "-" "Mozilla/5.0 (compatible; SERankingBacklinksBot/1.0; +https://seranking.com/backlinks-crawler)"
37.27.51.141 - - [31/Jul/2026:15:52:24 -0300] "GET /item-tag/coca-cola/page/4/ HTTP/1.1" 200 67036 "-" "Mozilla/5.0 (compatible; SERankingBacklinksBot/1.0; +https://seranking.com/backlinks-crawler)"
43.166.226.57 - - [31/Jul/2026:15:52:26 -0300] "GET /?path=/home/autoligchopp/public_html HTTP/1.1" 200 67036 "-" "Mozilla/5.0 (iPhone; CPU iPhone OS 13_2_3 like Mac OS X) AppleWebKit/605.1.15 (KHTML, like Gecko) Version/13.0.3 Mobile/15E148 Safari/604.1"
216.73.216.198 - - [31/Jul/2026:15:52:27 -0300] "GET /?a=3844625219 HTTP/1.1" 200 67036 "-" "Mozilla/5.0 AppleWebKit/537.36 (KHTML, like Gecko; compatible; ClaudeBot/1.0; +claudebot@anthropic.com)"
216.73.216.198 - - [31/Jul/2026:15:52:30 -0300] "GET /?a=847747114 HTTP/1.1" 200 67036 "-" "Mozilla/5.0 AppleWebKit/537.36 (KHTML, like Gecko; compatible; ClaudeBot/1.0; +claudebot@anthropic.com)"
37.27.51.141 - - [31/Jul/2026:15:52:33 -0300] "GET /item-tag/coca-cola/page/7/ HTTP/1.1" 200 67036 "-" "Mozilla/5.0 (compatible; SERankingBacklinksBot/1.0; +https://seranking.com/backlinks-crawler)"
216.73.216.198 - - [31/Jul/2026:15:52:33 -0300] "GET /?a=1413257885 HTTP/1.1" 200 67036 "-" "Mozilla/5.0 AppleWebKit/537.36 (KHTML, like Gecko; compatible; ClaudeBot/1.0; +claudebot@anthropic.com)"
216.73.216.198 - - [31/Jul/2026:15:52:36 -0300] "GET /?a=3995935323 HTTP/1.1" 200 67036 "-" "Mozilla/5.0 AppleWebKit/537.36 (KHTML, like Gecko; compatible; ClaudeBot/1.0; +claudebot@anthropic.com)"
216.73.216.198 - - [31/Jul/2026:15:52:39 -0300] "GET /?a=3555250935 HTTP/1.1" 200 67036 "-" "Mozilla/5.0 AppleWebKit/537.36 (KHTML, like Gecko; compatible; ClaudeBot/1.0; +claudebot@anthropic.com)"
37.27.51.141 - - [31/Jul/2026:15:52:42 -0300] "GET /item-tag/coke/?loknya=/home HTTP/1.1" 200 67036 "-" "Mozilla/5.0 (compatible; SERankingBacklinksBot/1.0; +https://seranking.com/backlinks-crawler)"
216.73.216.198 - - [31/Jul/2026:15:52:42 -0300] "GET /?a=2682402371 HTTP/1.1" 200 67036 "-" "Mozilla/5.0 AppleWebKit/537.36 (KHTML, like Gecko; compatible; ClaudeBot/1.0; +claudebot@anthropic.com)"
216.73.216.198 - - [31/Jul/2026:15:52:45 -0300] "GET /?a=4074633821 HTTP/1.1" 200 67036 "-" "Mozilla/5.0 AppleWebKit/537.36 (KHTML, like Gecko; compatible; ClaudeBot/1.0; +claudebot@anthropic.com)"
216.73.216.198 - - [31/Jul/2026:15:52:48 -0300] "GET /?a=2844983708 HTTP/1.1" 200 67036 "-" "Mozilla/5.0 AppleWebKit/537.36 (KHTML, like Gecko; compatible; ClaudeBot/1.0; +claudebot@anthropic.com)"
216.73.216.198 - - [31/Jul/2026:15:52:51 -0300] "GET /?a=797154463 HTTP/1.1" 200 67036 "-" "Mozilla/5.0 AppleWebKit/537.36 (KHTML, like Gecko; compatible; ClaudeBot/1.0; +claudebot@anthropic.com)"
37.27.51.141 - - [31/Jul/2026:15:52:55 -0300] "GET /item-tag/colt/?loknya=/home HTTP/1.1" 200 67036 "-" "Mozilla/5.0 (compatible; SERankingBacklinksBot/1.0; +https://seranking.com/backlinks-crawler)"
37.27.51.141 - - [31/Jul/2026:15:52:59 -0300] "GET /item-tag/czfj/?loknya=/home HTTP/1.1" 200 67036 "-" "Mozilla/5.0 (compatible; SERankingBacklinksBot/1.0; +https://seranking.com/backlinks-crawler)"
216.73.216.198 - - [31/Jul/2026:15:53:01 -0300] "GET /?a=3131741582 HTTP/1.1" 200 67036 "-" "Mozilla/5.0 AppleWebKit/537.36 (KHTML, like Gecko; compatible; ClaudeBot/1.0; +claudebot@anthropic.com)"
216.73.216.198 - - [31/Jul/2026:15:53:04 -0300] "GET /?a=1445230408 HTTP/1.1" 200 67036 "-" "Mozilla/5.0 AppleWebKit/537.36 (KHTML, like Gecko; compatible; ClaudeBot/1.0; +claudebot@anthropic.com)"
216.73.216.198 - - [31/Jul/2026:15:53:07 -0300] "GET /?a=2560950925 HTTP/1.1" 200 67036 "-" "Mozilla/5.0 AppleWebKit/537.36 (KHTML, like Gecko; compatible; ClaudeBot/1.0; +claudebot@anthropic.com)"
216.73.216.198 - - [31/Jul/2026:15:53:10 -0300] "GET /?a=2534336419 HTTP/1.1" 200 67036 "-" "Mozilla/5.0 AppleWebKit/537.36 (KHTML, like Gecko; compatible; ClaudeBot/1.0; +claudebot@anthropic.com)"
216.73.216.198 - - [31/Jul/2026:15:53:13 -0300] "GET /?a=1523928906 HTTP/1.1" 200 67036 "-" "Mozilla/5.0 AppleWebKit/537.36 (KHTML, like Gecko; compatible; ClaudeBot/1.0; +claudebot@anthropic.com)"
37.27.51.141 - - [31/Jul/2026:15:53:13 -0300] "GET /item-tag/dart/?loknya=/home HTTP/1.1" 200 67036 "-" "Mozilla/5.0 (compatible; SERankingBacklinksBot/1.0; +https://seranking.com/backlinks-crawler)"
216.73.216.198 - - [31/Jul/2026:15:53:16 -0300] "GET /?a=427922557 HTTP/1.1" 200 67036 "-" "Mozilla/5.0 AppleWebKit/537.36 (KHTML, like Gecko; compatible; ClaudeBot/1.0; +claudebot@anthropic.com)"
216.73.216.198 - - [31/Jul/2026:15:53:19 -0300] "GET /?a=2517752037 HTTP/1.1" 200 67036 "-" "Mozilla/5.0 AppleWebKit/537.36 (KHTML, like Gecko; compatible; ClaudeBot/1.0; +claudebot@anthropic.com)"
216.73.216.198 - - [31/Jul/2026:15:53:22 -0300] "GET /?a=2305330213 HTTP/1.1" 200 67036 "-" "Mozilla/5.0 AppleWebKit/537.36 (KHTML, like Gecko; compatible; ClaudeBot/1.0; +claudebot@anthropic.com)"
37.27.51.141 - - [31/Jul/2026:15:53:22 -0300] "GET /item-tag/duff/?loknya=/home HTTP/1.1" 200 67036 "-" "Mozilla/5.0 (compatible; SERankingBacklinksBot/1.0; +https://seranking.com/backlinks-crawler)"
216.73.216.198 - - [31/Jul/2026:15:53:25 -0300] "GET /?a=2227436459 HTTP/1.1" 200 67036 "-" "Mozilla/5.0 AppleWebKit/537.36 (KHTML, like Gecko; compatible; ClaudeBot/1.0; +claudebot@anthropic.com)"
37.27.51.141 - - [31/Jul/2026:15:53:26 -0300] "GET /item-tag/henninger/page/2/ HTTP/1.1" 200 67036 "-" "Mozilla/5.0 (compatible; SERankingBacklinksBot/1.0; +https://seranking.com/backlinks-crawler)"
216.73.216.198 - - [31/Jul/2026:15:53:28 -0300] "GET /?a=3815912706 HTTP/1.1" 200 67036 "-" "Mozilla/5.0 AppleWebKit/537.36 (KHTML, like Gecko; compatible; ClaudeBot/1.0; +claudebot@anthropic.com)"
216.73.216.198 - - [31/Jul/2026:15:53:31 -0300] "GET /?a=2687065707 HTTP/1.1" 200 67036 "-" "Mozilla/5.0 AppleWebKit/537.36 (KHTML, like Gecko; compatible; ClaudeBot/1.0; +claudebot@anthropic.com)"
216.73.216.198 - - [31/Jul/2026:15:53:34 -0300] "GET /?a=3292384223 HTTP/1.1" 200 67036 "-" "Mozilla/5.0 AppleWebKit/537.36 (KHTML, like Gecko; compatible; ClaudeBot/1.0; +claudebot@anthropic.com)"
37.27.51.141 - - [31/Jul/2026:15:53:35 -0300] "GET /item-tag/hong-kong/page/2/ HTTP/1.1" 200 67036 "-" "Mozilla/5.0 (compatible; SERankingBacklinksBot/1.0; +https://seranking.com/backlinks-crawler)"
216.73.216.198 - - [31/Jul/2026:15:53:37 -0300] "GET /?a=3902900978 HTTP/1.1" 200 67036 "-" "Mozilla/5.0 AppleWebKit/537.36 (KHTML, like Gecko; compatible; ClaudeBot/1.0; +claudebot@anthropic.com)"
216.73.216.198 - - [31/Jul/2026:15:53:40 -0300] "GET /?a=2601970785 HTTP/1.1" 200 67036 "-" "Mozilla/5.0 AppleWebKit/537.36 (KHTML, like Gecko; compatible; ClaudeBot/1.0; +claudebot@anthropic.com)"
216.73.216.198 - - [31/Jul/2026:15:53:43 -0300] "GET /?a=1089477451 HTTP/1.1" 200 67036 "-" "Mozilla/5.0 AppleWebKit/537.36 (KHTML, like Gecko; compatible; ClaudeBot/1.0; +claudebot@anthropic.com)"
216.73.216.198 - - [31/Jul/2026:15:53:46 -0300] "GET /?a=262270787 HTTP/1.1" 200 67036 "-" "Mozilla/5.0 AppleWebKit/537.36 (KHTML, like Gecko; compatible; ClaudeBot/1.0; +claudebot@anthropic.com)"
37.27.51.141 - - [31/Jul/2026:15:53:46 -0300] "GET /item-tag/karlsbrau/page/2/ HTTP/1.1" 200 67036 "-" "Mozilla/5.0 (compatible; SERankingBacklinksBot/1.0; +https://seranking.com/backlinks-crawler)"
37.27.51.141 - - [31/Jul/2026:15:53:59 -0300] "GET /item-tag/lion-lage/page/2/ HTTP/1.1" 200 67036 "-" "Mozilla/5.0 (compatible; SERankingBacklinksBot/1.0; +https://seranking.com/backlinks-crawler)"
37.27.51.141 - - [31/Jul/2026:15:54:04 -0300] "GET /item-tag/lithuania/page/2/ HTTP/1.1" 200 67036 "-" "Mozilla/5.0 (compatible; SERankingBacklinksBot/1.0; +https://seranking.com/backlinks-crawler)"
37.27.51.141 - - [31/Jul/2026:15:54:17 -0300] "GET /item-tag/lithuania/page/3/ HTTP/1.1" 200 67036 "-" "Mozilla/5.0 (compatible; SERankingBacklinksBot/1.0; +https://seranking.com/backlinks-crawler)"
37.27.51.141 - - [31/Jul/2026:15:54:22 -0300] "GET /item-tag/lithuania/page/4/ HTTP/1.1" 200 67036 "-" "Mozilla/5.0 (compatible; SERankingBacklinksBot/1.0; +https://seranking.com/backlinks-crawler)"
37.27.51.141 - - [31/Jul/2026:15:54:31 -0300] "GET /item-tag/lithuania/page/5/ HTTP/1.1" 200 67036 "-" "Mozilla/5.0 (compatible; SERankingBacklinksBot/1.0; +https://seranking.com/backlinks-crawler)"
37.27.51.141 - - [31/Jul/2026:15:54:40 -0300] "GET /item-tag/old-style/page/2/ HTTP/1.1" 200 67036 "-" "Mozilla/5.0 (compatible; SERankingBacklinksBot/1.0; +https://seranking.com/backlinks-crawler)"
114.119.150.90 - - [31/Jul/2026:15:54:44 -0300] "GET /configRLD/Jump/0-michele/wp-content/uploads/ HTTP/1.1" 200 3247 "http://choppgermaniaautodromo.com.br/configRLD/Jump/0-michele/wp-content/" "Mozilla/5.0 (Linux; Android 7.0;) AppleWebKit/537.36 (HTML, like Gecko) Mobile Safari/537.36 (compatible; PetalBot;+https://webmaster.petalsearch.com/site/petalbot)"
37.27.51.141 - - [31/Jul/2026:15:54:54 -0300] "GET /item-tag/swaziland/page/2/ HTTP/1.1" 200 67036 "-" "Mozilla/5.0 (compatible; SERankingBacklinksBot/1.0; +https://seranking.com/backlinks-crawler)"
37.27.51.141 - - [31/Jul/2026:15:54:59 -0300] "GET /item-tag/swaziland/page/3/ HTTP/1.1" 200 67036 "-" "Mozilla/5.0 (compatible; SERankingBacklinksBot/1.0; +https://seranking.com/backlinks-crawler)"
37.27.51.141 - - [31/Jul/2026:15:55:08 -0300] "GET /item-tag/swaziland/page/4/ HTTP/1.1" 200 67036 "-" "Mozilla/5.0 (compatible; SERankingBacklinksBot/1.0; +https://seranking.com/backlinks-crawler)"
37.27.51.141 - - [31/Jul/2026:15:55:17 -0300] "GET /item-tag/venezuela/page/2/ HTTP/1.1" 200 67036 "-" "Mozilla/5.0 (compatible; SERankingBacklinksBot/1.0; +https://seranking.com/backlinks-crawler)"
37.27.51.141 - - [31/Jul/2026:15:55:30 -0300] "GET /item-tag/venezuela/page/3/ HTTP/1.1" 200 67036 "-" "Mozilla/5.0 (compatible; SERankingBacklinksBot/1.0; +https://seranking.com/backlinks-crawler)"
37.27.51.141 - - [31/Jul/2026:15:55:35 -0300] "GET /item/old-vienna-beer-can-3/ HTTP/1.1" 200 67036 "-" "Mozilla/5.0 (compatible; SERankingBacklinksBot/1.0; +https://seranking.com/backlinks-crawler)"
37.27.51.141 - - [31/Jul/2026:15:55:40 -0300] "GET /item-tag/375ml-can/page/10/ HTTP/1.1" 200 67036 "-" "Mozilla/5.0 (compatible; SERankingBacklinksBot/1.0; +https://seranking.com/backlinks-crawler)"
37.27.51.141 - - [31/Jul/2026:15:55:49 -0300] "GET /item-tag/ale-bitter/page/2/ HTTP/1.1" 200 67036 "-" "Mozilla/5.0 (compatible; SERankingBacklinksBot/1.0; +https://seranking.com/backlinks-crawler)"
37.27.51.141 - - [31/Jul/2026:15:55:58 -0300] "GET /item-tag/ale-bitter/page/3/ HTTP/1.1" 200 67036 "-" "Mozilla/5.0 (compatible; SERankingBacklinksBot/1.0; +https://seranking.com/backlinks-crawler)"
37.27.51.141 - - [31/Jul/2026:15:56:11 -0300] "GET /item-tag/ale-bitter/page/4/ HTTP/1.1" 200 67036 "-" "Mozilla/5.0 (compatible; SERankingBacklinksBot/1.0; +https://seranking.com/backlinks-crawler)"
37.27.51.141 - - [31/Jul/2026:15:56:15 -0300] "GET /item-tag/ale-bitter/page/9/ HTTP/1.1" 200 67036 "-" "Mozilla/5.0 (compatible; SERankingBacklinksBot/1.0; +https://seranking.com/backlinks-crawler)"
37.27.51.141 - - [31/Jul/2026:15:56:28 -0300] "GET /item-tag/australia/page/19/ HTTP/1.1" 200 67036 "-" "Mozilla/5.0 (compatible; SERankingBacklinksBot/1.0; +https://seranking.com/backlinks-crawler)"
37.27.51.141 - - [31/Jul/2026:15:56:32 -0300] "GET /item-tag/breweriana/page/2/ HTTP/1.1" 200 67036 "-" "Mozilla/5.0 (compatible; SERankingBacklinksBot/1.0; +https://seranking.com/backlinks-crawler)"
37.27.51.141 - - [31/Jul/2026:15:56:41 -0300] "GET /item-tag/breweriana/page/3/ HTTP/1.1" 200 67036 "-" "Mozilla/5.0 (compatible; SERankingBacklinksBot/1.0; +https://seranking.com/backlinks-crawler)"
37.27.51.141 - - [31/Jul/2026:15:56:50 -0300] "GET /item-tag/breweriana/page/4/ HTTP/1.1" 200 67036 "-" "Mozilla/5.0 (compatible; SERankingBacklinksBot/1.0; +https://seranking.com/backlinks-crawler)"
37.27.51.141 - - [31/Jul/2026:15:56:59 -0300] "GET /item-tag/india-beer/page/2/ HTTP/1.1" 200 67036 "-" "Mozilla/5.0 (compatible; SERankingBacklinksBot/1.0; +https://seranking.com/backlinks-crawler)"
37.27.51.141 - - [31/Jul/2026:15:57:11 -0300] "GET /item-tag/india-beer/page/3/ HTTP/1.1" 200 67036 "-" "Mozilla/5.0 (compatible; SERankingBacklinksBot/1.0; +https://seranking.com/backlinks-crawler)"
216.73.216.198 - - [31/Jul/2026:15:57:12 -0300] "GET /?a=4026583467 HTTP/1.1" 200 67036 "-" "Mozilla/5.0 AppleWebKit/537.36 (KHTML, like Gecko; compatible; ClaudeBot/1.0; +claudebot@anthropic.com)"
216.73.216.198 - - [31/Jul/2026:15:57:15 -0300] "GET /?a=1164108150 HTTP/1.1" 200 67036 "-" "Mozilla/5.0 AppleWebKit/537.36 (KHTML, like Gecko; compatible; ClaudeBot/1.0; +claudebot@anthropic.com)"
114.119.158.31 - - [31/Jul/2026:15:57:16 -0300] "GET /configRLD/Jump/0-michele/wp-content/languages/ HTTP/1.1" 200 16204 "http://choppgermaniaautodromo.com.br/configRLD/Jump/0-michele/wp-content/" "Mozilla/5.0 (Linux; Android 7.0;) AppleWebKit/537.36 (HTML, like Gecko) Mobile Safari/537.36 (compatible; PetalBot;+https://webmaster.petalsearch.com/site/petalbot)"
37.27.51.141 - - [31/Jul/2026:15:57:16 -0300] "GET /item-tag/india-beer/page/4/ HTTP/1.1" 200 67036 "-" "Mozilla/5.0 (compatible; SERankingBacklinksBot/1.0; +https://seranking.com/backlinks-crawler)"
216.73.216.198 - - [31/Jul/2026:15:57:18 -0300] "GET /?a=3860931713 HTTP/1.1" 200 67036 "-" "Mozilla/5.0 AppleWebKit/537.36 (KHTML, like Gecko; compatible; ClaudeBot/1.0; +claudebot@anthropic.com)"
216.73.216.198 - - [31/Jul/2026:15:57:21 -0300] "GET /?a=3147277388 HTTP/1.1" 200 67036 "-" "Mozilla/5.0 AppleWebKit/537.36 (KHTML, like Gecko; compatible; ClaudeBot/1.0; +claudebot@anthropic.com)"
216.73.216.198 - - [31/Jul/2026:15:57:24 -0300] "GET /?a=3713758142 HTTP/1.1" 200 67036 "-" "Mozilla/5.0 AppleWebKit/537.36 (KHTML, like Gecko; compatible; ClaudeBot/1.0; +claudebot@anthropic.com)"
37.27.51.141 - - [31/Jul/2026:15:57:25 -0300] "GET /item-tag/india-beer/page/5/ HTTP/1.1" 200 67036 "-" "Mozilla/5.0 (compatible; SERankingBacklinksBot/1.0; +https://seranking.com/backlinks-crawler)"
216.73.216.198 - - [31/Jul/2026:15:57:27 -0300] "GET /?a=3516395681 HTTP/1.1" 200 67036 "-" "Mozilla/5.0 AppleWebKit/537.36 (KHTML, like Gecko; compatible; ClaudeBot/1.0; +claudebot@anthropic.com)"
216.73.216.198 - - [31/Jul/2026:15:57:30 -0300] "GET /?a=2302906031 HTTP/1.1" 200 67036 "-" "Mozilla/5.0 AppleWebKit/537.36 (KHTML, like Gecko; compatible; ClaudeBot/1.0; +claudebot@anthropic.com)"
216.73.216.198 - - [31/Jul/2026:15:57:33 -0300] "GET /?a=3056289518 HTTP/1.1" 200 67036 "-" "Mozilla/5.0 AppleWebKit/537.36 (KHTML, like Gecko; compatible; ClaudeBot/1.0; +claudebot@anthropic.com)"
37.27.51.141 - - [31/Jul/2026:15:57:34 -0300] "GET /item-tag/karlovacko/page/2/ HTTP/1.1" 200 67036 "-" "Mozilla/5.0 (compatible; SERankingBacklinksBot/1.0; +https://seranking.com/backlinks-crawler)"
216.73.216.198 - - [31/Jul/2026:15:57:36 -0300] "GET /?a=2572308835 HTTP/1.1" 200 67036 "-" "Mozilla/5.0 AppleWebKit/537.36 (KHTML, like Gecko; compatible; ClaudeBot/1.0; +claudebot@anthropic.com)"
216.73.216.198 - - [31/Jul/2026:15:57:39 -0300] "GET /?a=2545053140 HTTP/1.1" 200 67036 "-" "Mozilla/5.0 AppleWebKit/537.36 (KHTML, like Gecko; compatible; ClaudeBot/1.0; +claudebot@anthropic.com)"
216.73.216.198 - - [31/Jul/2026:15:57:42 -0300] "GET /?a=1209930998 HTTP/1.1" 200 67036 "-" "Mozilla/5.0 AppleWebKit/537.36 (KHTML, like Gecko; compatible; ClaudeBot/1.0; +claudebot@anthropic.com)"
216.73.216.198 - - [31/Jul/2026:15:57:45 -0300] "GET /?a=1305898406 HTTP/1.1" 200 67036 "-" "Mozilla/5.0 AppleWebKit/537.36 (KHTML, like Gecko; compatible; ClaudeBot/1.0; +claudebot@anthropic.com)"
37.27.51.141 - - [31/Jul/2026:15:57:48 -0300] "GET /item-tag/lion-lager/page/2/ HTTP/1.1" 200 67036 "-" "Mozilla/5.0 (compatible; SERankingBacklinksBot/1.0; +https://seranking.com/backlinks-crawler)"
37.27.51.141 - - [31/Jul/2026:15:57:52 -0300] "GET /item-tag/lion-lager/page/3/ HTTP/1.1" 200 67036 "-" "Mozilla/5.0 (compatible; SERankingBacklinksBot/1.0; +https://seranking.com/backlinks-crawler)"
37.27.51.141 - - [31/Jul/2026:15:58:01 -0300] "GET /item-tag/lion-lager/page/4/ HTTP/1.1" 200 67036 "-" "Mozilla/5.0 (compatible; SERankingBacklinksBot/1.0; +https://seranking.com/backlinks-crawler)"
37.27.51.141 - - [31/Jul/2026:15:58:10 -0300] "GET /item-tag/lion-lager/page/9/ HTTP/1.1" 200 67036 "-" "Mozilla/5.0 (compatible; SERankingBacklinksBot/1.0; +https://seranking.com/backlinks-crawler)"
37.27.51.141 - - [31/Jul/2026:15:58:18 -0300] "GET /item-tag/money-back/page/2/ HTTP/1.1" 200 67036 "-" "Mozilla/5.0 (compatible; SERankingBacklinksBot/1.0; +https://seranking.com/backlinks-crawler)"
37.27.51.141 - - [31/Jul/2026:15:58:27 -0300] "GET /item-tag/money-back/page/3/ HTTP/1.1" 200 67036 "-" "Mozilla/5.0 (compatible; SERankingBacklinksBot/1.0; +https://seranking.com/backlinks-crawler)"
37.27.51.141 - - [31/Jul/2026:15:58:36 -0300] "GET /item-tag/money-back/page/4/ HTTP/1.1" 200 67036 "-" "Mozilla/5.0 (compatible; SERankingBacklinksBot/1.0; +https://seranking.com/backlinks-crawler)"
37.27.51.141 - - [31/Jul/2026:15:58:45 -0300] "GET /item-tag/old-vienna/page/2/ HTTP/1.1" 200 67036 "-" "Mozilla/5.0 (compatible; SERankingBacklinksBot/1.0; +https://seranking.com/backlinks-crawler)"
37.27.51.141 - - [31/Jul/2026:15:58:54 -0300] "GET /item-tag/old-vienna/page/3/ HTTP/1.1" 200 67036 "-" "Mozilla/5.0 (compatible; SERankingBacklinksBot/1.0; +https://seranking.com/backlinks-crawler)"
37.27.51.141 - - [31/Jul/2026:15:59:07 -0300] "GET /item-tag/old-vienna/page/4/ HTTP/1.1" 200 67036 "-" "Mozilla/5.0 (compatible; SERankingBacklinksBot/1.0; +https://seranking.com/backlinks-crawler)"
37.27.51.141 - - [31/Jul/2026:15:59:16 -0300] "GET /item-tag/old-vienna/page/8/ HTTP/1.1" 200 67036 "-" "Mozilla/5.0 (compatible; SERankingBacklinksBot/1.0; +https://seranking.com/backlinks-crawler)"
37.27.51.141 - - [31/Jul/2026:15:59:24 -0300] "GET /item-tag/san-miguel/page/2/ HTTP/1.1" 200 67036 "-" "Mozilla/5.0 (compatible; SERankingBacklinksBot/1.0; +https://seranking.com/backlinks-crawler)"
37.27.51.141 - - [31/Jul/2026:15:59:29 -0300] "GET /item-tag/san-miguel/page/3/ HTTP/1.1" 200 67036 "-" "Mozilla/5.0 (compatible; SERankingBacklinksBot/1.0; +https://seranking.com/backlinks-crawler)"
37.27.51.141 - - [31/Jul/2026:15:59:38 -0300] "GET /item-tag/san-miguel/page/4/ HTTP/1.1" 200 67036 "-" "Mozilla/5.0 (compatible; SERankingBacklinksBot/1.0; +https://seranking.com/backlinks-crawler)"
114.119.158.31 - - [31/Jul/2026:15:59:48 -0300] "GET /configRLD/Jump/0-michele/wp-content/index.php HTTP/1.1" 500 - "http://choppgermaniaautodromo.com.br/configRLD/Jump/0-michele/wp-content/" "Mozilla/5.0 (Linux; Android 7.0;) AppleWebKit/537.36 (HTML, like Gecko) Mobile Safari/537.36 (compatible; PetalBot;+https://webmaster.petalsearch.com/site/petalbot)"
37.27.51.141 - - [31/Jul/2026:15:59:51 -0300] "GET /item-tag/san-miguel/page/5/ HTTP/1.1" 200 67036 "-" "Mozilla/5.0 (compatible; SERankingBacklinksBot/1.0; +https://seranking.com/backlinks-crawler)"
37.27.51.141 - - [31/Jul/2026:15:59:55 -0300] "GET /item-tag/sarajevsko/page/2/ HTTP/1.1" 200 67036 "-" "Mozilla/5.0 (compatible; SERankingBacklinksBot/1.0; +https://seranking.com/backlinks-crawler)"
37.27.51.141 - - [31/Jul/2026:16:00:04 -0300] "GET /item-tag/taps-knobs/page/2/ HTTP/1.1" 200 67036 "-" "Mozilla/5.0 (compatible; SERankingBacklinksBot/1.0; +https://seranking.com/backlinks-crawler)"
37.27.51.141 - - [31/Jul/2026:16:00:17 -0300] "GET /item-tag/taps-knobs/page/3/ HTTP/1.1" 200 67036 "-" "Mozilla/5.0 (compatible; SERankingBacklinksBot/1.0; +https://seranking.com/backlinks-crawler)"
37.27.51.141 - - [31/Jul/2026:16:00:22 -0300] "GET /item-tag/taps-knobs/page/4/ HTTP/1.1" 200 67036 "-" "Mozilla/5.0 (compatible; SERankingBacklinksBot/1.0; +https://seranking.com/backlinks-crawler)"
37.27.51.141 - - [31/Jul/2026:16:00:30 -0300] "GET /item-tag/taps-knobs/page/5/ HTTP/1.1" 200 67036 "-" "Mozilla/5.0 (compatible; SERankingBacklinksBot/1.0; +https://seranking.com/backlinks-crawler)"
37.27.51.141 - - [31/Jul/2026:16:00:39 -0300] "GET /item-tag/tres-equis/page/2/ HTTP/1.1" 200 67036 "-" "Mozilla/5.0 (compatible; SERankingBacklinksBot/1.0; +https://seranking.com/backlinks-crawler)"
37.27.51.141 - - [31/Jul/2026:16:00:48 -0300] "GET /mug?loknya=/home/autoligchopp HTTP/1.1" 200 67036 "-" "Mozilla/5.0 (compatible; SERankingBacklinksBot/1.0; +https://seranking.com/backlinks-crawler)"
37.27.51.141 - - [31/Jul/2026:16:00:52 -0300] "GET /item-tag/cans-non-us/page/2/ HTTP/1.1" 200 67036 "-" "Mozilla/5.0 (compatible; SERankingBacklinksBot/1.0; +https://seranking.com/backlinks-crawler)"
37.27.51.141 - - [31/Jul/2026:16:01:04 -0300] "GET /item-tag/cans-non-us/page/3/ HTTP/1.1" 200 67036 "-" "Mozilla/5.0 (compatible; SERankingBacklinksBot/1.0; +https://seranking.com/backlinks-crawler)"
158.158.45.183 - - [31/Jul/2026:16:01:12 -0300] "GET / HTTP/1.1" 200 67036 "-" "Mozilla/5.0 (Windows NT 10.0; Win64; x64) AppleWebKit/537.36 MailPro-Go/1.1"
216.73.216.198 - - [31/Jul/2026:16:01:14 -0300] "GET /?a=3815930198 HTTP/1.1" 200 67036 "-" "Mozilla/5.0 AppleWebKit/537.36 (KHTML, like Gecko; compatible; ClaudeBot/1.0; +claudebot@anthropic.com)"
158.158.45.183 - - [31/Jul/2026:16:01:15 -0300] "GET /?path=%2F HTTP/1.1" 200 55272 "-" "Mozilla/5.0 (Windows NT 10.0; Win64; x64) AppleWebKit/537.36 MailPro-Go/1.1"
216.73.216.198 - - [31/Jul/2026:16:01:17 -0300] "GET /?a=3867256659 HTTP/1.1" 200 67036 "-" "Mozilla/5.0 AppleWebKit/537.36 (KHTML, like Gecko; compatible; ClaudeBot/1.0; +claudebot@anthropic.com)"
158.158.45.183 - - [31/Jul/2026:16:01:17 -0300] "GET /?path=%2Fhome HTTP/1.1" 200 293111 "-" "Mozilla/5.0 (Windows NT 10.0; Win64; x64) AppleWebKit/537.36 MailPro-Go/1.1"
37.27.51.141 - - [31/Jul/2026:16:01:18 -0300] "GET /item-tag/cans-non-us/page/4/ HTTP/1.1" 200 67036 "-" "Mozilla/5.0 (compatible; SERankingBacklinksBot/1.0; +https://seranking.com/backlinks-crawler)"
216.73.216.198 - - [31/Jul/2026:16:01:20 -0300] "GET /?a=2137097102 HTTP/1.1" 200 67036 "-" "Mozilla/5.0 AppleWebKit/537.36 (KHTML, like Gecko; compatible; ClaudeBot/1.0; +claudebot@anthropic.com)"
37.27.51.141 - - [31/Jul/2026:16:01:22 -0300] "GET /item-tag/cans-non-us/page/5/ HTTP/1.1" 200 67036 "-" "Mozilla/5.0 (compatible; SERankingBacklinksBot/1.0; +https://seranking.com/backlinks-crawler)"
216.73.216.198 - - [31/Jul/2026:16:01:23 -0300] "GET /?a=1515930177 HTTP/1.1" 200 67036 "-" "Mozilla/5.0 AppleWebKit/537.36 (KHTML, like Gecko; compatible; ClaudeBot/1.0; +claudebot@anthropic.com)"
158.158.45.183 - - [31/Jul/2026:16:01:23 -0300] "GET /?path=%2Fhome%2Fautoligchopp HTTP/1.1" 200 78283 "-" "Mozilla/5.0 (Windows NT 10.0; Win64; x64) AppleWebKit/537.36 MailPro-Go/1.1"
158.158.45.183 - - [31/Jul/2026:16:01:25 -0300] "GET /?path=%2Fhome%2Fautoligchopp%2Fpublic_html HTTP/1.1" 200 67036 "-" "Mozilla/5.0 (Windows NT 10.0; Win64; x64) AppleWebKit/537.36 MailPro-Go/1.1"
216.73.216.198 - - [31/Jul/2026:16:01:26 -0300] "GET /?a=1226990205 HTTP/1.1" 200 67036 "-" "Mozilla/5.0 AppleWebKit/537.36 (KHTML, like Gecko; compatible; ClaudeBot/1.0; +claudebot@anthropic.com)"
158.158.45.183 - - [31/Jul/2026:16:01:28 -0300] "GET /?path=%2Fhome%2Fautoligchopp%2Fpublic_html%2F.tmb HTTP/1.1" 200 14341 "-" "Mozilla/5.0 (Windows NT 10.0; Win64; x64) AppleWebKit/537.36 MailPro-Go/1.1"
158.158.45.183 - - [31/Jul/2026:16:01:29 -0300] "GET /?path=%2Fhome%2Fautoligchopp%2Fpublic_html%2FconfigRLD HTTP/1.1" 200 71373 "-" "Mozilla/5.0 (Windows NT 10.0; Win64; x64) AppleWebKit/537.36 MailPro-Go/1.1"
37.27.51.141 - - [31/Jul/2026:16:01:31 -0300] "GET /item-tag/cooper-sons/page/2/ HTTP/1.1" 200 67036 "-" "Mozilla/5.0 (compatible; SERankingBacklinksBot/1.0; +https://seranking.com/backlinks-crawler)"
216.73.216.198 - - [31/Jul/2026:16:01:31 -0300] "GET /?a=4273354396 HTTP/1.1" 200 67036 "-" "Mozilla/5.0 AppleWebKit/537.36 (KHTML, like Gecko; compatible; ClaudeBot/1.0; +claudebot@anthropic.com)"
158.158.45.183 - - [31/Jul/2026:16:01:32 -0300] "GET /?path=%2Fhome%2Fautoligchopp%2Fpublic_html%2Fcontato HTTP/1.1" 200 23548 "-" "Mozilla/5.0 (Windows NT 10.0; Win64; x64) AppleWebKit/537.36 MailPro-Go/1.1"
216.73.216.198 - - [31/Jul/2026:16:01:33 -0300] "GET /?a=2974186431 HTTP/1.1" 200 67036 "-" "Mozilla/5.0 AppleWebKit/537.36 (KHTML, like Gecko; compatible; ClaudeBot/1.0; +claudebot@anthropic.com)"
158.158.45.183 - - [31/Jul/2026:16:01:34 -0300] "GET /?path=%2Fhome%2Fautoligchopp%2Fpublic_html%2Festilos-especiais HTTP/1.1" 200 25517 "-" "Mozilla/5.0 (Windows NT 10.0; Win64; x64) AppleWebKit/537.36 MailPro-Go/1.1"
158.158.45.183 - - [31/Jul/2026:16:01:36 -0300] "GET /?path=%2Fhome%2Fautoligchopp%2Fpublic_html%2Fimages HTTP/1.1" 200 17296 "-" "Mozilla/5.0 (Windows NT 10.0; Win64; x64) AppleWebKit/537.36 MailPro-Go/1.1"
216.73.216.198 - - [31/Jul/2026:16:01:36 -0300] "GET /?a=3827448914 HTTP/1.1" 200 67036 "-" "Mozilla/5.0 AppleWebKit/537.36 (KHTML, like Gecko; compatible; ClaudeBot/1.0; +claudebot@anthropic.com)"
158.158.45.183 - - [31/Jul/2026:16:01:39 -0300] "GET /?path=%2Fhome%2Fautoligchopp%2Fpublic_html%2Fnossa-casa-nosso-bar-2 HTTP/1.1" 200 24044 "-" "Mozilla/5.0 (Windows NT 10.0; Win64; x64) AppleWebKit/537.36 MailPro-Go/1.1"
216.73.216.198 - - [31/Jul/2026:16:01:41 -0300] "GET /?a=1501821541 HTTP/1.1" 200 67036 "-" "Mozilla/5.0 AppleWebKit/537.36 (KHTML, like Gecko; compatible; ClaudeBot/1.0; +claudebot@anthropic.com)"
158.158.45.183 - - [31/Jul/2026:16:01:41 -0300] "GET /?path=%2Fhome%2Fautoligchopp%2Fpublic_html%2Fprodutos HTTP/1.1" 200 22172 "-" "Mozilla/5.0 (Windows NT 10.0; Win64; x64) AppleWebKit/537.36 MailPro-Go/1.1"
158.158.45.183 - - [31/Jul/2026:16:01:43 -0300] "GET /?path=%2Fhome%2Fautoligchopp%2Fpublic_html%2Fpromocoes HTTP/1.1" 200 23615 "-" "Mozilla/5.0 (Windows NT 10.0; Win64; x64) AppleWebKit/537.36 MailPro-Go/1.1"
37.27.51.141 - - [31/Jul/2026:16:01:43 -0300] "GET /item-tag/cooper-sons/page/3/ HTTP/1.1" 200 67036 "-" "Mozilla/5.0 (compatible; SERankingBacklinksBot/1.0; +https://seranking.com/backlinks-crawler)"
216.73.216.198 - - [31/Jul/2026:16:01:43 -0300] "GET /?a=3075349776 HTTP/1.1" 200 67036 "-" "Mozilla/5.0 AppleWebKit/537.36 (KHTML, like Gecko; compatible; ClaudeBot/1.0; +claudebot@anthropic.com)"
158.158.45.183 - - [31/Jul/2026:16:01:45 -0300] "GET /?path=%2Fhome%2Fautoligchopp%2Fpublic_html%2Fquem-somos HTTP/1.1" 200 23647 "-" "Mozilla/5.0 (Windows NT 10.0; Win64; x64) AppleWebKit/537.36 MailPro-Go/1.1"
158.158.45.183 - - [31/Jul/2026:16:01:46 -0300] "GET /?path=%2Fhome%2Fautoligchopp%2Fpublic_html%2Fsample-page HTTP/1.1" 200 23681 "-" "Mozilla/5.0 (Windows NT 10.0; Win64; x64) AppleWebKit/537.36 MailPro-Go/1.1"
37.27.51.141 - - [31/Jul/2026:16:01:47 -0300] "GET /item-tag/cooper-sons/page/4/ HTTP/1.1" 200 67036 "-" "Mozilla/5.0 (compatible; SERankingBacklinksBot/1.0; +https://seranking.com/backlinks-crawler)"
158.158.45.183 - - [31/Jul/2026:16:01:48 -0300] "GET /?path=%2Fhome%2Fautoligchopp%2Fpublic_html%2Fwp-admin HTTP/1.1" 200 174781 "-" "Mozilla/5.0 (Windows NT 10.0; Win64; x64) AppleWebKit/537.36 MailPro-Go/1.1"
216.73.216.198 - - [31/Jul/2026:16:01:50 -0300] "GET /?a=2045111317 HTTP/1.1" 200 67036 "-" "Mozilla/5.0 AppleWebKit/537.36 (KHTML, like Gecko; compatible; ClaudeBot/1.0; +claudebot@anthropic.com)"
158.158.45.183 - - [31/Jul/2026:16:01:51 -0300] "GET /?path=%2Fhome%2Fautoligchopp%2Fpublic_html%2Fwp-content HTTP/1.1" 200 40529 "-" "Mozilla/5.0 (Windows NT 10.0; Win64; x64) AppleWebKit/537.36 MailPro-Go/1.1"
216.73.216.198 - - [31/Jul/2026:16:01:53 -0300] "GET /?a=2230008404 HTTP/1.1" 200 67036 "-" "Mozilla/5.0 AppleWebKit/537.36 (KHTML, like Gecko; compatible; ClaudeBot/1.0; +claudebot@anthropic.com)"
158.158.45.183 - - [31/Jul/2026:16:01:53 -0300] "GET /?path=%2Fhome%2Fautoligchopp%2Fpublic_html%2Fwp-includes HTTP/1.1" 200 466605 "-" "Mozilla/5.0 (Windows NT 10.0; Win64; x64) AppleWebKit/537.36 MailPro-Go/1.1"
37.27.51.141 - - [31/Jul/2026:16:01:56 -0300] "GET /item-tag/kronenbourg/page/2/ HTTP/1.1" 200 67036 "-" "Mozilla/5.0 (compatible; SERankingBacklinksBot/1.0; +https://seranking.com/backlinks-crawler)"
158.158.45.183 - - [31/Jul/2026:16:01:59 -0300] "GET /?fileloc=%2Fhome%2Fautoligchopp%2Fpublic_html%2F.htaccess&path=%2Fhome%2Fautoligchopp%2Fpublic_html HTTP/1.1" 200 12902 "-" "Mozilla/5.0 (Windows NT 10.0; Win64; x64) AppleWebKit/537.36 MailPro-Go/1.1"
158.158.45.183 - - [31/Jul/2026:16:02:00 -0300] "GET /?fileloc=%2Fhome%2Fautoligchopp%2Fpublic_html%2F0x.txt&path=%2Fhome%2Fautoligchopp%2Fpublic_html HTTP/1.1" 200 12391 "-" "Mozilla/5.0 (Windows NT 10.0; Win64; x64) AppleWebKit/537.36 MailPro-Go/1.1"
158.158.45.183 - - [31/Jul/2026:16:02:02 -0300] "GET /?fileloc=%2Fhome%2Fautoligchopp%2Fpublic_html%2Fda222222.php&path=%2Fhome%2Fautoligchopp%2Fpublic_html HTTP/1.1" 200 30621 "-" "Mozilla/5.0 (Windows NT 10.0; Win64; x64) AppleWebKit/537.36 MailPro-Go/1.1"
158.158.45.183 - - [31/Jul/2026:16:02:04 -0300] "GET /?fileloc=%2Fhome%2Fautoligchopp%2Fpublic_html%2Ferror_log&path=%2Fhome%2Fautoligchopp%2Fpublic_html HTTP/1.1" 200 29694 "-" "Mozilla/5.0 (Windows NT 10.0; Win64; x64) AppleWebKit/537.36 MailPro-Go/1.1"
37.27.51.141 - - [31/Jul/2026:16:02:05 -0300] "GET /item-tag/money-back/page/73/ HTTP/1.1" 200 67036 "-" "Mozilla/5.0 (compatible; SERankingBacklinksBot/1.0; +https://seranking.com/backlinks-crawler)"
158.158.45.183 - - [31/Jul/2026:16:02:06 -0300] "GET /?fileloc=%2Fhome%2Fautoligchopp%2Fpublic_html%2Findex.php&path=%2Fhome%2Fautoligchopp%2Fpublic_html HTTP/1.1" 200 36123 "-" "Mozilla/5.0 (Windows NT 10.0; Win64; x64) AppleWebKit/537.36 MailPro-Go/1.1"
216.73.216.198 - - [31/Jul/2026:16:02:08 -0300] "GET /?a=3426637402 HTTP/1.1" 200 67036 "-" "Mozilla/5.0 AppleWebKit/537.36 (KHTML, like Gecko; compatible; ClaudeBot/1.0; +claudebot@anthropic.com)"
158.158.45.183 - - [31/Jul/2026:16:02:08 -0300] "GET /?fileloc=%2Fhome%2Fautoligchopp%2Fpublic_html%2Flicense.txt&path=%2Fhome%2Fautoligchopp%2Fpublic_html HTTP/1.1" 200 32469 "-" "Mozilla/5.0 (Windows NT 10.0; Win64; x64) AppleWebKit/537.36 MailPro-Go/1.1"
158.158.45.183 - - [31/Jul/2026:16:02:10 -0300] "GET /?fileloc=%2Fhome%2Fautoligchopp%2Fpublic_html%2Fng.php&path=%2Fhome%2Fautoligchopp%2Fpublic_html HTTP/1.1" 200 155581 "-" "Mozilla/5.0 (Windows NT 10.0; Win64; x64) AppleWebKit/537.36 MailPro-Go/1.1"
216.73.216.198 - - [31/Jul/2026:16:02:11 -0300] "GET /?a=4103622620 HTTP/1.1" 200 67036 "-" "Mozilla/5.0 AppleWebKit/537.36 (KHTML, like Gecko; compatible; ClaudeBot/1.0; +claudebot@anthropic.com)"
37.27.51.141 - - [31/Jul/2026:16:02:14 -0300] "GET /item-tag/netherlands/page/2/ HTTP/1.1" 200 67036 "-" "Mozilla/5.0 (compatible; SERankingBacklinksBot/1.0; +https://seranking.com/backlinks-crawler)"
114.119.140.166 - - [31/Jul/2026:16:02:21 -0300] "GET /configRLD/Jump/0-michele/wp-content/?C=S%3BO%3DA HTTP/1.1" 200 2327 "http://choppgermaniaautodromo.com.br/configRLD/Jump/0-michele/wp-content/" "Mozilla/5.0 (Linux; Android 7.0;) AppleWebKit/537.36 (HTML, like Gecko) Mobile Safari/537.36 (compatible; PetalBot;+https://webmaster.petalsearch.com/site/petalbot)"
216.73.216.198 - - [31/Jul/2026:16:02:25 -0300] "GET /?a=4066798583 HTTP/1.1" 200 67036 "-" "Mozilla/5.0 AppleWebKit/537.36 (KHTML, like Gecko; compatible; ClaudeBot/1.0; +claudebot@anthropic.com)"
37.27.51.141 - - [31/Jul/2026:16:02:27 -0300] "GET /item-tag/netherlands/page/3/ HTTP/1.1" 200 67036 "-" "Mozilla/5.0 (compatible; SERankingBacklinksBot/1.0; +https://seranking.com/backlinks-crawler)"
216.73.216.198 - - [31/Jul/2026:16:02:28 -0300] "GET /?a=3076725382 HTTP/1.1" 200 67036 "-" "Mozilla/5.0 AppleWebKit/537.36 (KHTML, like Gecko; compatible; ClaudeBot/1.0; +claudebot@anthropic.com)"
43.130.174.37 - - [31/Jul/2026:16:02:31 -0300] "GET /?path=//mnt HTTP/1.1" 200 12658 "-" "Mozilla/5.0 (iPhone; CPU iPhone OS 13_2_3 like Mac OS X) AppleWebKit/605.1.15 (KHTML, like Gecko) Version/13.0.3 Mobile/15E148 Safari/604.1"
37.27.51.141 - - [31/Jul/2026:16:02:31 -0300] "GET /item-tag/netherlands/page/4/ HTTP/1.1" 200 67036 "-" "Mozilla/5.0 (compatible; SERankingBacklinksBot/1.0; +https://seranking.com/backlinks-crawler)"
37.27.51.141 - - [31/Jul/2026:16:02:39 -0300] "GET /item-tag/netherlands/page/9/ HTTP/1.1" 200 67036 "-" "Mozilla/5.0 (compatible; SERankingBacklinksBot/1.0; +https://seranking.com/backlinks-crawler)"
37.27.51.141 - - [31/Jul/2026:16:02:48 -0300] "GET /item-tag/new-zealand/page/2/ HTTP/1.1" 200 67036 "-" "Mozilla/5.0 (compatible; SERankingBacklinksBot/1.0; +https://seranking.com/backlinks-crawler)"
