136.243.228.179 - - [31/Jul/2026:19:50:37 -0300] "GET /?a=521782034 HTTP/1.1" 200 67036 "-" "Mozilla/5.0 (compatible; DataForSeoBot/1.0; +https://dataforseo.com/dataforseo-bot)"
136.243.228.179 - - [31/Jul/2026:19:50:42 -0300] "GET /?a=4053334080 HTTP/1.1" 200 67036 "-" "Mozilla/5.0 (compatible; DataForSeoBot/1.0; +https://dataforseo.com/dataforseo-bot)"
136.243.228.179 - - [31/Jul/2026:19:50:47 -0300] "GET /?a=1464656765 HTTP/1.1" 200 67036 "-" "Mozilla/5.0 (compatible; DataForSeoBot/1.0; +https://dataforseo.com/dataforseo-bot)"
136.243.228.179 - - [31/Jul/2026:19:50:51 -0300] "GET /?a=3780537047 HTTP/1.1" 200 67036 "-" "Mozilla/5.0 (compatible; DataForSeoBot/1.0; +https://dataforseo.com/dataforseo-bot)"
43.163.206.70 - - [31/Jul/2026:19:50:52 -0300] "GET /t-shirts?fileloc=/home/autoligchopp/public_html/produtos/google6ced1809aa9c1b66.html&path=/home/autoligchopp/public_html/produtos HTTP/1.1" 200 12534 "-" "Mozilla/5.0 (iPhone; CPU iPhone OS 13_2_3 like Mac OS X) AppleWebKit/605.1.15 (KHTML, like Gecko) Version/13.0.3 Mobile/15E148 Safari/604.1"
136.243.228.179 - - [31/Jul/2026:19:50:54 -0300] "GET /?a=4166870726 HTTP/1.1" 200 67036 "-" "Mozilla/5.0 (compatible; DataForSeoBot/1.0; +https://dataforseo.com/dataforseo-bot)"
136.243.228.179 - - [31/Jul/2026:19:50:59 -0300] "GET /?a=2035365759 HTTP/1.1" 200 67036 "-" "Mozilla/5.0 (compatible; DataForSeoBot/1.0; +https://dataforseo.com/dataforseo-bot)"
136.243.228.179 - - [31/Jul/2026:19:51:04 -0300] "GET /?a=2688695567 HTTP/1.1" 200 67036 "-" "Mozilla/5.0 (compatible; DataForSeoBot/1.0; +https://dataforseo.com/dataforseo-bot)"
136.243.228.179 - - [31/Jul/2026:19:51:09 -0300] "GET /?a=1982021044 HTTP/1.1" 200 67036 "-" "Mozilla/5.0 (compatible; DataForSeoBot/1.0; +https://dataforseo.com/dataforseo-bot)"
136.243.228.179 - - [31/Jul/2026:19:51:13 -0300] "GET /?a=1080961484 HTTP/1.1" 200 67036 "-" "Mozilla/5.0 (compatible; DataForSeoBot/1.0; +https://dataforseo.com/dataforseo-bot)"
136.243.228.179 - - [31/Jul/2026:19:51:17 -0300] "GET /?a=3072650440 HTTP/1.1" 200 67036 "-" "Mozilla/5.0 (compatible; DataForSeoBot/1.0; +https://dataforseo.com/dataforseo-bot)"
136.243.228.179 - - [31/Jul/2026:19:51:22 -0300] "GET /?a=4289534303 HTTP/1.1" 200 67036 "-" "Mozilla/5.0 (compatible; DataForSeoBot/1.0; +https://dataforseo.com/dataforseo-bot)"
114.119.134.155 - - [31/Jul/2026:19:51:28 -0300] "GET /configRLD/Jump/0-toldosilvio/wp-includes/registration.php HTTP/1.1" 500 - "http://choppgermaniaautodromo.com.br/configRLD/Jump/0-toldosilvio/wp-includes/" "Mozilla/5.0 (Linux; Android 7.0;) AppleWebKit/537.36 (HTML, like Gecko) Mobile Safari/537.36 (compatible; PetalBot;+https://webmaster.petalsearch.com/site/petalbot)"
136.243.228.179 - - [31/Jul/2026:19:51:28 -0300] "GET /?a=3670565220 HTTP/1.1" 200 67036 "-" "Mozilla/5.0 (compatible; DataForSeoBot/1.0; +https://dataforseo.com/dataforseo-bot)"
136.243.228.179 - - [31/Jul/2026:19:51:32 -0300] "GET /?a=2530572779 HTTP/1.1" 200 67036 "-" "Mozilla/5.0 (compatible; DataForSeoBot/1.0; +https://dataforseo.com/dataforseo-bot)"
136.243.228.179 - - [31/Jul/2026:19:51:37 -0300] "GET /?a=2333064303 HTTP/1.1" 200 67036 "-" "Mozilla/5.0 (compatible; DataForSeoBot/1.0; +https://dataforseo.com/dataforseo-bot)"
136.243.228.179 - - [31/Jul/2026:19:51:41 -0300] "GET /?a=3923539402 HTTP/1.1" 200 67036 "-" "Mozilla/5.0 (compatible; DataForSeoBot/1.0; +https://dataforseo.com/dataforseo-bot)"
136.243.228.179 - - [31/Jul/2026:19:51:46 -0300] "GET /?a=2601272516 HTTP/1.1" 200 67036 "-" "Mozilla/5.0 (compatible; DataForSeoBot/1.0; +https://dataforseo.com/dataforseo-bot)"
136.243.228.179 - - [31/Jul/2026:19:51:49 -0300] "GET /?a=1158968872 HTTP/1.1" 200 67036 "-" "Mozilla/5.0 (compatible; DataForSeoBot/1.0; +https://dataforseo.com/dataforseo-bot)"
136.243.228.179 - - [31/Jul/2026:19:51:54 -0300] "GET /?a=2015077626 HTTP/1.1" 200 67036 "-" "Mozilla/5.0 (compatible; DataForSeoBot/1.0; +https://dataforseo.com/dataforseo-bot)"
136.243.228.179 - - [31/Jul/2026:19:51:58 -0300] "GET /?a=969449744 HTTP/1.1" 200 67036 "-" "Mozilla/5.0 (compatible; DataForSeoBot/1.0; +https://dataforseo.com/dataforseo-bot)"
136.243.228.179 - - [31/Jul/2026:19:52:03 -0300] "GET /?a=2247433694 HTTP/1.1" 200 67036 "-" "Mozilla/5.0 (compatible; DataForSeoBot/1.0; +https://dataforseo.com/dataforseo-bot)"
136.243.228.179 - - [31/Jul/2026:19:52:08 -0300] "GET /?a=3111671432 HTTP/1.1" 200 67036 "-" "Mozilla/5.0 (compatible; DataForSeoBot/1.0; +https://dataforseo.com/dataforseo-bot)"
136.243.228.179 - - [31/Jul/2026:19:52:12 -0300] "GET /?a=3078451343 HTTP/1.1" 200 67036 "-" "Mozilla/5.0 (compatible; DataForSeoBot/1.0; +https://dataforseo.com/dataforseo-bot)"
136.243.228.179 - - [31/Jul/2026:19:52:17 -0300] "GET /?a=13996893 HTTP/1.1" 200 67036 "-" "Mozilla/5.0 (compatible; DataForSeoBot/1.0; +https://dataforseo.com/dataforseo-bot)"
136.243.228.179 - - [31/Jul/2026:19:52:22 -0300] "GET /?a=2454893488 HTTP/1.1" 200 67036 "-" "Mozilla/5.0 (compatible; DataForSeoBot/1.0; +https://dataforseo.com/dataforseo-bot)"
136.243.228.179 - - [31/Jul/2026:19:52:27 -0300] "GET /?a=3897450414 HTTP/1.1" 200 67036 "-" "Mozilla/5.0 (compatible; DataForSeoBot/1.0; +https://dataforseo.com/dataforseo-bot)"
136.243.228.179 - - [31/Jul/2026:19:52:33 -0300] "GET /?a=1966926665 HTTP/1.1" 200 67036 "-" "Mozilla/5.0 (compatible; DataForSeoBot/1.0; +https://dataforseo.com/dataforseo-bot)"
136.243.228.179 - - [31/Jul/2026:19:52:37 -0300] "GET /?a=683541119 HTTP/1.1" 200 67036 "-" "Mozilla/5.0 (compatible; DataForSeoBot/1.0; +https://dataforseo.com/dataforseo-bot)"
136.243.228.179 - - [31/Jul/2026:19:52:41 -0300] "GET /?a=1809389489 HTTP/1.1" 200 67036 "-" "Mozilla/5.0 (compatible; DataForSeoBot/1.0; +https://dataforseo.com/dataforseo-bot)"
136.243.228.179 - - [31/Jul/2026:19:52:46 -0300] "GET /?a=973086025 HTTP/1.1" 200 67036 "-" "Mozilla/5.0 (compatible; DataForSeoBot/1.0; +https://dataforseo.com/dataforseo-bot)"
136.243.228.179 - - [31/Jul/2026:19:52:50 -0300] "GET /?a=3397768219 HTTP/1.1" 200 67036 "-" "Mozilla/5.0 (compatible; DataForSeoBot/1.0; +https://dataforseo.com/dataforseo-bot)"
216.73.216.198 - - [31/Jul/2026:19:52:55 -0300] "GET /?path=%2F%2Fproc%2F2753885 HTTP/1.1" 200 12703 "-" "Mozilla/5.0 AppleWebKit/537.36 (KHTML, like Gecko; compatible; ClaudeBot/1.0; +claudebot@anthropic.com)"
136.243.228.179 - - [31/Jul/2026:19:52:56 -0300] "GET /?a=819530472 HTTP/1.1" 200 67036 "-" "Mozilla/5.0 (compatible; DataForSeoBot/1.0; +https://dataforseo.com/dataforseo-bot)"
216.73.216.198 - - [31/Jul/2026:19:52:58 -0300] "GET /index.php?fileloc=%2Fhome%2Fautoligchopp%2Fpublic_html%2Fwp-admin%2Foptions-reading.php&path=%2Fhome%2Fautoligchopp%2Fpublic_html%2Fwp-admin HTTP/1.1" 200 26306 "-" "Mozilla/5.0 AppleWebKit/537.36 (KHTML, like Gecko; compatible; ClaudeBot/1.0; +claudebot@anthropic.com)"
136.243.228.179 - - [31/Jul/2026:19:53:00 -0300] "GET /?a=3266531145 HTTP/1.1" 200 67036 "-" "Mozilla/5.0 (compatible; DataForSeoBot/1.0; +https://dataforseo.com/dataforseo-bot)"
216.73.216.198 - - [31/Jul/2026:19:53:01 -0300] "GET /?path=%2F%2Fproc%2F1288485 HTTP/1.1" 200 12703 "-" "Mozilla/5.0 AppleWebKit/537.36 (KHTML, like Gecko; compatible; ClaudeBot/1.0; +claudebot@anthropic.com)"
216.73.216.198 - - [31/Jul/2026:19:53:04 -0300] "GET /wp-config.php?path=%2Fhome%2Fchoppautodromo HTTP/1.1" 200 12715 "-" "Mozilla/5.0 AppleWebKit/537.36 (KHTML, like Gecko; compatible; ClaudeBot/1.0; +claudebot@anthropic.com)"
136.243.228.179 - - [31/Jul/2026:19:53:05 -0300] "GET /?a=910304158 HTTP/1.1" 200 67036 "-" "Mozilla/5.0 (compatible; DataForSeoBot/1.0; +https://dataforseo.com/dataforseo-bot)"
216.73.216.198 - - [31/Jul/2026:19:53:07 -0300] "GET /?path=%2F%2Fproc%2F1773315 HTTP/1.1" 200 12703 "-" "Mozilla/5.0 AppleWebKit/537.36 (KHTML, like Gecko; compatible; ClaudeBot/1.0; +claudebot@anthropic.com)"
216.73.216.198 - - [31/Jul/2026:19:53:10 -0300] "GET /?path=%2F%2Fproc%2F1434173 HTTP/1.1" 200 12703 "-" "Mozilla/5.0 AppleWebKit/537.36 (KHTML, like Gecko; compatible; ClaudeBot/1.0; +claudebot@anthropic.com)"
136.243.228.179 - - [31/Jul/2026:19:53:11 -0300] "GET /?a=2696920652 HTTP/1.1" 200 67036 "-" "Mozilla/5.0 (compatible; DataForSeoBot/1.0; +https://dataforseo.com/dataforseo-bot)"
216.73.216.198 - - [31/Jul/2026:19:53:13 -0300] "GET /?path=%2F%2Fproc%2F2753740 HTTP/1.1" 200 12703 "-" "Mozilla/5.0 AppleWebKit/537.36 (KHTML, like Gecko; compatible; ClaudeBot/1.0; +claudebot@anthropic.com)"
136.243.228.179 - - [31/Jul/2026:19:53:15 -0300] "GET /?a=3581394415 HTTP/1.1" 200 67036 "-" "Mozilla/5.0 (compatible; DataForSeoBot/1.0; +https://dataforseo.com/dataforseo-bot)"
136.243.228.179 - - [31/Jul/2026:19:53:19 -0300] "GET /?a=9244566 HTTP/1.1" 200 67036 "-" "Mozilla/5.0 (compatible; DataForSeoBot/1.0; +https://dataforseo.com/dataforseo-bot)"
136.243.228.179 - - [31/Jul/2026:19:53:23 -0300] "GET /?fileloc=/home/autoligchopp/public_html/da222222.php&path=/home/autoligchopp/public_html HTTP/1.1" 200 30621 "-" "Mozilla/5.0 (compatible; DataForSeoBot/1.0; +https://dataforseo.com/dataforseo-bot)"
136.243.228.179 - - [31/Jul/2026:19:53:30 -0300] "GET /?fileloc=/home/autoligchopp/public_html/wp-load.php&path=/home/autoligchopp/public_html HTTP/1.1" 200 17053 "-" "Mozilla/5.0 (compatible; DataForSeoBot/1.0; +https://dataforseo.com/dataforseo-bot)"
136.243.228.179 - - [31/Jul/2026:19:53:33 -0300] "GET /?fileloc=/home/autoligchopp/public_html/wp-signup.php&path=/home/autoligchopp/public_html HTTP/1.1" 200 54002 "-" "Mozilla/5.0 (compatible; DataForSeoBot/1.0; +https://dataforseo.com/dataforseo-bot)"
136.243.228.179 - - [31/Jul/2026:19:53:37 -0300] "GET /?fileloc=/home/autoligchopp/public_html/wp-trackback.php&path=/home/autoligchopp/public_html HTTP/1.1" 200 18502 "-" "Mozilla/5.0 (compatible; DataForSeoBot/1.0; +https://dataforseo.com/dataforseo-bot)"
136.243.228.179 - - [31/Jul/2026:19:53:42 -0300] "GET /?fileloc=/home/autoligchopp/public_html/robots.txt&path=/home/autoligchopp/public_html HTTP/1.1" 200 12480 "-" "Mozilla/5.0 (compatible; DataForSeoBot/1.0; +https://dataforseo.com/dataforseo-bot)"
136.243.228.179 - - [31/Jul/2026:19:53:46 -0300] "GET /?path=/home/autoligchopp/public_html/wp-admin HTTP/1.1" 200 174781 "-" "Mozilla/5.0 (compatible; DataForSeoBot/1.0; +https://dataforseo.com/dataforseo-bot)"
136.243.228.179 - - [31/Jul/2026:19:53:49 -0300] "GET /?path=/home/autoligchopp/public_html/contato HTTP/1.1" 200 23548 "-" "Mozilla/5.0 (compatible; DataForSeoBot/1.0; +https://dataforseo.com/dataforseo-bot)"
136.243.228.179 - - [31/Jul/2026:19:53:53 -0300] "GET /?fileloc=/home/autoligchopp/public_html/index.php&path=/home/autoligchopp/public_html HTTP/1.1" 200 36123 "-" "Mozilla/5.0 (compatible; DataForSeoBot/1.0; +https://dataforseo.com/dataforseo-bot)"
136.243.228.179 - - [31/Jul/2026:19:53:58 -0300] "GET /?fileloc=/home/autoligchopp/public_html/0x.txt&path=/home/autoligchopp/public_html HTTP/1.1" 200 12391 "-" "Mozilla/5.0 (compatible; DataForSeoBot/1.0; +https://dataforseo.com/dataforseo-bot)"
114.119.158.31 - - [31/Jul/2026:19:54:01 -0300] "GET /configRLD/Jump/0-toldosilvio/wp-includes/php-compat/ HTTP/1.1" 200 948 "http://choppgermaniaautodromo.com.br/configRLD/Jump/0-toldosilvio/wp-includes/" "Mozilla/5.0 (Linux; Android 7.0;) AppleWebKit/537.36 (HTML, like Gecko) Mobile Safari/537.36 (compatible; PetalBot;+https://webmaster.petalsearch.com/site/petalbot)"
136.243.228.179 - - [31/Jul/2026:19:54:03 -0300] "GET /?fileloc=/home/autoligchopp/public_html/license.txt&path=/home/autoligchopp/public_html HTTP/1.1" 200 32469 "-" "Mozilla/5.0 (compatible; DataForSeoBot/1.0; +https://dataforseo.com/dataforseo-bot)"
136.243.228.179 - - [31/Jul/2026:19:54:07 -0300] "GET /?path=/home/autoligchopp/public_html/sample-page HTTP/1.1" 200 23681 "-" "Mozilla/5.0 (compatible; DataForSeoBot/1.0; +https://dataforseo.com/dataforseo-bot)"
136.243.228.179 - - [31/Jul/2026:19:54:11 -0300] "GET /?path=/home/autoligchopp/public_html/images HTTP/1.1" 200 17296 "-" "Mozilla/5.0 (compatible; DataForSeoBot/1.0; +https://dataforseo.com/dataforseo-bot)"
136.243.228.179 - - [31/Jul/2026:19:54:16 -0300] "GET /?path=/home/autoligchopp/public_html/wp-includes HTTP/1.1" 200 466605 "-" "Mozilla/5.0 (compatible; DataForSeoBot/1.0; +https://dataforseo.com/dataforseo-bot)"
136.243.228.179 - - [31/Jul/2026:19:54:20 -0300] "GET /?fileloc=/home/autoligchopp/public_html/wp-links-opml.php&path=/home/autoligchopp/public_html HTTP/1.1" 200 15442 "-" "Mozilla/5.0 (compatible; DataForSeoBot/1.0; +https://dataforseo.com/dataforseo-bot)"
136.243.228.179 - - [31/Jul/2026:19:54:24 -0300] "GET /?fileloc=/home/autoligchopp/public_html/wp-config-sample.php&path=/home/autoligchopp/public_html HTTP/1.1" 200 16113 "-" "Mozilla/5.0 (compatible; DataForSeoBot/1.0; +https://dataforseo.com/dataforseo-bot)"
136.243.228.179 - - [31/Jul/2026:19:54:29 -0300] "GET /?path=/home/autoligchopp/public_html/nossa-casa-nosso-bar-2 HTTP/1.1" 200 24044 "-" "Mozilla/5.0 (compatible; DataForSeoBot/1.0; +https://dataforseo.com/dataforseo-bot)"
136.243.228.179 - - [31/Jul/2026:19:54:32 -0300] "GET /?path=/home/autoligchopp HTTP/1.1" 200 78283 "-" "Mozilla/5.0 (compatible; DataForSeoBot/1.0; +https://dataforseo.com/dataforseo-bot)"
136.243.228.179 - - [31/Jul/2026:19:54:36 -0300] "GET /?path=/home/autoligchopp/public_html/produtos HTTP/1.1" 200 22172 "-" "Mozilla/5.0 (compatible; DataForSeoBot/1.0; +https://dataforseo.com/dataforseo-bot)"
136.243.228.179 - - [31/Jul/2026:19:54:41 -0300] "GET /?path=/home/autoligchopp/public_html/wp-content HTTP/1.1" 200 40529 "-" "Mozilla/5.0 (compatible; DataForSeoBot/1.0; +https://dataforseo.com/dataforseo-bot)"
136.243.228.179 - - [31/Jul/2026:19:54:45 -0300] "GET /?fileloc=/home/autoligchopp/public_html/error_log&path=/home/autoligchopp/public_html HTTP/1.1" 200 29694 "-" "Mozilla/5.0 (compatible; DataForSeoBot/1.0; +https://dataforseo.com/dataforseo-bot)"
136.243.228.179 - - [31/Jul/2026:19:54:48 -0300] "GET /?fileloc=/home/autoligchopp/public_html/wp-comments-post.php&path=/home/autoligchopp/public_html HTTP/1.1" 200 15065 "-" "Mozilla/5.0 (compatible; DataForSeoBot/1.0; +https://dataforseo.com/dataforseo-bot)"
136.243.228.179 - - [31/Jul/2026:19:55:07 -0300] "GET /?path=/home/autoligchopp/public_html/configRLD HTTP/1.1" 200 71373 "-" "Mozilla/5.0 (compatible; DataForSeoBot/1.0; +https://dataforseo.com/dataforseo-bot)"
136.243.228.179 - - [31/Jul/2026:19:55:12 -0300] "GET /?fileloc=/home/autoligchopp/public_html/wp-blog-header.php&path=/home/autoligchopp/public_html HTTP/1.1" 200 12919 "-" "Mozilla/5.0 (compatible; DataForSeoBot/1.0; +https://dataforseo.com/dataforseo-bot)"
119.45.7.86 - - [31/Jul/2026:19:55:13 -0300] "GET / HTTP/1.1" 200 67036 "-" "Mozilla/5.0 (iPhone; CPU iPhone OS 13_2_3 like Mac OS X) AppleWebKit/605.1.15 (KHTML, like Gecko) Version/13.0.3 Mobile/15E148 Safari/604.1"
136.243.228.179 - - [31/Jul/2026:19:55:15 -0300] "GET /?path=/home HTTP/1.1" 200 293112 "-" "Mozilla/5.0 (compatible; DataForSeoBot/1.0; +https://dataforseo.com/dataforseo-bot)"
216.73.216.198 - - [31/Jul/2026:19:55:19 -0300] "GET /?path=%2F%2Fproc%2F2710413 HTTP/1.1" 200 12703 "-" "Mozilla/5.0 AppleWebKit/537.36 (KHTML, like Gecko; compatible; ClaudeBot/1.0; +claudebot@anthropic.com)"
136.243.228.179 - - [31/Jul/2026:19:55:22 -0300] "GET /?path=/home/autoligchopp/public_html HTTP/1.1" 200 67036 "-" "Mozilla/5.0 (compatible; DataForSeoBot/1.0; +https://dataforseo.com/dataforseo-bot)"
216.73.216.198 - - [31/Jul/2026:19:55:28 -0300] "GET /?path=%2F%2Fproc%2F3141517 HTTP/1.1" 200 12703 "-" "Mozilla/5.0 AppleWebKit/537.36 (KHTML, like Gecko; compatible; ClaudeBot/1.0; +claudebot@anthropic.com)"
136.243.228.179 - - [31/Jul/2026:19:55:34 -0300] "GET /?fileloc=/home/autoligchopp/public_html/wp-login.php&path=/home/autoligchopp/public_html HTTP/1.1" 200 75403 "-" "Mozilla/5.0 (compatible; DataForSeoBot/1.0; +https://dataforseo.com/dataforseo-bot)"
216.73.216.198 - - [31/Jul/2026:19:55:44 -0300] "GET /?path=%2F%2Fproc%2F1098570 HTTP/1.1" 200 12703 "-" "Mozilla/5.0 AppleWebKit/537.36 (KHTML, like Gecko; compatible; ClaudeBot/1.0; +claudebot@anthropic.com)"
136.243.228.179 - - [31/Jul/2026:19:56:28 -0300] "GET /?path=/home/autoligchopp/public_html/promocoes HTTP/1.1" 200 23615 "-" "Mozilla/5.0 (compatible; DataForSeoBot/1.0; +https://dataforseo.com/dataforseo-bot)"
216.73.216.198 - - [31/Jul/2026:19:56:39 -0300] "GET /?path=%2F%2Fproc%2F1047968 HTTP/1.1" 200 12703 "-" "Mozilla/5.0 AppleWebKit/537.36 (KHTML, like Gecko; compatible; ClaudeBot/1.0; +claudebot@anthropic.com)"
216.73.216.198 - - [31/Jul/2026:19:57:04 -0300] "GET /?path=%2F%2Fproc%2F1223194 HTTP/1.1" 200 12703 "-" "Mozilla/5.0 AppleWebKit/537.36 (KHTML, like Gecko; compatible; ClaudeBot/1.0; +claudebot@anthropic.com)"
216.73.216.198 - - [31/Jul/2026:19:57:20 -0300] "GET /wp-config.php?fileloc=%2Fhome%2Fautoligchopp%2Fpublic_html%2Fwp-admin%2Ferror_log&path=%2Fhome%2Fautoligchopp%2Fpublic_html%2Fwp-admin HTTP/1.1" 200 14138 "-" "Mozilla/5.0 AppleWebKit/537.36 (KHTML, like Gecko; compatible; ClaudeBot/1.0; +claudebot@anthropic.com)"
114.119.158.31 - - [31/Jul/2026:20:10:30 -0300] "GET /configRLD/Jump/0-toldosilvio/wp-includes/class-wp-xmlrpc-server.php HTTP/1.1" 500 - "http://choppgermaniaautodromo.com.br/configRLD/Jump/0-toldosilvio/wp-includes/" "Mozilla/5.0 (Linux; Android 7.0;) AppleWebKit/537.36 (HTML, like Gecko) Mobile Safari/537.36 (compatible; PetalBot;+https://webmaster.petalsearch.com/site/petalbot)"
162.62.132.25 - - [31/Jul/2026:20:11:29 -0300] "GET /t-shirts?path=/home HTTP/1.1" 200 293112 "-" "Mozilla/5.0 (iPhone; CPU iPhone OS 13_2_3 like Mac OS X) AppleWebKit/605.1.15 (KHTML, like Gecko) Version/13.0.3 Mobile/15E148 Safari/604.1"
114.119.145.8 - - [31/Jul/2026:20:12:47 -0300] "GET /configRLD/Jump/0-westink/wp-includes/php-ai-client/ HTTP/1.1" 200 1294 "http://choppgermaniaautodromo.com.br/configRLD/Jump/0-westink/wp-includes/" "Mozilla/5.0 (Linux; Android 7.0;) AppleWebKit/537.36 (HTML, like Gecko) Mobile Safari/537.36 (compatible; PetalBot;+https://webmaster.petalsearch.com/site/petalbot)"
114.119.133.53 - - [31/Jul/2026:20:15:07 -0300] "GET /configRLD/Jump/0-westink/wp-includes/class-wp-icons-registry.php HTTP/1.1" 500 - "http://choppgermaniaautodromo.com.br/configRLD/Jump/0-westink/wp-includes/" "Mozilla/5.0 (Linux; Android 7.0;) AppleWebKit/537.36 (HTML, like Gecko) Mobile Safari/537.36 (compatible; PetalBot;+https://webmaster.petalsearch.com/site/petalbot)"
216.73.216.198 - - [31/Jul/2026:20:15:10 -0300] "GET /robots.txt HTTP/1.1" 200 94 "-" "Mozilla/5.0 AppleWebKit/537.36 (KHTML, like Gecko; compatible; ClaudeBot/1.0; +claudebot@anthropic.com)"
216.73.216.198 - - [31/Jul/2026:20:15:10 -0300] "GET /?path=%2F%2Flib%2Fpython3.9 HTTP/1.1" 200 14054 "-" "Mozilla/5.0 AppleWebKit/537.36 (KHTML, like Gecko; compatible; ClaudeBot/1.0; +claudebot@anthropic.com)"
216.73.216.198 - - [31/Jul/2026:20:16:36 -0300] "GET /configRLD/Jump/0-mariaeunice/wp-admin/link.php HTTP/1.1" 503 67036 "-" "Mozilla/5.0 AppleWebKit/537.36 (KHTML, like Gecko; compatible; ClaudeBot/1.0; +claudebot@anthropic.com)"
216.73.216.198 - - [31/Jul/2026:20:16:47 -0300] "GET /sitemap.xml HTTP/1.1" 200 353564 "-" "Mozilla/5.0 AppleWebKit/537.36 (KHTML, like Gecko; compatible; ClaudeBot/1.0; +claudebot@anthropic.com)"
216.73.216.198 - - [31/Jul/2026:20:16:59 -0300] "GET /configRLD/Jump/0-mariaeunice/wp-admin/export-personal-data.php HTTP/1.1" 503 67036 "-" "Mozilla/5.0 AppleWebKit/537.36 (KHTML, like Gecko; compatible; ClaudeBot/1.0; +claudebot@anthropic.com)"
114.119.134.196 - - [31/Jul/2026:20:17:23 -0300] "GET /configRLD/Jump/0-toldosilvio/wp-includes/class-wp-theme-json-schema.php HTTP/1.1" 500 - "http://choppgermaniaautodromo.com.br/configRLD/Jump/0-toldosilvio/wp-includes/" "Mozilla/5.0 (Linux; Android 7.0;) AppleWebKit/537.36 (HTML, like Gecko) Mobile Safari/537.36 (compatible; PetalBot;+https://webmaster.petalsearch.com/site/petalbot)"
216.73.216.198 - - [31/Jul/2026:20:19:15 -0300] "GET /configRLD/Jump/0-bgservicos/wp-includes/widgets/class-wp-widget-recent-posts.php HTTP/1.1" 500 - "-" "Mozilla/5.0 AppleWebKit/537.36 (KHTML, like Gecko; compatible; ClaudeBot/1.0; +claudebot@anthropic.com)"
114.119.134.155 - - [31/Jul/2026:20:19:40 -0300] "GET /configRLD/Jump/0-toldosilvio/wp-includes/class-wp-text-diff-renderer-inline.php HTTP/1.1" 500 - "http://choppgermaniaautodromo.com.br/configRLD/Jump/0-toldosilvio/wp-includes/" "Mozilla/5.0 (Linux; Android 7.0;) AppleWebKit/537.36 (HTML, like Gecko) Mobile Safari/537.36 (compatible; PetalBot;+https://webmaster.petalsearch.com/site/petalbot)"
216.73.216.198 - - [31/Jul/2026:20:19:47 -0300] "GET /wp-config.php?fileloc=%2Fhome%2Fautoligchopp%2Fpublic_html%2Fwp-includes%2Fhttps-detection.php&path=%2Fhome%2Fautoligchopp%2Fpublic_html%2Fwp-includes HTTP/1.1" 200 18763 "-" "Mozilla/5.0 AppleWebKit/537.36 (KHTML, like Gecko; compatible; ClaudeBot/1.0; +claudebot@anthropic.com)"
216.73.216.198 - - [31/Jul/2026:20:19:58 -0300] "GET /index.php?fileloc=%2Fhome%2Fautoligchopp%2Fpublic_html%2Fwp-includes%2Fhttps-migration.php&path=%2Fhome%2Fautoligchopp%2Fpublic_html%2Fwp-includes HTTP/1.1" 200 17567 "-" "Mozilla/5.0 AppleWebKit/537.36 (KHTML, like Gecko; compatible; ClaudeBot/1.0; +claudebot@anthropic.com)"
216.73.216.198 - - [31/Jul/2026:20:20:11 -0300] "GET /?path=%2F%2Fusr%2Finclude HTTP/1.1" 200 465729 "-" "Mozilla/5.0 AppleWebKit/537.36 (KHTML, like Gecko; compatible; ClaudeBot/1.0; +claudebot@anthropic.com)"
43.157.172.39 - - [31/Jul/2026:20:20:33 -0300] "GET /t-shirts?path=/ HTTP/1.1" 200 55272 "-" "Mozilla/5.0 (iPhone; CPU iPhone OS 13_2_3 like Mac OS X) AppleWebKit/605.1.15 (KHTML, like Gecko) Version/13.0.3 Mobile/15E148 Safari/604.1"
216.73.216.198 - - [31/Jul/2026:20:21:17 -0300] "GET /configRLD/Jump/0-bgservicos/wp-admin/network/plugin-install.php HTTP/1.1" 500 - "-" "Mozilla/5.0 AppleWebKit/537.36 (KHTML, like Gecko; compatible; ClaudeBot/1.0; +claudebot@anthropic.com)"
216.73.216.198 - - [31/Jul/2026:20:21:45 -0300] "GET /configRLD/Jump/0-bgservicos/wp-includes/theme-compat/header-embed.php HTTP/1.1" 500 - "-" "Mozilla/5.0 AppleWebKit/537.36 (KHTML, like Gecko; compatible; ClaudeBot/1.0; +claudebot@anthropic.com)"
216.73.216.198 - - [31/Jul/2026:20:21:56 -0300] "GET /configRLD/Jump/0-bgservicos/wp-includes/widgets/class-wp-widget-custom-html.php HTTP/1.1" 500 - "-" "Mozilla/5.0 AppleWebKit/537.36 (KHTML, like Gecko; compatible; ClaudeBot/1.0; +claudebot@anthropic.com)"
114.119.133.53 - - [31/Jul/2026:20:21:57 -0300] "GET /configRLD/Jump/0-toldosilvio/wp-includes/class-wp-scripts.php HTTP/1.1" 500 - "http://choppgermaniaautodromo.com.br/configRLD/Jump/0-toldosilvio/wp-includes/" "Mozilla/5.0 (Linux; Android 7.0;) AppleWebKit/537.36 (HTML, like Gecko) Mobile Safari/537.36 (compatible; PetalBot;+https://webmaster.petalsearch.com/site/petalbot)"
216.73.216.198 - - [31/Jul/2026:20:22:08 -0300] "GET /?path=%2F%2Fusr%2Fsrc HTTP/1.1" 200 16608 "-" "Mozilla/5.0 AppleWebKit/537.36 (KHTML, like Gecko; compatible; ClaudeBot/1.0; +claudebot@anthropic.com)"
216.73.216.198 - - [31/Jul/2026:20:22:19 -0300] "GET /wp-admin/update-core.php?path=%2Fhome%2Fautoligchopp%2Fpublic_html%2Fwp-admin%2Fcss HTTP/1.1" 200 179994 "-" "Mozilla/5.0 AppleWebKit/537.36 (KHTML, like Gecko; compatible; ClaudeBot/1.0; +claudebot@anthropic.com)"
216.73.216.198 - - [31/Jul/2026:20:22:31 -0300] "GET /wp-mail.php?path=%2Fhome%2FcPanelInstall HTTP/1.1" 200 12713 "-" "Mozilla/5.0 AppleWebKit/537.36 (KHTML, like Gecko; compatible; ClaudeBot/1.0; +claudebot@anthropic.com)"
216.73.216.198 - - [31/Jul/2026:20:22:44 -0300] "GET /wp-trackback.php?path=%2F HTTP/1.1" 200 55272 "-" "Mozilla/5.0 AppleWebKit/537.36 (KHTML, like Gecko; compatible; ClaudeBot/1.0; +claudebot@anthropic.com)"
216.73.216.198 - - [31/Jul/2026:20:22:47 -0300] "GET /wp-config.php?path=%2Fhome%2FcPanelInstall HTTP/1.1" 200 12713 "-" "Mozilla/5.0 AppleWebKit/537.36 (KHTML, like Gecko; compatible; ClaudeBot/1.0; +claudebot@anthropic.com)"
216.73.216.198 - - [31/Jul/2026:20:22:59 -0300] "GET /wp-admin/import.php?path=%2Fhome%2Fautoligchopp%2Fpublic_html%2Fwp-admin%2Fcss HTTP/1.1" 200 179994 "-" "Mozilla/5.0 AppleWebKit/537.36 (KHTML, like Gecko; compatible; ClaudeBot/1.0; +claudebot@anthropic.com)"
216.73.216.198 - - [31/Jul/2026:20:23:11 -0300] "GET /configRLD/Jump/0-bgservicos/wp-includes/theme-compat/embed.php HTTP/1.1" 500 - "-" "Mozilla/5.0 AppleWebKit/537.36 (KHTML, like Gecko; compatible; ClaudeBot/1.0; +claudebot@anthropic.com)"
216.73.216.198 - - [31/Jul/2026:20:23:23 -0300] "GET /configRLD/Jump/0-bgservicos/wp-admin/network/theme-install.php HTTP/1.1" 500 - "-" "Mozilla/5.0 AppleWebKit/537.36 (KHTML, like Gecko; compatible; ClaudeBot/1.0; +claudebot@anthropic.com)"
216.73.216.198 - - [31/Jul/2026:20:24:08 -0300] "GET /wp-mail.php?path=%2Fhome%2Fvortechadmin HTTP/1.1" 200 12711 "-" "Mozilla/5.0 AppleWebKit/537.36 (KHTML, like Gecko; compatible; ClaudeBot/1.0; +claudebot@anthropic.com)"
114.119.133.53 - - [31/Jul/2026:20:24:14 -0300] "GET /configRLD/Jump/0-toldosilvio/wp-includes/class-wp-script-modules.php HTTP/1.1" 500 - "http://choppgermaniaautodromo.com.br/configRLD/Jump/0-toldosilvio/wp-includes/" "Mozilla/5.0 (Linux; Android 7.0;) AppleWebKit/537.36 (HTML, like Gecko) Mobile Safari/537.36 (compatible; PetalBot;+https://webmaster.petalsearch.com/site/petalbot)"
216.73.216.198 - - [31/Jul/2026:20:24:21 -0300] "GET /configRLD/Jump/0-bgservicos/wp-includes/style-engine/class-wp-style-engine.php HTTP/1.1" 500 - "-" "Mozilla/5.0 AppleWebKit/537.36 (KHTML, like Gecko; compatible; ClaudeBot/1.0; +claudebot@anthropic.com)"
216.73.216.198 - - [31/Jul/2026:20:24:30 -0300] "GET /?path=%2F%2Fdev HTTP/1.1" 200 41259 "-" "Mozilla/5.0 AppleWebKit/537.36 (KHTML, like Gecko; compatible; ClaudeBot/1.0; +claudebot@anthropic.com)"
216.73.216.198 - - [31/Jul/2026:20:24:44 -0300] "GET /wp-mail.php?path=%2Fhome%2Fautoligchopp%2Fpublic_html%2Fwp-includes%2Fhtml-api HTTP/1.1" 200 39419 "-" "Mozilla/5.0 AppleWebKit/537.36 (KHTML, like Gecko; compatible; ClaudeBot/1.0; +claudebot@anthropic.com)"
216.73.216.198 - - [31/Jul/2026:20:24:54 -0300] "GET /configRLD/Jump/0-bgservicos/wp-admin/network/menu.php HTTP/1.1" 500 - "-" "Mozilla/5.0 AppleWebKit/537.36 (KHTML, like Gecko; compatible; ClaudeBot/1.0; +claudebot@anthropic.com)"
216.73.216.198 - - [31/Jul/2026:20:25:02 -0300] "GET /wp-config.php?path=%2F HTTP/1.1" 200 55272 "-" "Mozilla/5.0 AppleWebKit/537.36 (KHTML, like Gecko; compatible; ClaudeBot/1.0; +claudebot@anthropic.com)"
216.73.216.198 - - [31/Jul/2026:20:25:15 -0300] "GET /configRLD/Jump/0-bgservicos/wp-includes/widgets/class-wp-widget-categories.php HTTP/1.1" 500 - "-" "Mozilla/5.0 AppleWebKit/537.36 (KHTML, like Gecko; compatible; ClaudeBot/1.0; +claudebot@anthropic.com)"
216.73.216.198 - - [31/Jul/2026:20:25:26 -0300] "GET /?path=%2F%2Flib%2Fsysusers.d HTTP/1.1" 200 38722 "-" "Mozilla/5.0 AppleWebKit/537.36 (KHTML, like Gecko; compatible; ClaudeBot/1.0; +claudebot@anthropic.com)"
216.73.216.198 - - [31/Jul/2026:20:25:36 -0300] "GET /index.php?fileloc=%2Fhome%2Fautoligchopp%2Fpublic_html%2Fwp-includes%2Fclass-wp-text-diff-renderer-inline.php&path=%2Fhome%2Fautoligchopp%2Fpublic_html%2Fwp-includes HTTP/1.1" 200 13533 "-" "Mozilla/5.0 AppleWebKit/537.36 (KHTML, like Gecko; compatible; ClaudeBot/1.0; +claudebot@anthropic.com)"
216.73.216.198 - - [31/Jul/2026:20:25:47 -0300] "GET /wp-admin/import.php?fileloc=%2Fhome%2Fautoligchopp%2Fpublic_html%2Fwp-admin%2Fplugin-editor.php&path=%2Fhome%2Fautoligchopp%2Fpublic_html%2Fwp-admin HTTP/1.1" 200 30423 "-" "Mozilla/5.0 AppleWebKit/537.36 (KHTML, like Gecko; compatible; ClaudeBot/1.0; +claudebot@anthropic.com)"
216.73.216.198 - - [31/Jul/2026:20:25:58 -0300] "GET /wp-config.php?path=%2Fhome%2Fintermoveis HTTP/1.1" 200 12709 "-" "Mozilla/5.0 AppleWebKit/537.36 (KHTML, like Gecko; compatible; ClaudeBot/1.0; +claudebot@anthropic.com)"
216.73.216.198 - - [31/Jul/2026:20:26:10 -0300] "GET /configRLD/Jump/0-bgservicos/wp-admin/network/user-new.php HTTP/1.1" 500 - "-" "Mozilla/5.0 AppleWebKit/537.36 (KHTML, like Gecko; compatible; ClaudeBot/1.0; +claudebot@anthropic.com)"
216.73.216.198 - - [31/Jul/2026:20:26:22 -0300] "GET /wp-config.php?path=%2Fhome%2Fautoligchopp%2Fpublic_html%2Fwp-includes%2Fblock-patterns HTTP/1.1" 200 36270 "-" "Mozilla/5.0 AppleWebKit/537.36 (KHTML, like Gecko; compatible; ClaudeBot/1.0; +claudebot@anthropic.com)"
114.119.133.53 - - [31/Jul/2026:20:26:32 -0300] "GET /configRLD/Jump/0-toldosilvio/wp-includes/class-wp-query.php HTTP/1.1" 500 - "http://choppgermaniaautodromo.com.br/configRLD/Jump/0-toldosilvio/wp-includes/" "Mozilla/5.0 (Linux; Android 7.0;) AppleWebKit/537.36 (HTML, like Gecko) Mobile Safari/537.36 (compatible; PetalBot;+https://webmaster.petalsearch.com/site/petalbot)"
216.73.216.198 - - [31/Jul/2026:20:26:32 -0300] "GET /index.php?fileloc=%2Fhome%2Fautoligchopp%2Fpublic_html%2Fwp-admin%2Fcss%2Fwp-admin.css&path=%2Fhome%2Fautoligchopp%2Fpublic_html%2Fwp-admin%2Fcss HTTP/1.1" 200 12933 "-" "Mozilla/5.0 AppleWebKit/537.36 (KHTML, like Gecko; compatible; ClaudeBot/1.0; +claudebot@anthropic.com)"
216.73.216.198 - - [31/Jul/2026:20:26:44 -0300] "GET /wp-config.php?fileloc=%2Fhome%2Fautoligchopp%2Fpublic_html%2Fwp-admin%2Fcss%2Fforms-rtl.css&path=%2Fhome%2Fautoligchopp%2Fpublic_html%2Fwp-admin%2Fcss HTTP/1.1" 200 54546 "-" "Mozilla/5.0 AppleWebKit/537.36 (KHTML, like Gecko; compatible; ClaudeBot/1.0; +claudebot@anthropic.com)"
216.73.216.198 - - [31/Jul/2026:20:26:56 -0300] "GET /index.php?path=%2Fhome%2Fautoligchopp%2Fpublic_html%2Fwp-includes%2FSimplePie HTTP/1.1" 200 20572 "-" "Mozilla/5.0 AppleWebKit/537.36 (KHTML, like Gecko; compatible; ClaudeBot/1.0; +claudebot@anthropic.com)"
216.73.216.198 - - [31/Jul/2026:20:27:08 -0300] "GET /wp-config.php?fileloc=%2Fhome%2Fautoligchopp%2Fpublic_html%2Fwp-includes%2Fscript-modules.php&path=%2Fhome%2Fautoligchopp%2Fpublic_html%2Fwp-includes HTTP/1.1" 200 25002 "-" "Mozilla/5.0 AppleWebKit/537.36 (KHTML, like Gecko; compatible; ClaudeBot/1.0; +claudebot@anthropic.com)"
216.73.216.198 - - [31/Jul/2026:20:27:20 -0300] "GET /wp-config.php?path=%2Fhome%2Fautoligchopp%2Fpublic_html%2Fwp-includes%2FRequests HTTP/1.1" 200 17368 "-" "Mozilla/5.0 AppleWebKit/537.36 (KHTML, like Gecko; compatible; ClaudeBot/1.0; +claudebot@anthropic.com)"
216.73.216.198 - - [31/Jul/2026:20:27:32 -0300] "GET /wp-mail.php?path=%2Fhome%2Fautoligchopp%2Fpublic_html%2Fwp-includes%2Fcustomize HTTP/1.1" 200 77625 "-" "Mozilla/5.0 AppleWebKit/537.36 (KHTML, like Gecko; compatible; ClaudeBot/1.0; +claudebot@anthropic.com)"
216.73.216.198 - - [31/Jul/2026:20:27:39 -0300] "GET /wp-config.php?path=%2Fhome%2Fadvfh2 HTTP/1.1" 200 12699 "-" "Mozilla/5.0 AppleWebKit/537.36 (KHTML, like Gecko; compatible; ClaudeBot/1.0; +claudebot@anthropic.com)"
216.73.216.198 - - [31/Jul/2026:20:27:51 -0300] "GET /wp-mail.php?path=%2Fhome%2Ffrank HTTP/1.1" 200 12697 "-" "Mozilla/5.0 AppleWebKit/537.36 (KHTML, like Gecko; compatible; ClaudeBot/1.0; +claudebot@anthropic.com)"
216.73.216.198 - - [31/Jul/2026:20:28:03 -0300] "GET /?path=%2F%2Fproc%2F2800929 HTTP/1.1" 200 12703 "-" "Mozilla/5.0 AppleWebKit/537.36 (KHTML, like Gecko; compatible; ClaudeBot/1.0; +claudebot@anthropic.com)"
216.73.216.198 - - [31/Jul/2026:20:28:15 -0300] "GET /?path=%2F%2Fproc%2F286946 HTTP/1.1" 200 12701 "-" "Mozilla/5.0 AppleWebKit/537.36 (KHTML, like Gecko; compatible; ClaudeBot/1.0; +claudebot@anthropic.com)"
216.73.216.198 - - [31/Jul/2026:20:28:28 -0300] "GET /wp-config.php?fileloc=%2Fhome%2Fautoligchopp%2Fpublic_html%2Fwp-includes%2Fclass-wp-scripts.php&path=%2Fhome%2Fautoligchopp%2Fpublic_html%2Fwp-includes HTTP/1.1" 200 51878 "-" "Mozilla/5.0 AppleWebKit/537.36 (KHTML, like Gecko; compatible; ClaudeBot/1.0; +claudebot@anthropic.com)"
216.73.216.198 - - [31/Jul/2026:20:28:40 -0300] "GET /wp-admin/update-core.php?fileloc=%2Fhome%2Fautoligchopp%2Fpublic_html%2Fwp-admin%2Fauthorize-application.php&path=%2Fhome%2Fautoligchopp%2Fpublic_html%2Fwp-admin HTTP/1.1" 200 25000 "-" "Mozilla/5.0 AppleWebKit/537.36 (KHTML, like Gecko; compatible; ClaudeBot/1.0; +claudebot@anthropic.com)"
114.119.134.196 - - [31/Jul/2026:20:28:48 -0300] "GET /configRLD/Jump/0-toldosilvio/wp-includes/class-wp-post-type.php HTTP/1.1" 500 - "http://choppgermaniaautodromo.com.br/configRLD/Jump/0-toldosilvio/wp-includes/" "Mozilla/5.0 (Linux; Android 7.0;) AppleWebKit/537.36 (HTML, like Gecko) Mobile Safari/537.36 (compatible; PetalBot;+https://webmaster.petalsearch.com/site/petalbot)"
216.73.216.198 - - [31/Jul/2026:20:28:52 -0300] "GET /wp-config.php?fileloc=%2Fhome%2Fautoligchopp%2Fpublic_html%2Fwp-admin%2Fload-scripts.php&path=%2Fhome%2Fautoligchopp%2Fpublic_html%2Fwp-admin HTTP/1.1" 200 14888 "-" "Mozilla/5.0 AppleWebKit/537.36 (KHTML, like Gecko; compatible; ClaudeBot/1.0; +claudebot@anthropic.com)"
216.73.216.198 - - [31/Jul/2026:20:28:59 -0300] "GET /wp-config.php?fileloc=%2Fhome%2Fautoligchopp%2Fpublic_html%2Fwp-includes%2Fms-load.php&path=%2Fhome%2Fautoligchopp%2Fpublic_html%2Fwp-includes HTTP/1.1" 200 34342 "-" "Mozilla/5.0 AppleWebKit/537.36 (KHTML, like Gecko; compatible; ClaudeBot/1.0; +claudebot@anthropic.com)"
216.73.216.198 - - [31/Jul/2026:20:29:11 -0300] "GET /?path=%2F%2Fproc%2F1967587 HTTP/1.1" 200 12703 "-" "Mozilla/5.0 AppleWebKit/537.36 (KHTML, like Gecko; compatible; ClaudeBot/1.0; +claudebot@anthropic.com)"
216.73.216.198 - - [31/Jul/2026:20:29:24 -0300] "GET /?path=%2F%2Fproc%2F2108948 HTTP/1.1" 200 12703 "-" "Mozilla/5.0 AppleWebKit/537.36 (KHTML, like Gecko; compatible; ClaudeBot/1.0; +claudebot@anthropic.com)"
216.73.216.198 - - [31/Jul/2026:20:29:37 -0300] "GET /?path=%2F%2Fproc%2F1543873 HTTP/1.1" 200 12703 "-" "Mozilla/5.0 AppleWebKit/537.36 (KHTML, like Gecko; compatible; ClaudeBot/1.0; +claudebot@anthropic.com)"
216.73.216.198 - - [31/Jul/2026:20:29:49 -0300] "GET /wp-config.php?path=%2Fhome%2Fautoligchopp%2Fpublic_html%2Fwp-includes%2Fl10n HTTP/1.1" 200 24285 "-" "Mozilla/5.0 AppleWebKit/537.36 (KHTML, like Gecko; compatible; ClaudeBot/1.0; +claudebot@anthropic.com)"
216.73.216.198 - - [31/Jul/2026:20:29:58 -0300] "GET /?path=%2F%2Fproc%2F2108479 HTTP/1.1" 200 12703 "-" "Mozilla/5.0 AppleWebKit/537.36 (KHTML, like Gecko; compatible; ClaudeBot/1.0; +claudebot@anthropic.com)"
216.73.216.198 - - [31/Jul/2026:20:30:11 -0300] "GET /?path=%2F%2Fproc%2F2148660 HTTP/1.1" 200 12703 "-" "Mozilla/5.0 AppleWebKit/537.36 (KHTML, like Gecko; compatible; ClaudeBot/1.0; +claudebot@anthropic.com)"
216.73.216.198 - - [31/Jul/2026:20:30:23 -0300] "GET /?path=%2F%2Fproc%2F2090734 HTTP/1.1" 200 12703 "-" "Mozilla/5.0 AppleWebKit/537.36 (KHTML, like Gecko; compatible; ClaudeBot/1.0; +claudebot@anthropic.com)"
216.73.216.198 - - [31/Jul/2026:20:30:35 -0300] "GET /?path=%2F%2Fproc%2F3295308 HTTP/1.1" 200 12703 "-" "Mozilla/5.0 AppleWebKit/537.36 (KHTML, like Gecko; compatible; ClaudeBot/1.0; +claudebot@anthropic.com)"
216.73.216.198 - - [31/Jul/2026:20:30:41 -0300] "GET /?path=%2F%2Fproc%2F1048070 HTTP/1.1" 200 12703 "-" "Mozilla/5.0 AppleWebKit/537.36 (KHTML, like Gecko; compatible; ClaudeBot/1.0; +claudebot@anthropic.com)"
216.73.216.198 - - [31/Jul/2026:20:30:54 -0300] "GET /?path=%2F%2Fproc%2F1967632 HTTP/1.1" 200 12703 "-" "Mozilla/5.0 AppleWebKit/537.36 (KHTML, like Gecko; compatible; ClaudeBot/1.0; +claudebot@anthropic.com)"
114.119.145.8 - - [31/Jul/2026:20:31:05 -0300] "GET /configRLD/Jump/0-toldosilvio/wp-includes/class-wp-object-cache.php HTTP/1.1" 500 - "http://choppgermaniaautodromo.com.br/configRLD/Jump/0-toldosilvio/wp-includes/" "Mozilla/5.0 (Linux; Android 7.0;) AppleWebKit/537.36 (HTML, like Gecko) Mobile Safari/537.36 (compatible; PetalBot;+https://webmaster.petalsearch.com/site/petalbot)"
216.73.216.198 - - [31/Jul/2026:20:31:06 -0300] "GET /?path=%2F%2Fproc%2F1269922 HTTP/1.1" 200 12703 "-" "Mozilla/5.0 AppleWebKit/537.36 (KHTML, like Gecko; compatible; ClaudeBot/1.0; +claudebot@anthropic.com)"
216.73.216.198 - - [31/Jul/2026:20:31:14 -0300] "GET /?path=%2F%2Fproc%2F1288428 HTTP/1.1" 200 12703 "-" "Mozilla/5.0 AppleWebKit/537.36 (KHTML, like Gecko; compatible; ClaudeBot/1.0; +claudebot@anthropic.com)"
216.73.216.198 - - [31/Jul/2026:20:31:16 -0300] "GET /?path=%2F%2Fproc%2F3020029 HTTP/1.1" 200 12703 "-" "Mozilla/5.0 AppleWebKit/537.36 (KHTML, like Gecko; compatible; ClaudeBot/1.0; +claudebot@anthropic.com)"
216.73.216.198 - - [31/Jul/2026:20:31:19 -0300] "GET /?path=%2F%2Fproc%2F2488692 HTTP/1.1" 200 12703 "-" "Mozilla/5.0 AppleWebKit/537.36 (KHTML, like Gecko; compatible; ClaudeBot/1.0; +claudebot@anthropic.com)"
216.73.216.198 - - [31/Jul/2026:20:31:22 -0300] "GET /?fileloc=%2F%2Fproc%2F287220%2Fstatus&path=%2F%2Fproc%2F287220 HTTP/1.1" 200 12292 "-" "Mozilla/5.0 AppleWebKit/537.36 (KHTML, like Gecko; compatible; ClaudeBot/1.0; +claudebot@anthropic.com)"
216.73.216.198 - - [31/Jul/2026:20:31:25 -0300] "GET /?fileloc=%2F%2Fproc%2F105%2Fsched&path=%2F%2Fproc%2F105 HTTP/1.1" 200 13989 "-" "Mozilla/5.0 AppleWebKit/537.36 (KHTML, like Gecko; compatible; ClaudeBot/1.0; +claudebot@anthropic.com)"
216.73.216.198 - - [31/Jul/2026:20:31:29 -0300] "GET /index.php?fileloc=%2Fhome%2Fautoligchopp%2Fpublic_html%2Fwp-includes%2Fnav-menu.php&path=%2Fhome%2Fautoligchopp%2Fpublic_html%2Fwp-includes HTTP/1.1" 200 61551 "-" "Mozilla/5.0 AppleWebKit/537.36 (KHTML, like Gecko; compatible; ClaudeBot/1.0; +claudebot@anthropic.com)"
216.73.216.198 - - [31/Jul/2026:20:31:41 -0300] "GET /?path=%2F%2Fproc%2F1029173 HTTP/1.1" 200 12703 "-" "Mozilla/5.0 AppleWebKit/537.36 (KHTML, like Gecko; compatible; ClaudeBot/1.0; +claudebot@anthropic.com)"
216.73.216.198 - - [31/Jul/2026:20:31:44 -0300] "GET /?path=%2F%2Fproc%2F1462416 HTTP/1.1" 200 12703 "-" "Mozilla/5.0 AppleWebKit/537.36 (KHTML, like Gecko; compatible; ClaudeBot/1.0; +claudebot@anthropic.com)"
216.73.216.198 - - [31/Jul/2026:20:31:47 -0300] "GET /?path=%2F%2Fproc%2F2559648 HTTP/1.1" 200 12703 "-" "Mozilla/5.0 AppleWebKit/537.36 (KHTML, like Gecko; compatible; ClaudeBot/1.0; +claudebot@anthropic.com)"
216.73.216.198 - - [31/Jul/2026:20:31:50 -0300] "GET /?path=%2F%2Fproc%2F3449732 HTTP/1.1" 200 12703 "-" "Mozilla/5.0 AppleWebKit/537.36 (KHTML, like Gecko; compatible; ClaudeBot/1.0; +claudebot@anthropic.com)"
216.73.216.198 - - [31/Jul/2026:20:31:53 -0300] "GET /wp-mail.php?path=%2Fhome%2Fbgservicos HTTP/1.1" 200 12707 "-" "Mozilla/5.0 AppleWebKit/537.36 (KHTML, like Gecko; compatible; ClaudeBot/1.0; +claudebot@anthropic.com)"
216.73.216.198 - - [31/Jul/2026:20:31:56 -0300] "GET /?path=%2F%2Fproc%2F1098406 HTTP/1.1" 200 12703 "-" "Mozilla/5.0 AppleWebKit/537.36 (KHTML, like Gecko; compatible; ClaudeBot/1.0; +claudebot@anthropic.com)"
216.73.216.198 - - [31/Jul/2026:20:31:59 -0300] "GET /?path=%2F%2Fproc%2F1289070 HTTP/1.1" 200 12703 "-" "Mozilla/5.0 AppleWebKit/537.36 (KHTML, like Gecko; compatible; ClaudeBot/1.0; +claudebot@anthropic.com)"
216.73.216.198 - - [31/Jul/2026:20:32:02 -0300] "GET /?path=%2F%2Fproc%2F3141719 HTTP/1.1" 200 12703 "-" "Mozilla/5.0 AppleWebKit/537.36 (KHTML, like Gecko; compatible; ClaudeBot/1.0; +claudebot@anthropic.com)"
216.73.216.198 - - [31/Jul/2026:20:32:05 -0300] "GET /?path=%2F%2Fproc%2F3295127 HTTP/1.1" 200 12703 "-" "Mozilla/5.0 AppleWebKit/537.36 (KHTML, like Gecko; compatible; ClaudeBot/1.0; +claudebot@anthropic.com)"
216.73.216.198 - - [31/Jul/2026:20:32:08 -0300] "GET /wp-admin/?fileloc=%2Fhome%2Fautoligchopp%2Fpublic_html%2Fwp-admin%2Fsite-editor.php&path=%2Fhome%2Fautoligchopp%2Fpublic_html%2Fwp-admin HTTP/1.1" 200 27989 "-" "Mozilla/5.0 AppleWebKit/537.36 (KHTML, like Gecko; compatible; ClaudeBot/1.0; +claudebot@anthropic.com)"
216.73.216.198 - - [31/Jul/2026:20:32:11 -0300] "GET /?path=%2F%2Fproc%2F2795991 HTTP/1.1" 200 12703 "-" "Mozilla/5.0 AppleWebKit/537.36 (KHTML, like Gecko; compatible; ClaudeBot/1.0; +claudebot@anthropic.com)"
216.73.216.198 - - [31/Jul/2026:20:32:15 -0300] "GET /?path=%2F%2Fproc%2F3093361 HTTP/1.1" 200 12703 "-" "Mozilla/5.0 AppleWebKit/537.36 (KHTML, like Gecko; compatible; ClaudeBot/1.0; +claudebot@anthropic.com)"
216.73.216.198 - - [31/Jul/2026:20:32:17 -0300] "GET /?path=%2F%2Fproc%2F2609384 HTTP/1.1" 200 12703 "-" "Mozilla/5.0 AppleWebKit/537.36 (KHTML, like Gecko; compatible; ClaudeBot/1.0; +claudebot@anthropic.com)"
216.73.216.198 - - [31/Jul/2026:20:32:20 -0300] "GET /?path=%2F%2Fproc%2F1463439 HTTP/1.1" 200 12703 "-" "Mozilla/5.0 AppleWebKit/537.36 (KHTML, like Gecko; compatible; ClaudeBot/1.0; +claudebot@anthropic.com)"
216.73.216.198 - - [31/Jul/2026:20:32:23 -0300] "GET /wp-config.php?fileloc=%2Fhome%2Fautoligchopp%2Fpublic_html%2Fwp-admin%2Foptions-head.php&path=%2Fhome%2Fautoligchopp%2Fpublic_html%2Fwp-admin HTTP/1.1" 200 13222 "-" "Mozilla/5.0 AppleWebKit/537.36 (KHTML, like Gecko; compatible; ClaudeBot/1.0; +claudebot@anthropic.com)"
216.73.216.198 - - [31/Jul/2026:20:32:26 -0300] "GET /?path=%2F%2Fproc%2F3020044 HTTP/1.1" 200 12703 "-" "Mozilla/5.0 AppleWebKit/537.36 (KHTML, like Gecko; compatible; ClaudeBot/1.0; +claudebot@anthropic.com)"
216.73.216.198 - - [31/Jul/2026:20:32:29 -0300] "GET /?path=%2F%2Fproc%2F2674442 HTTP/1.1" 200 12703 "-" "Mozilla/5.0 AppleWebKit/537.36 (KHTML, like Gecko; compatible; ClaudeBot/1.0; +claudebot@anthropic.com)"
216.73.216.198 - - [31/Jul/2026:20:32:32 -0300] "GET /?path=%2F%2Fproc%2F3514598 HTTP/1.1" 200 12703 "-" "Mozilla/5.0 AppleWebKit/537.36 (KHTML, like Gecko; compatible; ClaudeBot/1.0; +claudebot@anthropic.com)"
216.73.216.198 - - [31/Jul/2026:20:32:35 -0300] "GET /?path=%2F%2Fproc%2F1121723 HTTP/1.1" 200 12703 "-" "Mozilla/5.0 AppleWebKit/537.36 (KHTML, like Gecko; compatible; ClaudeBot/1.0; +claudebot@anthropic.com)"
216.73.216.198 - - [31/Jul/2026:20:32:39 -0300] "GET /?path=%2F%2Fproc%2F1829915 HTTP/1.1" 200 12703 "-" "Mozilla/5.0 AppleWebKit/537.36 (KHTML, like Gecko; compatible; ClaudeBot/1.0; +claudebot@anthropic.com)"
43.165.197.116 - - [31/Jul/2026:20:32:40 -0300] "GET /t-shirts?path=/home/autoligchopp/public_html/sample-page HTTP/1.1" 200 23681 "-" "Mozilla/5.0 (iPhone; CPU iPhone OS 13_2_3 like Mac OS X) AppleWebKit/605.1.15 (KHTML, like Gecko) Version/13.0.3 Mobile/15E148 Safari/604.1"
216.73.216.198 - - [31/Jul/2026:20:32:42 -0300] "GET /wp-config.php?path=%2Fhome%2Fautoligchopp%2Fpublic_html%2FconfigRLD HTTP/1.1" 200 71373 "-" "Mozilla/5.0 AppleWebKit/537.36 (KHTML, like Gecko; compatible; ClaudeBot/1.0; +claudebot@anthropic.com)"
216.73.216.198 - - [31/Jul/2026:20:32:45 -0300] "GET /?path=%2F%2Fproc%2F3390286 HTTP/1.1" 200 12703 "-" "Mozilla/5.0 AppleWebKit/537.36 (KHTML, like Gecko; compatible; ClaudeBot/1.0; +claudebot@anthropic.com)"
114.119.134.196 - - [31/Jul/2026:20:33:21 -0300] "GET /configRLD/Jump/0-toldosilvio/wp-includes/class-wp-locale.php HTTP/1.1" 500 - "http://choppgermaniaautodromo.com.br/configRLD/Jump/0-toldosilvio/wp-includes/" "Mozilla/5.0 (Linux; Android 7.0;) AppleWebKit/537.36 (HTML, like Gecko) Mobile Safari/537.36 (compatible; PetalBot;+https://webmaster.petalsearch.com/site/petalbot)"
216.73.216.198 - - [31/Jul/2026:20:33:33 -0300] "GET /wp-links-opml.php?path=%2F HTTP/1.1" 200 55272 "-" "Mozilla/5.0 AppleWebKit/537.36 (KHTML, like Gecko; compatible; ClaudeBot/1.0; +claudebot@anthropic.com)"
216.73.216.198 - - [31/Jul/2026:20:34:06 -0300] "GET /?a=971574499 HTTP/1.1" 200 67036 "-" "Mozilla/5.0 AppleWebKit/537.36 (KHTML, like Gecko; compatible; ClaudeBot/1.0; +claudebot@anthropic.com)"
216.73.216.198 - - [31/Jul/2026:20:34:11 -0300] "GET /configRLD/Jump/0-scanpesquisas/wp-editor.php.php.tar.gz HTTP/1.1" 200 39385 "-" "Mozilla/5.0 AppleWebKit/537.36 (KHTML, like Gecko; compatible; ClaudeBot/1.0; +claudebot@anthropic.com)"
216.73.216.198 - - [31/Jul/2026:20:34:32 -0300] "GET /configRLD/Jump/0-scanpesquisas/admin.php.php.tar.gz HTTP/1.1" 200 24984 "-" "Mozilla/5.0 AppleWebKit/537.36 (KHTML, like Gecko; compatible; ClaudeBot/1.0; +claudebot@anthropic.com)"
216.73.216.198 - - [31/Jul/2026:20:34:34 -0300] "GET /configRLD/Jump/0-scanpesquisas/xmlrpc.php.php.tar.gz HTTP/1.1" 200 1534 "-" "Mozilla/5.0 AppleWebKit/537.36 (KHTML, like Gecko; compatible; ClaudeBot/1.0; +claudebot@anthropic.com)"
216.73.216.198 - - [31/Jul/2026:20:34:37 -0300] "GET /configRLD/Jump/0-scanpesquisas/wp-comments-post.php.php.tar.gz HTTP/1.1" 200 1173 "-" "Mozilla/5.0 AppleWebKit/537.36 (KHTML, like Gecko; compatible; ClaudeBot/1.0; +claudebot@anthropic.com)"
216.73.216.198 - - [31/Jul/2026:20:34:43 -0300] "GET /wp-links-opml.php?path=%2Fhome%2Fautoligchopp%2Fpublic_html%2Fwp-includes HTTP/1.1" 200 466605 "-" "Mozilla/5.0 AppleWebKit/537.36 (KHTML, like Gecko; compatible; ClaudeBot/1.0; +claudebot@anthropic.com)"
216.73.216.198 - - [31/Jul/2026:20:34:46 -0300] "GET /wp-links-opml.php?path=%2Fhome%2Fautoligchopp%2Fpublic_html%2Fwp-admin HTTP/1.1" 200 174781 "-" "Mozilla/5.0 AppleWebKit/537.36 (KHTML, like Gecko; compatible; ClaudeBot/1.0; +claudebot@anthropic.com)"
216.73.216.198 - - [31/Jul/2026:20:34:51 -0300] "GET /configRLD/Jump/0-scanpesquisas/wp-theme.php.php.tar.gz HTTP/1.1" 200 59848 "-" "Mozilla/5.0 AppleWebKit/537.36 (KHTML, like Gecko; compatible; ClaudeBot/1.0; +claudebot@anthropic.com)"
216.73.216.198 - - [31/Jul/2026:20:34:59 -0300] "GET /configRLD/Jump/0-scanpesquisas/wp-config-sample.php.php.tar.gz HTTP/1.1" 200 1428 "-" "Mozilla/5.0 AppleWebKit/537.36 (KHTML, like Gecko; compatible; ClaudeBot/1.0; +claudebot@anthropic.com)"
216.73.216.198 - - [31/Jul/2026:20:35:02 -0300] "GET /?a=1982933716 HTTP/1.1" 200 67036 "-" "Mozilla/5.0 AppleWebKit/537.36 (KHTML, like Gecko; compatible; ClaudeBot/1.0; +claudebot@anthropic.com)"
216.73.216.198 - - [31/Jul/2026:20:35:05 -0300] "GET /configRLD/Jump/0-scanpesquisas/worksec.php.php.tar.gz HTTP/1.1" 200 669 "-" "Mozilla/5.0 AppleWebKit/537.36 (KHTML, like Gecko; compatible; ClaudeBot/1.0; +claudebot@anthropic.com)"
216.73.216.198 - - [31/Jul/2026:20:35:08 -0300] "GET /wp-links-opml.php?path=%2Fhome HTTP/1.1" 200 293112 "-" "Mozilla/5.0 AppleWebKit/537.36 (KHTML, like Gecko; compatible; ClaudeBot/1.0; +claudebot@anthropic.com)"
190.97.237.130 - - [31/Jul/2026:20:35:22 -0300] "GET / HTTP/1.1" 200 67036 "-" "Mozilla/5.0 (Windows NT 10.0; Win64; x64) AppleWebKit/537.36 (KHTML, like Gecko) Chrome/120.0.0.0 Safari/537.36"
83.40.213.114 - - [31/Jul/2026:20:35:26 -0300] "GET /wp-login.php HTTP/1.1" 200 67036 "-" "Mozilla/5.0 (Windows NT 10.0; Win64; x64) AppleWebKit/537.36 (KHTML, like Gecko) Chrome/120.0.0.0 Safari/537.36"
216.73.216.198 - - [31/Jul/2026:20:35:29 -0300] "GET /?a=479250632 HTTP/1.1" 200 67036 "-" "Mozilla/5.0 AppleWebKit/537.36 (KHTML, like Gecko; compatible; ClaudeBot/1.0; +claudebot@anthropic.com)"
216.73.216.198 - - [31/Jul/2026:20:35:32 -0300] "GET /wp-links-opml.php?path=%2Fhome%2Fautoligchopp%2Fpublic_html%2Fsample-page HTTP/1.1" 200 23681 "-" "Mozilla/5.0 AppleWebKit/537.36 (KHTML, like Gecko; compatible; ClaudeBot/1.0; +claudebot@anthropic.com)"
216.73.216.198 - - [31/Jul/2026:20:35:35 -0300] "GET /configRLD/Jump/0-scanpesquisas/wp-load.php.php.tar.gz HTTP/1.1" 200 1749 "-" "Mozilla/5.0 AppleWebKit/537.36 (KHTML, like Gecko; compatible; ClaudeBot/1.0; +claudebot@anthropic.com)"
114.119.133.53 - - [31/Jul/2026:20:35:38 -0300] "GET /configRLD/Jump/0-toldosilvio/wp-includes/class-wp-image-editor.php HTTP/1.1" 500 - "http://choppgermaniaautodromo.com.br/configRLD/Jump/0-toldosilvio/wp-includes/" "Mozilla/5.0 (Linux; Android 7.0;) AppleWebKit/537.36 (HTML, like Gecko) Mobile Safari/537.36 (compatible; PetalBot;+https://webmaster.petalsearch.com/site/petalbot)"
216.73.216.198 - - [31/Jul/2026:20:35:38 -0300] "GET /configRLD/Jump/0-scanpesquisas/plugins.php HTTP/1.1" 500 - "-" "Mozilla/5.0 AppleWebKit/537.36 (KHTML, like Gecko; compatible; ClaudeBot/1.0; +claudebot@anthropic.com)"
216.73.216.198 - - [31/Jul/2026:20:35:42 -0300] "GET /?path=%2F%2Fproc%2F1578849 HTTP/1.1" 200 12703 "-" "Mozilla/5.0 AppleWebKit/537.36 (KHTML, like Gecko; compatible; ClaudeBot/1.0; +claudebot@anthropic.com)"
105.76.168.157 - - [31/Jul/2026:20:35:43 -0300] "POST /wp-login.php HTTP/1.1" 200 67036 "http://choppgermaniaautodromo.com.br/wp-login.php" "Mozilla/5.0 (Windows NT 10.0; Win64; x64) AppleWebKit/537.36 (KHTML, like Gecko) Chrome/120.0.0.0 Safari/537.36"
216.73.216.198 - - [31/Jul/2026:20:35:45 -0300] "GET /?path=%2F%2Fproc%2F1433910 HTTP/1.1" 200 12703 "-" "Mozilla/5.0 AppleWebKit/537.36 (KHTML, like Gecko; compatible; ClaudeBot/1.0; +claudebot@anthropic.com)"
216.73.216.198 - - [31/Jul/2026:20:35:48 -0300] "GET /?path=%2F%2Fproc%2F1874636 HTTP/1.1" 200 12703 "-" "Mozilla/5.0 AppleWebKit/537.36 (KHTML, like Gecko; compatible; ClaudeBot/1.0; +claudebot@anthropic.com)"
216.73.216.198 - - [31/Jul/2026:20:35:51 -0300] "GET /?path=%2F%2Fproc%2F1414087 HTTP/1.1" 200 12703 "-" "Mozilla/5.0 AppleWebKit/537.36 (KHTML, like Gecko; compatible; ClaudeBot/1.0; +claudebot@anthropic.com)"
196.127.9.244 - - [31/Jul/2026:20:35:52 -0300] "POST /wp-login.php HTTP/1.1" 200 67036 "http://choppgermaniaautodromo.com.br/wp-login.php" "Mozilla/5.0 (Windows NT 10.0; Win64; x64) AppleWebKit/537.36 (KHTML, like Gecko) Chrome/120.0.0.0 Safari/537.36"
216.73.216.198 - - [31/Jul/2026:20:35:54 -0300] "GET /?path=%2F%2Flib%2Fpam.d HTTP/1.1" 200 14118 "-" "Mozilla/5.0 AppleWebKit/537.36 (KHTML, like Gecko; compatible; ClaudeBot/1.0; +claudebot@anthropic.com)"
216.73.216.198 - - [31/Jul/2026:20:35:57 -0300] "GET /?path=%2F%2Fproc%2F1999716 HTTP/1.1" 200 12703 "-" "Mozilla/5.0 AppleWebKit/537.36 (KHTML, like Gecko; compatible; ClaudeBot/1.0; +claudebot@anthropic.com)"
117.203.204.237 - - [31/Jul/2026:20:35:57 -0300] "POST /xmlrpc.php HTTP/1.1" 200 67036 "-" "WordPress/5.0; http://choppgermaniaautodromo.com.br"
216.73.216.198 - - [31/Jul/2026:20:36:00 -0300] "GET /wp-links-opml.php?path=%2Fhome%2Fautoligchopp%2Fpublic_html%2Fwp-content HTTP/1.1" 200 40529 "-" "Mozilla/5.0 AppleWebKit/537.36 (KHTML, like Gecko; compatible; ClaudeBot/1.0; +claudebot@anthropic.com)"
216.73.216.198 - - [31/Jul/2026:20:36:03 -0300] "GET /configRLD/Jump/0-scanpesquisas/edit.php.php.tar.gz HTTP/1.1" 200 5319 "-" "Mozilla/5.0 AppleWebKit/537.36 (KHTML, like Gecko; compatible; ClaudeBot/1.0; +claudebot@anthropic.com)"
