136.243.228.179 - - [31/Jul/2026:19:41:41 -0300] "GET /?a=3387426135 HTTP/1.1" 200 67036 "-" "Mozilla/5.0 (compatible; DataForSeoBot/1.0; +https://dataforseo.com/dataforseo-bot)"
216.73.216.198 - - [31/Jul/2026:19:41:44 -0300] "GET /?path=%2F%2Fproc%2F1662851 HTTP/1.1" 200 12703 "-" "Mozilla/5.0 AppleWebKit/537.36 (KHTML, like Gecko; compatible; ClaudeBot/1.0; +claudebot@anthropic.com)"
136.243.228.179 - - [31/Jul/2026:19:41:46 -0300] "GET /?a=889408892 HTTP/1.1" 200 67036 "-" "Mozilla/5.0 (compatible; DataForSeoBot/1.0; +https://dataforseo.com/dataforseo-bot)"
216.73.216.198 - - [31/Jul/2026:19:41:47 -0300] "GET /?path=%2F%2Fproc%2F2107579 HTTP/1.1" 200 12703 "-" "Mozilla/5.0 AppleWebKit/537.36 (KHTML, like Gecko; compatible; ClaudeBot/1.0; +claudebot@anthropic.com)"
216.73.216.198 - - [31/Jul/2026:19:41:50 -0300] "GET /?path=%2F%2Fproc%2F2940290 HTTP/1.1" 200 12703 "-" "Mozilla/5.0 AppleWebKit/537.36 (KHTML, like Gecko; compatible; ClaudeBot/1.0; +claudebot@anthropic.com)"
136.243.228.179 - - [31/Jul/2026:19:41:51 -0300] "GET /?a=4247302328 HTTP/1.1" 200 67036 "-" "Mozilla/5.0 (compatible; DataForSeoBot/1.0; +https://dataforseo.com/dataforseo-bot)"
216.73.216.198 - - [31/Jul/2026:19:41:53 -0300] "GET /?path=%2F%2Fproc%2F3090832 HTTP/1.1" 200 12703 "-" "Mozilla/5.0 AppleWebKit/537.36 (KHTML, like Gecko; compatible; ClaudeBot/1.0; +claudebot@anthropic.com)"
216.73.216.198 - - [31/Jul/2026:19:41:56 -0300] "GET /?path=%2F%2Fproc%2F2570461 HTTP/1.1" 200 12703 "-" "Mozilla/5.0 AppleWebKit/537.36 (KHTML, like Gecko; compatible; ClaudeBot/1.0; +claudebot@anthropic.com)"
136.243.228.179 - - [31/Jul/2026:19:41:57 -0300] "GET /?a=3856216354 HTTP/1.1" 200 67036 "-" "Mozilla/5.0 (compatible; DataForSeoBot/1.0; +https://dataforseo.com/dataforseo-bot)"
216.73.216.198 - - [31/Jul/2026:19:41:59 -0300] "GET /?path=%2F%2Fproc%2F2940455 HTTP/1.1" 200 12703 "-" "Mozilla/5.0 AppleWebKit/537.36 (KHTML, like Gecko; compatible; ClaudeBot/1.0; +claudebot@anthropic.com)"
136.243.228.179 - - [31/Jul/2026:19:42:02 -0300] "GET /?a=2408907117 HTTP/1.1" 200 67036 "-" "Mozilla/5.0 (compatible; DataForSeoBot/1.0; +https://dataforseo.com/dataforseo-bot)"
216.73.216.198 - - [31/Jul/2026:19:42:02 -0300] "GET /wp-admin/?fileloc=%2Fhome%2Fautoligchopp%2Fpublic_html%2Fwp-admin%2Fincludes%2Fclass-core-upgrader.php&path=%2Fhome%2Fautoligchopp%2Fpublic_html%2Fwp-admin%2Fincludes HTTP/1.1" 200 29666 "-" "Mozilla/5.0 AppleWebKit/537.36 (KHTML, like Gecko; compatible; ClaudeBot/1.0; +claudebot@anthropic.com)"
216.73.216.198 - - [31/Jul/2026:19:42:05 -0300] "GET /?path=%2F%2Fproc%2F1543792 HTTP/1.1" 200 12703 "-" "Mozilla/5.0 AppleWebKit/537.36 (KHTML, like Gecko; compatible; ClaudeBot/1.0; +claudebot@anthropic.com)"
216.73.216.198 - - [31/Jul/2026:19:42:08 -0300] "GET /?path=%2F%2Fproc%2F2739972 HTTP/1.1" 200 12703 "-" "Mozilla/5.0 AppleWebKit/537.36 (KHTML, like Gecko; compatible; ClaudeBot/1.0; +claudebot@anthropic.com)"
136.243.228.179 - - [31/Jul/2026:19:42:09 -0300] "GET /?a=1771746318 HTTP/1.1" 200 67036 "-" "Mozilla/5.0 (compatible; DataForSeoBot/1.0; +https://dataforseo.com/dataforseo-bot)"
216.73.216.198 - - [31/Jul/2026:19:42:11 -0300] "GET /?path=%2F%2Fproc%2F1121576 HTTP/1.1" 200 12703 "-" "Mozilla/5.0 AppleWebKit/537.36 (KHTML, like Gecko; compatible; ClaudeBot/1.0; +claudebot@anthropic.com)"
216.73.216.198 - - [31/Jul/2026:19:42:14 -0300] "GET /?path=%2F%2Fproc%2F2408795 HTTP/1.1" 200 12703 "-" "Mozilla/5.0 AppleWebKit/537.36 (KHTML, like Gecko; compatible; ClaudeBot/1.0; +claudebot@anthropic.com)"
136.243.228.179 - - [31/Jul/2026:19:42:16 -0300] "GET /?a=3584771104 HTTP/1.1" 200 67036 "-" "Mozilla/5.0 (compatible; DataForSeoBot/1.0; +https://dataforseo.com/dataforseo-bot)"
216.73.216.198 - - [31/Jul/2026:19:42:17 -0300] "GET /?path=%2F%2Fproc%2F2355895 HTTP/1.1" 200 12703 "-" "Mozilla/5.0 AppleWebKit/537.36 (KHTML, like Gecko; compatible; ClaudeBot/1.0; +claudebot@anthropic.com)"
216.73.216.198 - - [31/Jul/2026:19:42:20 -0300] "GET /index.php?fileloc=%2Fhome%2Fautoligchopp%2Fpublic_html%2Fwp-includes%2Fupdate.php&path=%2Fhome%2Fautoligchopp%2Fpublic_html%2Fwp-includes HTTP/1.1" 200 55172 "-" "Mozilla/5.0 AppleWebKit/537.36 (KHTML, like Gecko; compatible; ClaudeBot/1.0; +claudebot@anthropic.com)"
136.243.228.179 - - [31/Jul/2026:19:42:21 -0300] "GET /?a=330237968 HTTP/1.1" 200 67036 "-" "Mozilla/5.0 (compatible; DataForSeoBot/1.0; +https://dataforseo.com/dataforseo-bot)"
216.73.216.198 - - [31/Jul/2026:19:42:23 -0300] "GET /wp-mail.php?fileloc=%2Fhome%2Fautoligchopp%2Fpublic_html%2Fwp-includes%2Frss.php&path=%2Fhome%2Fautoligchopp%2Fpublic_html%2Fwp-includes HTTP/1.1" 200 38350 "-" "Mozilla/5.0 AppleWebKit/537.36 (KHTML, like Gecko; compatible; ClaudeBot/1.0; +claudebot@anthropic.com)"
136.243.228.179 - - [31/Jul/2026:19:42:25 -0300] "GET /?a=2634719848 HTTP/1.1" 200 67036 "-" "Mozilla/5.0 (compatible; DataForSeoBot/1.0; +https://dataforseo.com/dataforseo-bot)"
216.73.216.198 - - [31/Jul/2026:19:42:26 -0300] "GET /?path=%2F%2Fproc%2F2107583 HTTP/1.1" 200 12703 "-" "Mozilla/5.0 AppleWebKit/537.36 (KHTML, like Gecko; compatible; ClaudeBot/1.0; +claudebot@anthropic.com)"
216.73.216.198 - - [31/Jul/2026:19:42:29 -0300] "GET /?path=%2F%2Fproc%2F3090950 HTTP/1.1" 200 12703 "-" "Mozilla/5.0 AppleWebKit/537.36 (KHTML, like Gecko; compatible; ClaudeBot/1.0; +claudebot@anthropic.com)"
216.73.216.198 - - [31/Jul/2026:19:42:32 -0300] "GET /?path=%2F%2Fproc%2F3202175 HTTP/1.1" 200 12703 "-" "Mozilla/5.0 AppleWebKit/537.36 (KHTML, like Gecko; compatible; ClaudeBot/1.0; +claudebot@anthropic.com)"
136.243.228.179 - - [31/Jul/2026:19:42:34 -0300] "GET /?a=1839460116 HTTP/1.1" 200 67036 "-" "Mozilla/5.0 (compatible; DataForSeoBot/1.0; +https://dataforseo.com/dataforseo-bot)"
216.73.216.198 - - [31/Jul/2026:19:42:35 -0300] "GET /wp-blog-header.php?fileloc=%2Fhome%2Fautoligchopp%2Fpublic_html%2Fwp-admin%2Fwidgets-form.php&path=%2Fhome%2Fautoligchopp%2Fpublic_html%2Fwp-admin HTTP/1.1" 200 37225 "-" "Mozilla/5.0 AppleWebKit/537.36 (KHTML, like Gecko; compatible; ClaudeBot/1.0; +claudebot@anthropic.com)"
216.73.216.198 - - [31/Jul/2026:19:42:38 -0300] "GET /wp-admin/?fileloc=%2Fhome%2Fautoligchopp%2Fpublic_html%2Fwp-admin%2Fasync-upload.php&path=%2Fhome%2Fautoligchopp%2Fpublic_html%2Fwp-admin HTTP/1.1" 200 19399 "-" "Mozilla/5.0 AppleWebKit/537.36 (KHTML, like Gecko; compatible; ClaudeBot/1.0; +claudebot@anthropic.com)"
216.73.216.198 - - [31/Jul/2026:19:42:41 -0300] "GET /?path=%2F%2Fproc%2F1463383 HTTP/1.1" 200 12703 "-" "Mozilla/5.0 AppleWebKit/537.36 (KHTML, like Gecko; compatible; ClaudeBot/1.0; +claudebot@anthropic.com)"
216.73.216.198 - - [31/Jul/2026:19:42:44 -0300] "GET /?path=%2F%2Fproc%2F234822 HTTP/1.1" 200 12701 "-" "Mozilla/5.0 AppleWebKit/537.36 (KHTML, like Gecko; compatible; ClaudeBot/1.0; +claudebot@anthropic.com)"
136.243.228.179 - - [31/Jul/2026:19:42:46 -0300] "GET /?a=676364610 HTTP/1.1" 200 67036 "-" "Mozilla/5.0 (compatible; DataForSeoBot/1.0; +https://dataforseo.com/dataforseo-bot)"
216.73.216.198 - - [31/Jul/2026:19:42:47 -0300] "GET /?path=%2F%2Fproc%2F3183134 HTTP/1.1" 200 12703 "-" "Mozilla/5.0 AppleWebKit/537.36 (KHTML, like Gecko; compatible; ClaudeBot/1.0; +claudebot@anthropic.com)"
216.73.216.198 - - [31/Jul/2026:19:42:50 -0300] "GET /?path=%2F%2Fproc%2F1543729 HTTP/1.1" 200 12703 "-" "Mozilla/5.0 AppleWebKit/537.36 (KHTML, like Gecko; compatible; ClaudeBot/1.0; +claudebot@anthropic.com)"
136.243.228.179 - - [31/Jul/2026:19:42:52 -0300] "GET /?a=2351139336 HTTP/1.1" 200 67036 "-" "Mozilla/5.0 (compatible; DataForSeoBot/1.0; +https://dataforseo.com/dataforseo-bot)"
216.73.216.198 - - [31/Jul/2026:19:42:53 -0300] "GET /wp-admin/?fileloc=%2Fhome%2Fautoligchopp%2Fpublic_html%2Fwp-admin%2Fincludes%2Fclass-wp-upgrader.php&path=%2Fhome%2Fautoligchopp%2Fpublic_html%2Fwp-admin%2Fincludes HTTP/1.1" 200 64961 "-" "Mozilla/5.0 AppleWebKit/537.36 (KHTML, like Gecko; compatible; ClaudeBot/1.0; +claudebot@anthropic.com)"
216.73.216.198 - - [31/Jul/2026:19:42:56 -0300] "GET /?path=%2F%2Fproc%2F2674544 HTTP/1.1" 200 12703 "-" "Mozilla/5.0 AppleWebKit/537.36 (KHTML, like Gecko; compatible; ClaudeBot/1.0; +claudebot@anthropic.com)"
136.243.228.179 - - [31/Jul/2026:19:42:57 -0300] "GET /?a=1819172015 HTTP/1.1" 200 67036 "-" "Mozilla/5.0 (compatible; DataForSeoBot/1.0; +https://dataforseo.com/dataforseo-bot)"
216.73.216.198 - - [31/Jul/2026:19:42:59 -0300] "GET /?path=%2F%2Fproc%2F2108323 HTTP/1.1" 200 12703 "-" "Mozilla/5.0 AppleWebKit/537.36 (KHTML, like Gecko; compatible; ClaudeBot/1.0; +claudebot@anthropic.com)"
216.73.216.198 - - [31/Jul/2026:19:43:02 -0300] "GET /index.php?fileloc=%2Fhome%2Fautoligchopp%2Fpublic_html%2Fwp-includes%2Fadmin-bar.php&path=%2Fhome%2Fautoligchopp%2Fpublic_html%2Fwp-includes HTTP/1.1" 200 61078 "-" "Mozilla/5.0 AppleWebKit/537.36 (KHTML, like Gecko; compatible; ClaudeBot/1.0; +claudebot@anthropic.com)"
216.73.216.198 - - [31/Jul/2026:19:43:05 -0300] "GET /?path=%2F%2Fproc%2F2280472 HTTP/1.1" 200 12703 "-" "Mozilla/5.0 AppleWebKit/537.36 (KHTML, like Gecko; compatible; ClaudeBot/1.0; +claudebot@anthropic.com)"
136.243.228.179 - - [31/Jul/2026:19:43:06 -0300] "GET /?a=3602289681 HTTP/1.1" 200 67036 "-" "Mozilla/5.0 (compatible; DataForSeoBot/1.0; +https://dataforseo.com/dataforseo-bot)"
216.73.216.198 - - [31/Jul/2026:19:43:08 -0300] "GET /?path=%2F%2Fproc%2F2301533 HTTP/1.1" 200 12703 "-" "Mozilla/5.0 AppleWebKit/537.36 (KHTML, like Gecko; compatible; ClaudeBot/1.0; +claudebot@anthropic.com)"
136.243.228.179 - - [31/Jul/2026:19:43:10 -0300] "GET /?a=3529987063 HTTP/1.1" 200 67036 "-" "Mozilla/5.0 (compatible; DataForSeoBot/1.0; +https://dataforseo.com/dataforseo-bot)"
216.73.216.198 - - [31/Jul/2026:19:43:11 -0300] "GET /?path=%2F%2Fproc%2F3576803 HTTP/1.1" 200 12703 "-" "Mozilla/5.0 AppleWebKit/537.36 (KHTML, like Gecko; compatible; ClaudeBot/1.0; +claudebot@anthropic.com)"
216.73.216.198 - - [31/Jul/2026:19:43:14 -0300] "GET /wp-config.php?path=%2Fhome%2Fbittarcursos HTTP/1.1" 200 12711 "-" "Mozilla/5.0 AppleWebKit/537.36 (KHTML, like Gecko; compatible; ClaudeBot/1.0; +claudebot@anthropic.com)"
136.243.228.179 - - [31/Jul/2026:19:43:15 -0300] "GET /?a=451903630 HTTP/1.1" 200 67036 "-" "Mozilla/5.0 (compatible; DataForSeoBot/1.0; +https://dataforseo.com/dataforseo-bot)"
216.73.216.198 - - [31/Jul/2026:19:43:17 -0300] "GET /?path=%2F%2Fproc%2F1658415 HTTP/1.1" 200 12703 "-" "Mozilla/5.0 AppleWebKit/537.36 (KHTML, like Gecko; compatible; ClaudeBot/1.0; +claudebot@anthropic.com)"
216.73.216.198 - - [31/Jul/2026:19:43:20 -0300] "GET /?path=%2F%2Fproc%2F2301665 HTTP/1.1" 200 12703 "-" "Mozilla/5.0 AppleWebKit/537.36 (KHTML, like Gecko; compatible; ClaudeBot/1.0; +claudebot@anthropic.com)"
136.243.228.179 - - [31/Jul/2026:19:43:21 -0300] "GET /?a=3493555991 HTTP/1.1" 200 67036 "-" "Mozilla/5.0 (compatible; DataForSeoBot/1.0; +https://dataforseo.com/dataforseo-bot)"
216.73.216.198 - - [31/Jul/2026:19:43:23 -0300] "GET /?path=%2F%2Fproc%2F3190341 HTTP/1.1" 200 12703 "-" "Mozilla/5.0 AppleWebKit/537.36 (KHTML, like Gecko; compatible; ClaudeBot/1.0; +claudebot@anthropic.com)"
216.73.216.198 - - [31/Jul/2026:19:43:26 -0300] "GET /?path=%2F%2Fproc%2F3576587 HTTP/1.1" 200 12703 "-" "Mozilla/5.0 AppleWebKit/537.36 (KHTML, like Gecko; compatible; ClaudeBot/1.0; +claudebot@anthropic.com)"
136.243.228.179 - - [31/Jul/2026:19:43:27 -0300] "GET /?a=288005993 HTTP/1.1" 200 67036 "-" "Mozilla/5.0 (compatible; DataForSeoBot/1.0; +https://dataforseo.com/dataforseo-bot)"
216.73.216.198 - - [31/Jul/2026:19:43:30 -0300] "GET /configRLD/Jump/0-fullofficeuug/wp-includes/js/jquery/jquery.min.js HTTP/1.1" 200 30368 "-" "Mozilla/5.0 AppleWebKit/537.36 (KHTML, like Gecko; compatible; ClaudeBot/1.0; +claudebot@anthropic.com)"
216.73.216.198 - - [31/Jul/2026:19:43:32 -0300] "GET /?path=%2F%2Fproc%2F2408879 HTTP/1.1" 200 12703 "-" "Mozilla/5.0 AppleWebKit/537.36 (KHTML, like Gecko; compatible; ClaudeBot/1.0; +claudebot@anthropic.com)"
136.243.228.179 - - [31/Jul/2026:19:43:33 -0300] "GET /?a=1232092823 HTTP/1.1" 200 67036 "-" "Mozilla/5.0 (compatible; DataForSeoBot/1.0; +https://dataforseo.com/dataforseo-bot)"
216.73.216.198 - - [31/Jul/2026:19:43:35 -0300] "GET /?path=%2F%2Fproc%2F3202348 HTTP/1.1" 200 12703 "-" "Mozilla/5.0 AppleWebKit/537.36 (KHTML, like Gecko; compatible; ClaudeBot/1.0; +claudebot@anthropic.com)"
216.73.216.198 - - [31/Jul/2026:19:43:38 -0300] "GET /?path=%2F%2Fproc%2F2929663 HTTP/1.1" 200 12703 "-" "Mozilla/5.0 AppleWebKit/537.36 (KHTML, like Gecko; compatible; ClaudeBot/1.0; +claudebot@anthropic.com)"
136.243.228.179 - - [31/Jul/2026:19:43:39 -0300] "GET /?a=259538199 HTTP/1.1" 200 67036 "-" "Mozilla/5.0 (compatible; DataForSeoBot/1.0; +https://dataforseo.com/dataforseo-bot)"
216.73.216.198 - - [31/Jul/2026:19:43:41 -0300] "GET /index.php?fileloc=%2Fhome%2Fautoligchopp%2Fpublic_html%2Fwp-admin%2Fmenu.php&path=%2Fhome%2Fautoligchopp%2Fpublic_html%2Fwp-admin HTTP/1.1" 200 35400 "-" "Mozilla/5.0 AppleWebKit/537.36 (KHTML, like Gecko; compatible; ClaudeBot/1.0; +claudebot@anthropic.com)"
216.73.216.198 - - [31/Jul/2026:19:43:44 -0300] "GET /wp-mail.php?fileloc=%2Fhome%2Fautoligchopp%2Fpublic_html%2Fwp-includes%2Fabilities.php&path=%2Fhome%2Fautoligchopp%2Fpublic_html%2Fwp-includes HTTP/1.1" 200 23023 "-" "Mozilla/5.0 AppleWebKit/537.36 (KHTML, like Gecko; compatible; ClaudeBot/1.0; +claudebot@anthropic.com)"
136.243.228.179 - - [31/Jul/2026:19:43:46 -0300] "GET /?a=4236749130 HTTP/1.1" 200 67036 "-" "Mozilla/5.0 (compatible; DataForSeoBot/1.0; +https://dataforseo.com/dataforseo-bot)"
216.73.216.198 - - [31/Jul/2026:19:43:47 -0300] "GET /?path=%2F%2Fproc%2F2280314 HTTP/1.1" 200 12703 "-" "Mozilla/5.0 AppleWebKit/537.36 (KHTML, like Gecko; compatible; ClaudeBot/1.0; +claudebot@anthropic.com)"
114.119.150.90 - - [31/Jul/2026:19:43:50 -0300] "GET /configRLD/Jump/0-toldosilvio/wp-includes/user.php HTTP/1.1" 500 - "http://choppgermaniaautodromo.com.br/configRLD/Jump/0-toldosilvio/wp-includes/" "Mozilla/5.0 (Linux; Android 7.0;) AppleWebKit/537.36 (HTML, like Gecko) Mobile Safari/537.36 (compatible; PetalBot;+https://webmaster.petalsearch.com/site/petalbot)"
216.73.216.198 - - [31/Jul/2026:19:43:50 -0300] "GET /?path=%2F%2Fproc%2F3093541 HTTP/1.1" 200 12703 "-" "Mozilla/5.0 AppleWebKit/537.36 (KHTML, like Gecko; compatible; ClaudeBot/1.0; +claudebot@anthropic.com)"
136.243.228.179 - - [31/Jul/2026:19:43:53 -0300] "GET /?a=497510079 HTTP/1.1" 200 67036 "-" "Mozilla/5.0 (compatible; DataForSeoBot/1.0; +https://dataforseo.com/dataforseo-bot)"
216.73.216.198 - - [31/Jul/2026:19:43:53 -0300] "GET /?path=%2F%2Fproc%2F3117484 HTTP/1.1" 200 12703 "-" "Mozilla/5.0 AppleWebKit/537.36 (KHTML, like Gecko; compatible; ClaudeBot/1.0; +claudebot@anthropic.com)"
136.243.228.179 - - [31/Jul/2026:19:43:59 -0300] "GET /?a=4141779621 HTTP/1.1" 200 67036 "-" "Mozilla/5.0 (compatible; DataForSeoBot/1.0; +https://dataforseo.com/dataforseo-bot)"
136.243.228.179 - - [31/Jul/2026:19:44:05 -0300] "GET /?a=669397016 HTTP/1.1" 200 67036 "-" "Mozilla/5.0 (compatible; DataForSeoBot/1.0; +https://dataforseo.com/dataforseo-bot)"
136.243.228.179 - - [31/Jul/2026:19:44:12 -0300] "GET /?a=1894624079 HTTP/1.1" 200 67036 "-" "Mozilla/5.0 (compatible; DataForSeoBot/1.0; +https://dataforseo.com/dataforseo-bot)"
136.243.228.179 - - [31/Jul/2026:19:44:16 -0300] "GET /?a=918529243 HTTP/1.1" 200 67036 "-" "Mozilla/5.0 (compatible; DataForSeoBot/1.0; +https://dataforseo.com/dataforseo-bot)"
136.243.228.179 - - [31/Jul/2026:19:44:21 -0300] "GET /?a=2585736710 HTTP/1.1" 200 67036 "-" "Mozilla/5.0 (compatible; DataForSeoBot/1.0; +https://dataforseo.com/dataforseo-bot)"
136.243.228.179 - - [31/Jul/2026:19:44:28 -0300] "GET /?a=1844048904 HTTP/1.1" 200 67036 "-" "Mozilla/5.0 (compatible; DataForSeoBot/1.0; +https://dataforseo.com/dataforseo-bot)"
216.73.216.198 - - [31/Jul/2026:19:44:29 -0300] "GET /?path=%2F%2Fproc%2F1223280 HTTP/1.1" 200 12703 "-" "Mozilla/5.0 AppleWebKit/537.36 (KHTML, like Gecko; compatible; ClaudeBot/1.0; +claudebot@anthropic.com)"
216.73.216.198 - - [31/Jul/2026:19:44:32 -0300] "GET /?path=%2F%2Fproc%2F2280440 HTTP/1.1" 200 12703 "-" "Mozilla/5.0 AppleWebKit/537.36 (KHTML, like Gecko; compatible; ClaudeBot/1.0; +claudebot@anthropic.com)"
136.243.228.179 - - [31/Jul/2026:19:44:33 -0300] "GET /?a=2813783326 HTTP/1.1" 200 67036 "-" "Mozilla/5.0 (compatible; DataForSeoBot/1.0; +https://dataforseo.com/dataforseo-bot)"
216.73.216.198 - - [31/Jul/2026:19:44:35 -0300] "GET /?path=%2F%2Fproc%2F2609280 HTTP/1.1" 200 12703 "-" "Mozilla/5.0 AppleWebKit/537.36 (KHTML, like Gecko; compatible; ClaudeBot/1.0; +claudebot@anthropic.com)"
216.73.216.198 - - [31/Jul/2026:19:44:38 -0300] "GET /?path=%2F%2Fproc%2F179480 HTTP/1.1" 200 12701 "-" "Mozilla/5.0 AppleWebKit/537.36 (KHTML, like Gecko; compatible; ClaudeBot/1.0; +claudebot@anthropic.com)"
136.243.228.179 - - [31/Jul/2026:19:44:39 -0300] "GET /?a=898586452 HTTP/1.1" 200 67036 "-" "Mozilla/5.0 (compatible; DataForSeoBot/1.0; +https://dataforseo.com/dataforseo-bot)"
216.73.216.198 - - [31/Jul/2026:19:44:41 -0300] "GET /?path=%2F%2Fproc%2F2408836 HTTP/1.1" 200 12703 "-" "Mozilla/5.0 AppleWebKit/537.36 (KHTML, like Gecko; compatible; ClaudeBot/1.0; +claudebot@anthropic.com)"
216.73.216.198 - - [31/Jul/2026:19:44:44 -0300] "GET /?path=%2F%2Fproc%2F2770069 HTTP/1.1" 200 12703 "-" "Mozilla/5.0 AppleWebKit/537.36 (KHTML, like Gecko; compatible; ClaudeBot/1.0; +claudebot@anthropic.com)"
136.243.228.179 - - [31/Jul/2026:19:44:44 -0300] "GET /?a=3924751517 HTTP/1.1" 200 67036 "-" "Mozilla/5.0 (compatible; DataForSeoBot/1.0; +https://dataforseo.com/dataforseo-bot)"
216.73.216.198 - - [31/Jul/2026:19:44:47 -0300] "GET /?path=%2F%2Fproc%2F3295336 HTTP/1.1" 200 12703 "-" "Mozilla/5.0 AppleWebKit/537.36 (KHTML, like Gecko; compatible; ClaudeBot/1.0; +claudebot@anthropic.com)"
136.243.228.179 - - [31/Jul/2026:19:44:48 -0300] "GET /?a=3510303896 HTTP/1.1" 200 67036 "-" "Mozilla/5.0 (compatible; DataForSeoBot/1.0; +https://dataforseo.com/dataforseo-bot)"
216.73.216.198 - - [31/Jul/2026:19:44:50 -0300] "GET /?path=%2F%2Fproc%2F2301642 HTTP/1.1" 200 12703 "-" "Mozilla/5.0 AppleWebKit/537.36 (KHTML, like Gecko; compatible; ClaudeBot/1.0; +claudebot@anthropic.com)"
136.243.228.179 - - [31/Jul/2026:19:44:53 -0300] "GET /?a=2766799056 HTTP/1.1" 200 67036 "-" "Mozilla/5.0 (compatible; DataForSeoBot/1.0; +https://dataforseo.com/dataforseo-bot)"
216.73.216.198 - - [31/Jul/2026:19:44:53 -0300] "GET /?path=%2F%2Fproc%2F2801127 HTTP/1.1" 200 12703 "-" "Mozilla/5.0 AppleWebKit/537.36 (KHTML, like Gecko; compatible; ClaudeBot/1.0; +claudebot@anthropic.com)"
216.73.216.198 - - [31/Jul/2026:19:44:56 -0300] "GET /?path=%2F%2Fproc%2F1769838 HTTP/1.1" 200 12703 "-" "Mozilla/5.0 AppleWebKit/537.36 (KHTML, like Gecko; compatible; ClaudeBot/1.0; +claudebot@anthropic.com)"
136.243.228.179 - - [31/Jul/2026:19:44:57 -0300] "GET /?a=1822712211 HTTP/1.1" 200 67036 "-" "Mozilla/5.0 (compatible; DataForSeoBot/1.0; +https://dataforseo.com/dataforseo-bot)"
216.73.216.198 - - [31/Jul/2026:19:44:59 -0300] "GET /?path=%2F%2Fproc%2F3288075 HTTP/1.1" 200 12703 "-" "Mozilla/5.0 AppleWebKit/537.36 (KHTML, like Gecko; compatible; ClaudeBot/1.0; +claudebot@anthropic.com)"
136.243.228.179 - - [31/Jul/2026:19:45:02 -0300] "GET /?a=105982646 HTTP/1.1" 200 67036 "-" "Mozilla/5.0 (compatible; DataForSeoBot/1.0; +https://dataforseo.com/dataforseo-bot)"
216.73.216.198 - - [31/Jul/2026:19:45:02 -0300] "GET /?path=%2F%2Fproc%2F2739726 HTTP/1.1" 200 12703 "-" "Mozilla/5.0 AppleWebKit/537.36 (KHTML, like Gecko; compatible; ClaudeBot/1.0; +claudebot@anthropic.com)"
216.73.216.198 - - [31/Jul/2026:19:45:05 -0300] "GET /index.php?a=2012141085 HTTP/1.1" 200 67036 "-" "Mozilla/5.0 AppleWebKit/537.36 (KHTML, like Gecko; compatible; ClaudeBot/1.0; +claudebot@anthropic.com)"
136.243.228.179 - - [31/Jul/2026:19:45:06 -0300] "GET /?a=2152418761 HTTP/1.1" 200 67036 "-" "Mozilla/5.0 (compatible; DataForSeoBot/1.0; +https://dataforseo.com/dataforseo-bot)"
216.73.216.198 - - [31/Jul/2026:19:45:08 -0300] "GET /?path=%2F%2Fproc%2F2528644 HTTP/1.1" 200 12703 "-" "Mozilla/5.0 AppleWebKit/537.36 (KHTML, like Gecko; compatible; ClaudeBot/1.0; +claudebot@anthropic.com)"
216.73.216.198 - - [31/Jul/2026:19:45:11 -0300] "GET /wp-config.php?fileloc=%2Fhome%2Fautoligchopp%2Fpublic_html%2Fwp-includes%2Fclass-wp-customize-nav-menus.php&path=%2Fhome%2Fautoligchopp%2Fpublic_html%2Fwp-includes HTTP/1.1" 200 81546 "-" "Mozilla/5.0 AppleWebKit/537.36 (KHTML, like Gecko; compatible; ClaudeBot/1.0; +claudebot@anthropic.com)"
136.243.228.179 - - [31/Jul/2026:19:45:11 -0300] "GET /?a=3024454071 HTTP/1.1" 200 67036 "-" "Mozilla/5.0 (compatible; DataForSeoBot/1.0; +https://dataforseo.com/dataforseo-bot)"
216.73.216.198 - - [31/Jul/2026:19:45:14 -0300] "GET /?path=%2F%2Fproc%2F3514628 HTTP/1.1" 200 12703 "-" "Mozilla/5.0 AppleWebKit/537.36 (KHTML, like Gecko; compatible; ClaudeBot/1.0; +claudebot@anthropic.com)"
136.243.228.179 - - [31/Jul/2026:19:45:16 -0300] "GET /?a=356672298 HTTP/1.1" 200 67036 "-" "Mozilla/5.0 (compatible; DataForSeoBot/1.0; +https://dataforseo.com/dataforseo-bot)"
216.73.216.198 - - [31/Jul/2026:19:45:17 -0300] "GET /?path=%2F%2Fproc%2F3141785 HTTP/1.1" 200 12703 "-" "Mozilla/5.0 AppleWebKit/537.36 (KHTML, like Gecko; compatible; ClaudeBot/1.0; +claudebot@anthropic.com)"
136.243.228.179 - - [31/Jul/2026:19:45:20 -0300] "GET /?a=913940439 HTTP/1.1" 200 67036 "-" "Mozilla/5.0 (compatible; DataForSeoBot/1.0; +https://dataforseo.com/dataforseo-bot)"
216.73.216.198 - - [31/Jul/2026:19:45:20 -0300] "GET /?path=%2F%2Fproc%2F3572254 HTTP/1.1" 200 12703 "-" "Mozilla/5.0 AppleWebKit/537.36 (KHTML, like Gecko; compatible; ClaudeBot/1.0; +claudebot@anthropic.com)"
216.73.216.198 - - [31/Jul/2026:19:45:23 -0300] "GET /wp-config.php?fileloc=%2Fhome%2Fautoligchopp%2Fpublic_html%2Fwp-includes%2Frevision.php&path=%2Fhome%2Fautoligchopp%2Fpublic_html%2Fwp-includes HTTP/1.1" 200 45456 "-" "Mozilla/5.0 AppleWebKit/537.36 (KHTML, like Gecko; compatible; ClaudeBot/1.0; +claudebot@anthropic.com)"
136.243.228.179 - - [31/Jul/2026:19:45:24 -0300] "GET /?a=1391401656 HTTP/1.1" 200 67036 "-" "Mozilla/5.0 (compatible; DataForSeoBot/1.0; +https://dataforseo.com/dataforseo-bot)"
216.73.216.198 - - [31/Jul/2026:19:45:26 -0300] "GET /?path=%2F%2Fproc%2F1047899 HTTP/1.1" 200 12703 "-" "Mozilla/5.0 AppleWebKit/537.36 (KHTML, like Gecko; compatible; ClaudeBot/1.0; +claudebot@anthropic.com)"
136.243.228.179 - - [31/Jul/2026:19:45:29 -0300] "GET /?a=1059270923 HTTP/1.1" 200 67036 "-" "Mozilla/5.0 (compatible; DataForSeoBot/1.0; +https://dataforseo.com/dataforseo-bot)"
216.73.216.198 - - [31/Jul/2026:19:45:29 -0300] "GET /?path=%2F%2Fproc%2F345826 HTTP/1.1" 200 12701 "-" "Mozilla/5.0 AppleWebKit/537.36 (KHTML, like Gecko; compatible; ClaudeBot/1.0; +claudebot@anthropic.com)"
216.73.216.198 - - [31/Jul/2026:19:45:32 -0300] "GET /?path=%2F%2Fproc%2F2528620 HTTP/1.1" 200 12703 "-" "Mozilla/5.0 AppleWebKit/537.36 (KHTML, like Gecko; compatible; ClaudeBot/1.0; +claudebot@anthropic.com)"
136.243.228.179 - - [31/Jul/2026:19:45:33 -0300] "GET /?a=3785125851 HTTP/1.1" 200 67036 "-" "Mozilla/5.0 (compatible; DataForSeoBot/1.0; +https://dataforseo.com/dataforseo-bot)"
216.73.216.198 - - [31/Jul/2026:19:45:35 -0300] "GET /?path=%2F%2Fproc%2F1769918 HTTP/1.1" 200 12703 "-" "Mozilla/5.0 AppleWebKit/537.36 (KHTML, like Gecko; compatible; ClaudeBot/1.0; +claudebot@anthropic.com)"
136.243.228.179 - - [31/Jul/2026:19:45:37 -0300] "GET /?a=2730927510 HTTP/1.1" 200 67036 "-" "Mozilla/5.0 (compatible; DataForSeoBot/1.0; +https://dataforseo.com/dataforseo-bot)"
216.73.216.198 - - [31/Jul/2026:19:45:38 -0300] "GET /?path=%2F%2Fproc%2F1047833 HTTP/1.1" 200 12703 "-" "Mozilla/5.0 AppleWebKit/537.36 (KHTML, like Gecko; compatible; ClaudeBot/1.0; +claudebot@anthropic.com)"
216.73.216.198 - - [31/Jul/2026:19:45:41 -0300] "GET /configRLD/Jump/0-clustt08/cgi-bin/ HTTP/1.1" 200 717 "-" "Mozilla/5.0 AppleWebKit/537.36 (KHTML, like Gecko; compatible; ClaudeBot/1.0; +claudebot@anthropic.com)"
136.243.228.179 - - [31/Jul/2026:19:45:42 -0300] "GET /?a=818318373 HTTP/1.1" 200 67036 "-" "Mozilla/5.0 (compatible; DataForSeoBot/1.0; +https://dataforseo.com/dataforseo-bot)"
136.243.228.179 - - [31/Jul/2026:19:45:47 -0300] "GET /?a=1934431840 HTTP/1.1" 200 67036 "-" "Mozilla/5.0 (compatible; DataForSeoBot/1.0; +https://dataforseo.com/dataforseo-bot)"
216.73.216.198 - - [31/Jul/2026:19:45:47 -0300] "GET /?path=%2F%2Fproc%2F3373229 HTTP/1.1" 200 12703 "-" "Mozilla/5.0 AppleWebKit/537.36 (KHTML, like Gecko; compatible; ClaudeBot/1.0; +claudebot@anthropic.com)"
216.73.216.198 - - [31/Jul/2026:19:45:50 -0300] "GET /wp-config.php?fileloc=%2Fhome%2Fautoligchopp%2Fpublic_html%2Fwp-includes%2Fauthor-template.php&path=%2Fhome%2Fautoligchopp%2Fpublic_html%2Fwp-includes HTTP/1.1" 200 34468 "-" "Mozilla/5.0 AppleWebKit/537.36 (KHTML, like Gecko; compatible; ClaudeBot/1.0; +claudebot@anthropic.com)"
136.243.228.179 - - [31/Jul/2026:19:45:51 -0300] "GET /?a=2418462416 HTTP/1.1" 200 67036 "-" "Mozilla/5.0 (compatible; DataForSeoBot/1.0; +https://dataforseo.com/dataforseo-bot)"
216.73.216.198 - - [31/Jul/2026:19:45:53 -0300] "GET /?path=%2F%2Fproc%2F2350256 HTTP/1.1" 200 12703 "-" "Mozilla/5.0 AppleWebKit/537.36 (KHTML, like Gecko; compatible; ClaudeBot/1.0; +claudebot@anthropic.com)"
136.243.228.179 - - [31/Jul/2026:19:45:54 -0300] "GET /?a=3632922065 HTTP/1.1" 200 67036 "-" "Mozilla/5.0 (compatible; DataForSeoBot/1.0; +https://dataforseo.com/dataforseo-bot)"
216.73.216.198 - - [31/Jul/2026:19:45:56 -0300] "GET /?path=%2F%2Fproc%2F121620 HTTP/1.1" 200 12701 "-" "Mozilla/5.0 AppleWebKit/537.36 (KHTML, like Gecko; compatible; ClaudeBot/1.0; +claudebot@anthropic.com)"
136.243.228.179 - - [31/Jul/2026:19:45:59 -0300] "GET /?a=890620991 HTTP/1.1" 200 67036 "-" "Mozilla/5.0 (compatible; DataForSeoBot/1.0; +https://dataforseo.com/dataforseo-bot)"
216.73.216.198 - - [31/Jul/2026:19:45:59 -0300] "GET /?path=%2F%2Fproc%2F1048055 HTTP/1.1" 200 12703 "-" "Mozilla/5.0 AppleWebKit/537.36 (KHTML, like Gecko; compatible; ClaudeBot/1.0; +claudebot@anthropic.com)"
216.73.216.198 - - [31/Jul/2026:19:46:02 -0300] "GET /?path=%2F%2Fproc%2F3174833 HTTP/1.1" 200 12703 "-" "Mozilla/5.0 AppleWebKit/537.36 (KHTML, like Gecko; compatible; ClaudeBot/1.0; +claudebot@anthropic.com)"
136.243.228.179 - - [31/Jul/2026:19:46:03 -0300] "GET /?a=1152051971 HTTP/1.1" 200 67036 "-" "Mozilla/5.0 (compatible; DataForSeoBot/1.0; +https://dataforseo.com/dataforseo-bot)"
216.73.216.198 - - [31/Jul/2026:19:46:05 -0300] "GET /?path=%2F%2Fproc%2F1862228 HTTP/1.1" 200 12703 "-" "Mozilla/5.0 AppleWebKit/537.36 (KHTML, like Gecko; compatible; ClaudeBot/1.0; +claudebot@anthropic.com)"
216.73.216.198 - - [31/Jul/2026:19:46:08 -0300] "GET /?path=%2F%2Fproc%2F2963905 HTTP/1.1" 200 12703 "-" "Mozilla/5.0 AppleWebKit/537.36 (KHTML, like Gecko; compatible; ClaudeBot/1.0; +claudebot@anthropic.com)"
216.73.216.198 - - [31/Jul/2026:19:46:11 -0300] "GET /?path=%2F%2Fproc%2F122175 HTTP/1.1" 200 12701 "-" "Mozilla/5.0 AppleWebKit/537.36 (KHTML, like Gecko; compatible; ClaudeBot/1.0; +claudebot@anthropic.com)"
216.73.216.198 - - [31/Jul/2026:19:46:14 -0300] "GET /?path=%2F%2Fproc%2F102623 HTTP/1.1" 200 12701 "-" "Mozilla/5.0 AppleWebKit/537.36 (KHTML, like Gecko; compatible; ClaudeBot/1.0; +claudebot@anthropic.com)"
216.73.216.198 - - [31/Jul/2026:19:46:17 -0300] "GET /?path=%2F%2Fproc%2F1967633 HTTP/1.1" 200 12703 "-" "Mozilla/5.0 AppleWebKit/537.36 (KHTML, like Gecko; compatible; ClaudeBot/1.0; +claudebot@anthropic.com)"
216.73.216.198 - - [31/Jul/2026:19:46:20 -0300] "GET /?path=%2F%2Fproc%2F1121795 HTTP/1.1" 200 12703 "-" "Mozilla/5.0 AppleWebKit/537.36 (KHTML, like Gecko; compatible; ClaudeBot/1.0; +claudebot@anthropic.com)"
114.119.150.90 - - [31/Jul/2026:19:46:22 -0300] "GET /configRLD/Jump/0-toldosilvio/wp-includes/template-canvas.php HTTP/1.1" 500 - "http://choppgermaniaautodromo.com.br/configRLD/Jump/0-toldosilvio/wp-includes/" "Mozilla/5.0 (Linux; Android 7.0;) AppleWebKit/537.36 (HTML, like Gecko) Mobile Safari/537.36 (compatible; PetalBot;+https://webmaster.petalsearch.com/site/petalbot)"
216.73.216.198 - - [31/Jul/2026:19:46:23 -0300] "GET /?path=%2F%2Fproc%2F2963755 HTTP/1.1" 200 12703 "-" "Mozilla/5.0 AppleWebKit/537.36 (KHTML, like Gecko; compatible; ClaudeBot/1.0; +claudebot@anthropic.com)"
216.73.216.198 - - [31/Jul/2026:19:46:26 -0300] "GET /?path=%2F%2Fproc%2F1891485 HTTP/1.1" 200 12703 "-" "Mozilla/5.0 AppleWebKit/537.36 (KHTML, like Gecko; compatible; ClaudeBot/1.0; +claudebot@anthropic.com)"
216.73.216.198 - - [31/Jul/2026:19:46:29 -0300] "GET /?path=%2F%2Fproc%2F2301624 HTTP/1.1" 200 12703 "-" "Mozilla/5.0 AppleWebKit/537.36 (KHTML, like Gecko; compatible; ClaudeBot/1.0; +claudebot@anthropic.com)"
216.73.216.198 - - [31/Jul/2026:19:46:32 -0300] "GET /index.php?fileloc=%2Fhome%2Fautoligchopp%2Fpublic_html%2Fwp-includes%2Fclass-wp-phpmailer.php&path=%2Fhome%2Fautoligchopp%2Fpublic_html%2Fwp-includes HTTP/1.1" 200 17573 "-" "Mozilla/5.0 AppleWebKit/537.36 (KHTML, like Gecko; compatible; ClaudeBot/1.0; +claudebot@anthropic.com)"
216.73.216.198 - - [31/Jul/2026:19:46:35 -0300] "GET /?path=%2F%2Fproc%2F3190276 HTTP/1.1" 200 12703 "-" "Mozilla/5.0 AppleWebKit/537.36 (KHTML, like Gecko; compatible; ClaudeBot/1.0; +claudebot@anthropic.com)"
216.73.216.198 - - [31/Jul/2026:19:46:38 -0300] "GET /?path=%2F%2Fproc%2F2356041 HTTP/1.1" 200 12703 "-" "Mozilla/5.0 AppleWebKit/537.36 (KHTML, like Gecko; compatible; ClaudeBot/1.0; +claudebot@anthropic.com)"
216.73.216.198 - - [31/Jul/2026:19:46:41 -0300] "GET /?path=%2F%2Fproc%2F3093339 HTTP/1.1" 200 12703 "-" "Mozilla/5.0 AppleWebKit/537.36 (KHTML, like Gecko; compatible; ClaudeBot/1.0; +claudebot@anthropic.com)"
216.73.216.198 - - [31/Jul/2026:19:46:44 -0300] "GET /?path=%2F%2Fproc%2F2669647 HTTP/1.1" 200 12703 "-" "Mozilla/5.0 AppleWebKit/537.36 (KHTML, like Gecko; compatible; ClaudeBot/1.0; +claudebot@anthropic.com)"
216.73.216.198 - - [31/Jul/2026:19:46:47 -0300] "GET /?path=%2F%2Fproc%2F1891284 HTTP/1.1" 200 12703 "-" "Mozilla/5.0 AppleWebKit/537.36 (KHTML, like Gecko; compatible; ClaudeBot/1.0; +claudebot@anthropic.com)"
216.73.216.198 - - [31/Jul/2026:19:46:50 -0300] "GET /?path=%2F%2Fproc%2F2254495 HTTP/1.1" 200 12703 "-" "Mozilla/5.0 AppleWebKit/537.36 (KHTML, like Gecko; compatible; ClaudeBot/1.0; +claudebot@anthropic.com)"
136.243.228.179 - - [31/Jul/2026:19:46:55 -0300] "GET /?a=1711388617 HTTP/1.1" 200 67036 "-" "Mozilla/5.0 (compatible; DataForSeoBot/1.0; +https://dataforseo.com/dataforseo-bot)"
136.243.228.179 - - [31/Jul/2026:19:46:59 -0300] "GET /?a=4190535548 HTTP/1.1" 200 67036 "-" "Mozilla/5.0 (compatible; DataForSeoBot/1.0; +https://dataforseo.com/dataforseo-bot)"
136.243.228.179 - - [31/Jul/2026:19:47:03 -0300] "GET /?a=2853805271 HTTP/1.1" 200 67036 "-" "Mozilla/5.0 (compatible; DataForSeoBot/1.0; +https://dataforseo.com/dataforseo-bot)"
136.243.228.179 - - [31/Jul/2026:19:47:07 -0300] "GET /?a=3441768749 HTTP/1.1" 200 67036 "-" "Mozilla/5.0 (compatible; DataForSeoBot/1.0; +https://dataforseo.com/dataforseo-bot)"
136.243.228.179 - - [31/Jul/2026:19:47:12 -0300] "GET /?a=561875457 HTTP/1.1" 200 67036 "-" "Mozilla/5.0 (compatible; DataForSeoBot/1.0; +https://dataforseo.com/dataforseo-bot)"
216.73.216.198 - - [31/Jul/2026:19:47:12 -0300] "GET /?path=%2F%2Fproc%2F1488070 HTTP/1.1" 200 12703 "-" "Mozilla/5.0 AppleWebKit/537.36 (KHTML, like Gecko; compatible; ClaudeBot/1.0; +claudebot@anthropic.com)"
216.73.216.198 - - [31/Jul/2026:19:47:15 -0300] "GET /?path=%2F%2Fproc%2F3449918 HTTP/1.1" 200 12703 "-" "Mozilla/5.0 AppleWebKit/537.36 (KHTML, like Gecko; compatible; ClaudeBot/1.0; +claudebot@anthropic.com)"
136.243.228.179 - - [31/Jul/2026:19:47:16 -0300] "GET /?a=2412283806 HTTP/1.1" 200 67036 "-" "Mozilla/5.0 (compatible; DataForSeoBot/1.0; +https://dataforseo.com/dataforseo-bot)"
216.73.216.198 - - [31/Jul/2026:19:47:18 -0300] "GET /?path=%2F%2Fproc%2F2839315 HTTP/1.1" 200 12703 "-" "Mozilla/5.0 AppleWebKit/537.36 (KHTML, like Gecko; compatible; ClaudeBot/1.0; +claudebot@anthropic.com)"
136.243.228.179 - - [31/Jul/2026:19:47:21 -0300] "GET /?a=277452811 HTTP/1.1" 200 67036 "-" "Mozilla/5.0 (compatible; DataForSeoBot/1.0; +https://dataforseo.com/dataforseo-bot)"
216.73.216.198 - - [31/Jul/2026:19:47:21 -0300] "GET /?path=%2F%2Fproc%2F1538384 HTTP/1.1" 200 12703 "-" "Mozilla/5.0 AppleWebKit/537.36 (KHTML, like Gecko; compatible; ClaudeBot/1.0; +claudebot@anthropic.com)"
216.73.216.198 - - [31/Jul/2026:19:47:24 -0300] "GET /?path=%2F%2Fproc%2F1891554 HTTP/1.1" 200 12703 "-" "Mozilla/5.0 AppleWebKit/537.36 (KHTML, like Gecko; compatible; ClaudeBot/1.0; +claudebot@anthropic.com)"
136.243.228.179 - - [31/Jul/2026:19:47:25 -0300] "GET /?a=3589523399 HTTP/1.1" 200 67036 "-" "Mozilla/5.0 (compatible; DataForSeoBot/1.0; +https://dataforseo.com/dataforseo-bot)"
216.73.216.198 - - [31/Jul/2026:19:47:27 -0300] "GET /?path=%2F%2Fproc%2F1461289 HTTP/1.1" 200 12703 "-" "Mozilla/5.0 AppleWebKit/537.36 (KHTML, like Gecko; compatible; ClaudeBot/1.0; +claudebot@anthropic.com)"
136.243.228.179 - - [31/Jul/2026:19:47:29 -0300] "GET /?a=628377156 HTTP/1.1" 200 67036 "-" "Mozilla/5.0 (compatible; DataForSeoBot/1.0; +https://dataforseo.com/dataforseo-bot)"
216.73.216.198 - - [31/Jul/2026:19:47:30 -0300] "GET /?path=%2F%2Fproc%2F1770054 HTTP/1.1" 200 12703 "-" "Mozilla/5.0 AppleWebKit/537.36 (KHTML, like Gecko; compatible; ClaudeBot/1.0; +claudebot@anthropic.com)"
216.73.216.198 - - [31/Jul/2026:19:47:33 -0300] "GET /?path=%2F%2Fproc%2F1047813 HTTP/1.1" 200 12703 "-" "Mozilla/5.0 AppleWebKit/537.36 (KHTML, like Gecko; compatible; ClaudeBot/1.0; +claudebot@anthropic.com)"
136.243.228.179 - - [31/Jul/2026:19:47:34 -0300] "GET /?a=2333227826 HTTP/1.1" 200 67036 "-" "Mozilla/5.0 (compatible; DataForSeoBot/1.0; +https://dataforseo.com/dataforseo-bot)"
216.73.216.198 - - [31/Jul/2026:19:47:36 -0300] "GET /?path=%2F%2Fproc%2F2570498 HTTP/1.1" 200 12703 "-" "Mozilla/5.0 AppleWebKit/537.36 (KHTML, like Gecko; compatible; ClaudeBot/1.0; +claudebot@anthropic.com)"
216.73.216.198 - - [31/Jul/2026:19:47:39 -0300] "GET /?path=%2F%2Fproc%2F1862080 HTTP/1.1" 200 12703 "-" "Mozilla/5.0 AppleWebKit/537.36 (KHTML, like Gecko; compatible; ClaudeBot/1.0; +claudebot@anthropic.com)"
136.243.228.179 - - [31/Jul/2026:19:47:40 -0300] "GET /?a=1783300469 HTTP/1.1" 200 67036 "-" "Mozilla/5.0 (compatible; DataForSeoBot/1.0; +https://dataforseo.com/dataforseo-bot)"
216.73.216.198 - - [31/Jul/2026:19:47:42 -0300] "GET /?path=%2F%2Fproc%2F1862328 HTTP/1.1" 200 12703 "-" "Mozilla/5.0 AppleWebKit/537.36 (KHTML, like Gecko; compatible; ClaudeBot/1.0; +claudebot@anthropic.com)"
136.243.228.179 - - [31/Jul/2026:19:47:43 -0300] "GET /?a=2088592327 HTTP/1.1" 200 67036 "-" "Mozilla/5.0 (compatible; DataForSeoBot/1.0; +https://dataforseo.com/dataforseo-bot)"
216.73.216.198 - - [31/Jul/2026:19:47:45 -0300] "GET /?path=%2F%2Fproc%2F345887 HTTP/1.1" 200 12701 "-" "Mozilla/5.0 AppleWebKit/537.36 (KHTML, like Gecko; compatible; ClaudeBot/1.0; +claudebot@anthropic.com)"
136.243.228.179 - - [31/Jul/2026:19:47:47 -0300] "GET /?a=1536732140 HTTP/1.1" 200 67036 "-" "Mozilla/5.0 (compatible; DataForSeoBot/1.0; +https://dataforseo.com/dataforseo-bot)"
216.73.216.198 - - [31/Jul/2026:19:47:48 -0300] "GET /?path=%2F%2Fproc%2F2839198 HTTP/1.1" 200 12703 "-" "Mozilla/5.0 AppleWebKit/537.36 (KHTML, like Gecko; compatible; ClaudeBot/1.0; +claudebot@anthropic.com)"
216.73.216.198 - - [31/Jul/2026:19:47:51 -0300] "GET /?path=%2F%2Fproc%2F1829753 HTTP/1.1" 200 12703 "-" "Mozilla/5.0 AppleWebKit/537.36 (KHTML, like Gecko; compatible; ClaudeBot/1.0; +claudebot@anthropic.com)"
136.243.228.179 - - [31/Jul/2026:19:47:52 -0300] "GET /?a=1769581728 HTTP/1.1" 200 67036 "-" "Mozilla/5.0 (compatible; DataForSeoBot/1.0; +https://dataforseo.com/dataforseo-bot)"
216.73.216.198 - - [31/Jul/2026:19:47:54 -0300] "GET /?path=%2F%2Fproc%2F2383420 HTTP/1.1" 200 12703 "-" "Mozilla/5.0 AppleWebKit/537.36 (KHTML, like Gecko; compatible; ClaudeBot/1.0; +claudebot@anthropic.com)"
136.243.228.179 - - [31/Jul/2026:19:47:57 -0300] "GET /?a=4096170989 HTTP/1.1" 200 67036 "-" "Mozilla/5.0 (compatible; DataForSeoBot/1.0; +https://dataforseo.com/dataforseo-bot)"
216.73.216.198 - - [31/Jul/2026:19:47:57 -0300] "GET /?path=%2F%2Fproc%2F3141739 HTTP/1.1" 200 12703 "-" "Mozilla/5.0 AppleWebKit/537.36 (KHTML, like Gecko; compatible; ClaudeBot/1.0; +claudebot@anthropic.com)"
136.243.228.179 - - [31/Jul/2026:19:48:01 -0300] "GET /?a=873873086 HTTP/1.1" 200 67036 "-" "Mozilla/5.0 (compatible; DataForSeoBot/1.0; +https://dataforseo.com/dataforseo-bot)"
136.243.228.179 - - [31/Jul/2026:19:48:05 -0300] "GET /?a=1511855219 HTTP/1.1" 200 67036 "-" "Mozilla/5.0 (compatible; DataForSeoBot/1.0; +https://dataforseo.com/dataforseo-bot)"
136.243.228.179 - - [31/Jul/2026:19:48:09 -0300] "GET /?a=2092132555 HTTP/1.1" 200 67036 "-" "Mozilla/5.0 (compatible; DataForSeoBot/1.0; +https://dataforseo.com/dataforseo-bot)"
136.243.228.179 - - [31/Jul/2026:19:48:15 -0300] "GET /?a=4176211841 HTTP/1.1" 200 67036 "-" "Mozilla/5.0 (compatible; DataForSeoBot/1.0; +https://dataforseo.com/dataforseo-bot)"
136.243.228.179 - - [31/Jul/2026:19:48:20 -0300] "GET /?a=2878682192 HTTP/1.1" 200 67036 "-" "Mozilla/5.0 (compatible; DataForSeoBot/1.0; +https://dataforseo.com/dataforseo-bot)"
136.243.228.179 - - [31/Jul/2026:19:48:25 -0300] "GET /?a=3800220214 HTTP/1.1" 200 67036 "-" "Mozilla/5.0 (compatible; DataForSeoBot/1.0; +https://dataforseo.com/dataforseo-bot)"
136.243.228.179 - - [31/Jul/2026:19:48:29 -0300] "GET /?a=2361922847 HTTP/1.1" 200 67036 "-" "Mozilla/5.0 (compatible; DataForSeoBot/1.0; +https://dataforseo.com/dataforseo-bot)"
136.243.228.179 - - [31/Jul/2026:19:48:34 -0300] "GET /?a=2081415818 HTTP/1.1" 200 67036 "-" "Mozilla/5.0 (compatible; DataForSeoBot/1.0; +https://dataforseo.com/dataforseo-bot)"
136.243.228.179 - - [31/Jul/2026:19:48:39 -0300] "GET /?a=3220405122 HTTP/1.1" 200 67036 "-" "Mozilla/5.0 (compatible; DataForSeoBot/1.0; +https://dataforseo.com/dataforseo-bot)"
136.243.228.179 - - [31/Jul/2026:19:48:46 -0300] "GET /?a=234054161 HTTP/1.1" 200 67036 "-" "Mozilla/5.0 (compatible; DataForSeoBot/1.0; +https://dataforseo.com/dataforseo-bot)"
136.243.228.179 - - [31/Jul/2026:19:48:49 -0300] "GET /?a=3563434411 HTTP/1.1" 200 67036 "-" "Mozilla/5.0 (compatible; DataForSeoBot/1.0; +https://dataforseo.com/dataforseo-bot)"
114.119.150.90 - - [31/Jul/2026:19:48:55 -0300] "GET /configRLD/Jump/0-toldosilvio/wp-includes/shortcodes.php HTTP/1.1" 500 - "http://choppgermaniaautodromo.com.br/configRLD/Jump/0-toldosilvio/wp-includes/" "Mozilla/5.0 (Linux; Android 7.0;) AppleWebKit/537.36 (HTML, like Gecko) Mobile Safari/537.36 (compatible; PetalBot;+https://webmaster.petalsearch.com/site/petalbot)"
136.243.228.179 - - [31/Jul/2026:19:48:54 -0300] "GET /?a=3363761345 HTTP/1.1" 200 67036 "-" "Mozilla/5.0 (compatible; DataForSeoBot/1.0; +https://dataforseo.com/dataforseo-bot)"
216.73.216.198 - - [31/Jul/2026:19:48:55 -0300] "GET /?path=%2F%2Fproc%2F2212811 HTTP/1.1" 200 12703 "-" "Mozilla/5.0 AppleWebKit/537.36 (KHTML, like Gecko; compatible; ClaudeBot/1.0; +claudebot@anthropic.com)"
136.243.228.179 - - [31/Jul/2026:19:48:57 -0300] "GET /?a=2393371311 HTTP/1.1" 200 67036 "-" "Mozilla/5.0 (compatible; DataForSeoBot/1.0; +https://dataforseo.com/dataforseo-bot)"
216.73.216.198 - - [31/Jul/2026:19:48:58 -0300] "GET /?path=%2F%2Fproc%2F2921337 HTTP/1.1" 200 12703 "-" "Mozilla/5.0 AppleWebKit/537.36 (KHTML, like Gecko; compatible; ClaudeBot/1.0; +claudebot@anthropic.com)"
216.73.216.198 - - [31/Jul/2026:19:49:01 -0300] "GET /?path=%2F%2Fproc%2F1538145 HTTP/1.1" 200 12703 "-" "Mozilla/5.0 AppleWebKit/537.36 (KHTML, like Gecko; compatible; ClaudeBot/1.0; +claudebot@anthropic.com)"
136.243.228.179 - - [31/Jul/2026:19:49:01 -0300] "GET /?a=2889676817 HTTP/1.1" 200 67036 "-" "Mozilla/5.0 (compatible; DataForSeoBot/1.0; +https://dataforseo.com/dataforseo-bot)"
216.73.216.198 - - [31/Jul/2026:19:49:04 -0300] "GET /?path=%2F%2Fproc%2F3174622 HTTP/1.1" 200 12703 "-" "Mozilla/5.0 AppleWebKit/537.36 (KHTML, like Gecko; compatible; ClaudeBot/1.0; +claudebot@anthropic.com)"
136.243.228.179 - - [31/Jul/2026:19:49:05 -0300] "GET /?a=550110160 HTTP/1.1" 200 67036 "-" "Mozilla/5.0 (compatible; DataForSeoBot/1.0; +https://dataforseo.com/dataforseo-bot)"
216.73.216.198 - - [31/Jul/2026:19:49:07 -0300] "GET /?path=%2F%2Fproc%2F1058819 HTTP/1.1" 200 12703 "-" "Mozilla/5.0 AppleWebKit/537.36 (KHTML, like Gecko; compatible; ClaudeBot/1.0; +claudebot@anthropic.com)"
216.73.216.198 - - [31/Jul/2026:19:49:10 -0300] "GET /?path=%2F%2Fproc%2F2408849 HTTP/1.1" 200 12703 "-" "Mozilla/5.0 AppleWebKit/537.36 (KHTML, like Gecko; compatible; ClaudeBot/1.0; +claudebot@anthropic.com)"
136.243.228.179 - - [31/Jul/2026:19:49:10 -0300] "GET /?a=182483286 HTTP/1.1" 200 67036 "-" "Mozilla/5.0 (compatible; DataForSeoBot/1.0; +https://dataforseo.com/dataforseo-bot)"
216.73.216.198 - - [31/Jul/2026:19:49:13 -0300] "GET /?path=%2F%2Fproc%2F3190266 HTTP/1.1" 200 12703 "-" "Mozilla/5.0 AppleWebKit/537.36 (KHTML, like Gecko; compatible; ClaudeBot/1.0; +claudebot@anthropic.com)"
136.243.228.179 - - [31/Jul/2026:19:49:15 -0300] "GET /?a=2492929592 HTTP/1.1" 200 67036 "-" "Mozilla/5.0 (compatible; DataForSeoBot/1.0; +https://dataforseo.com/dataforseo-bot)"
216.73.216.198 - - [31/Jul/2026:19:49:16 -0300] "GET /?path=%2F%2Fproc%2F1270054 HTTP/1.1" 200 12703 "-" "Mozilla/5.0 AppleWebKit/537.36 (KHTML, like Gecko; compatible; ClaudeBot/1.0; +claudebot@anthropic.com)"
216.73.216.198 - - [31/Jul/2026:19:49:19 -0300] "GET /?path=%2F%2Fproc%2F2710499 HTTP/1.1" 200 12703 "-" "Mozilla/5.0 AppleWebKit/537.36 (KHTML, like Gecko; compatible; ClaudeBot/1.0; +claudebot@anthropic.com)"
136.243.228.179 - - [31/Jul/2026:19:49:19 -0300] "GET /?a=2960540093 HTTP/1.1" 200 67036 "-" "Mozilla/5.0 (compatible; DataForSeoBot/1.0; +https://dataforseo.com/dataforseo-bot)"
216.73.216.198 - - [31/Jul/2026:19:49:22 -0300] "GET /?path=%2F%2Fproc%2F3058039 HTTP/1.1" 200 12703 "-" "Mozilla/5.0 AppleWebKit/537.36 (KHTML, like Gecko; compatible; ClaudeBot/1.0; +claudebot@anthropic.com)"
136.243.228.179 - - [31/Jul/2026:19:49:23 -0300] "GET /?a=872660987 HTTP/1.1" 200 67036 "-" "Mozilla/5.0 (compatible; DataForSeoBot/1.0; +https://dataforseo.com/dataforseo-bot)"
216.73.216.198 - - [31/Jul/2026:19:49:25 -0300] "GET /?path=%2F%2Fproc%2F1169932 HTTP/1.1" 200 12703 "-" "Mozilla/5.0 AppleWebKit/537.36 (KHTML, like Gecko; compatible; ClaudeBot/1.0; +claudebot@anthropic.com)"
136.243.228.179 - - [31/Jul/2026:19:49:27 -0300] "GET /?a=1176323926 HTTP/1.1" 200 67036 "-" "Mozilla/5.0 (compatible; DataForSeoBot/1.0; +https://dataforseo.com/dataforseo-bot)"
216.73.216.198 - - [31/Jul/2026:19:49:28 -0300] "GET /?path=%2F%2Fproc%2F2710609 HTTP/1.1" 200 12703 "-" "Mozilla/5.0 AppleWebKit/537.36 (KHTML, like Gecko; compatible; ClaudeBot/1.0; +claudebot@anthropic.com)"
216.73.216.198 - - [31/Jul/2026:19:49:31 -0300] "GET /?path=%2F%2Fproc%2F2674457 HTTP/1.1" 200 12703 "-" "Mozilla/5.0 AppleWebKit/537.36 (KHTML, like Gecko; compatible; ClaudeBot/1.0; +claudebot@anthropic.com)"
136.243.228.179 - - [31/Jul/2026:19:49:32 -0300] "GET /?a=4060299443 HTTP/1.1" 200 67036 "-" "Mozilla/5.0 (compatible; DataForSeoBot/1.0; +https://dataforseo.com/dataforseo-bot)"
216.73.216.198 - - [31/Jul/2026:19:49:34 -0300] "GET /?path=%2F%2Fproc%2F2559668 HTTP/1.1" 200 12703 "-" "Mozilla/5.0 AppleWebKit/537.36 (KHTML, like Gecko; compatible; ClaudeBot/1.0; +claudebot@anthropic.com)"
216.73.216.198 - - [31/Jul/2026:19:49:37 -0300] "GET /?path=%2F%2Fproc%2F1652232 HTTP/1.1" 200 12703 "-" "Mozilla/5.0 AppleWebKit/537.36 (KHTML, like Gecko; compatible; ClaudeBot/1.0; +claudebot@anthropic.com)"
136.243.228.179 - - [31/Jul/2026:19:49:37 -0300] "GET /?a=2033037646 HTTP/1.1" 200 67036 "-" "Mozilla/5.0 (compatible; DataForSeoBot/1.0; +https://dataforseo.com/dataforseo-bot)"
216.73.216.198 - - [31/Jul/2026:19:49:40 -0300] "GET /?path=%2F%2Fproc%2F2839257 HTTP/1.1" 200 12703 "-" "Mozilla/5.0 AppleWebKit/537.36 (KHTML, like Gecko; compatible; ClaudeBot/1.0; +claudebot@anthropic.com)"
136.243.228.179 - - [31/Jul/2026:19:49:41 -0300] "GET /?a=3705224667 HTTP/1.1" 200 67036 "-" "Mozilla/5.0 (compatible; DataForSeoBot/1.0; +https://dataforseo.com/dataforseo-bot)"
216.73.216.198 - - [31/Jul/2026:19:49:43 -0300] "GET /?path=%2F%2Fproc%2F1162386 HTTP/1.1" 200 12703 "-" "Mozilla/5.0 AppleWebKit/537.36 (KHTML, like Gecko; compatible; ClaudeBot/1.0; +claudebot@anthropic.com)"
216.73.216.198 - - [31/Jul/2026:19:49:46 -0300] "GET /?path=%2F%2Fproc%2F1867119 HTTP/1.1" 200 12703 "-" "Mozilla/5.0 AppleWebKit/537.36 (KHTML, like Gecko; compatible; ClaudeBot/1.0; +claudebot@anthropic.com)"
136.243.228.179 - - [31/Jul/2026:19:49:46 -0300] "GET /?a=3750996822 HTTP/1.1" 200 67036 "-" "Mozilla/5.0 (compatible; DataForSeoBot/1.0; +https://dataforseo.com/dataforseo-bot)"
216.73.216.198 - - [31/Jul/2026:19:49:49 -0300] "GET /?path=%2F%2Fproc%2F1999708 HTTP/1.1" 200 12703 "-" "Mozilla/5.0 AppleWebKit/537.36 (KHTML, like Gecko; compatible; ClaudeBot/1.0; +claudebot@anthropic.com)"
136.243.228.179 - - [31/Jul/2026:19:49:50 -0300] "GET /?a=2672363035 HTTP/1.1" 200 67036 "-" "Mozilla/5.0 (compatible; DataForSeoBot/1.0; +https://dataforseo.com/dataforseo-bot)"
216.73.216.198 - - [31/Jul/2026:19:49:52 -0300] "GET /?path=%2F%2Fproc%2F1888448 HTTP/1.1" 200 12703 "-" "Mozilla/5.0 AppleWebKit/537.36 (KHTML, like Gecko; compatible; ClaudeBot/1.0; +claudebot@anthropic.com)"
136.243.228.179 - - [31/Jul/2026:19:49:54 -0300] "GET /?a=1243810529 HTTP/1.1" 200 67036 "-" "Mozilla/5.0 (compatible; DataForSeoBot/1.0; +https://dataforseo.com/dataforseo-bot)"
216.73.216.198 - - [31/Jul/2026:19:49:55 -0300] "GET /?path=%2F%2Fproc%2F2383510 HTTP/1.1" 200 12703 "-" "Mozilla/5.0 AppleWebKit/537.36 (KHTML, like Gecko; compatible; ClaudeBot/1.0; +claudebot@anthropic.com)"
216.73.216.198 - - [31/Jul/2026:19:49:58 -0300] "GET /?path=%2F%2Fproc%2F1223320 HTTP/1.1" 200 12703 "-" "Mozilla/5.0 AppleWebKit/537.36 (KHTML, like Gecko; compatible; ClaudeBot/1.0; +claudebot@anthropic.com)"
136.243.228.179 - - [31/Jul/2026:19:49:59 -0300] "GET /?a=3854051748 HTTP/1.1" 200 67036 "-" "Mozilla/5.0 (compatible; DataForSeoBot/1.0; +https://dataforseo.com/dataforseo-bot)"
216.73.216.198 - - [31/Jul/2026:19:50:01 -0300] "GET /wp-mail.php?fileloc=%2Fhome%2Fautoligchopp%2Fpublic_html%2Fwp-admin%2Flink.php&path=%2Fhome%2Fautoligchopp%2Fpublic_html%2Fwp-admin HTTP/1.1" 200 15878 "-" "Mozilla/5.0 AppleWebKit/537.36 (KHTML, like Gecko; compatible; ClaudeBot/1.0; +claudebot@anthropic.com)"
216.73.216.198 - - [31/Jul/2026:19:50:04 -0300] "GET /wp-admin/?fileloc=%2Fhome%2Fautoligchopp%2Fpublic_html%2Fwp-admin%2Fupdate.php&path=%2Fhome%2Fautoligchopp%2Fpublic_html%2Fwp-admin HTTP/1.1" 200 28250 "-" "Mozilla/5.0 AppleWebKit/537.36 (KHTML, like Gecko; compatible; ClaudeBot/1.0; +claudebot@anthropic.com)"
136.243.228.179 - - [31/Jul/2026:19:50:05 -0300] "GET /?a=715383403 HTTP/1.1" 200 67036 "-" "Mozilla/5.0 (compatible; DataForSeoBot/1.0; +https://dataforseo.com/dataforseo-bot)"
216.73.216.198 - - [31/Jul/2026:19:50:07 -0300] "GET /?path=%2F%2Fproc%2F3141718 HTTP/1.1" 200 12703 "-" "Mozilla/5.0 AppleWebKit/537.36 (KHTML, like Gecko; compatible; ClaudeBot/1.0; +claudebot@anthropic.com)"
136.243.228.179 - - [31/Jul/2026:19:50:09 -0300] "GET /?a=2768011139 HTTP/1.1" 200 67036 "-" "Mozilla/5.0 (compatible; DataForSeoBot/1.0; +https://dataforseo.com/dataforseo-bot)"
216.73.216.198 - - [31/Jul/2026:19:50:10 -0300] "GET /?path=%2F%2Fproc%2F2107860 HTTP/1.1" 200 12703 "-" "Mozilla/5.0 AppleWebKit/537.36 (KHTML, like Gecko; compatible; ClaudeBot/1.0; +claudebot@anthropic.com)"
136.243.228.179 - - [31/Jul/2026:19:50:12 -0300] "GET /?a=2907377213 HTTP/1.1" 200 67036 "-" "Mozilla/5.0 (compatible; DataForSeoBot/1.0; +https://dataforseo.com/dataforseo-bot)"
216.73.216.198 - - [31/Jul/2026:19:50:13 -0300] "GET /?path=%2F%2Fproc%2F3386693 HTTP/1.1" 200 12703 "-" "Mozilla/5.0 AppleWebKit/537.36 (KHTML, like Gecko; compatible; ClaudeBot/1.0; +claudebot@anthropic.com)"
216.73.216.198 - - [31/Jul/2026:19:50:16 -0300] "GET /?path=%2F%2Fproc%2F1416451 HTTP/1.1" 200 12703 "-" "Mozilla/5.0 AppleWebKit/537.36 (KHTML, like Gecko; compatible; ClaudeBot/1.0; +claudebot@anthropic.com)"
136.243.228.179 - - [31/Jul/2026:19:50:17 -0300] "GET /?a=4086224940 HTTP/1.1" 200 67036 "-" "Mozilla/5.0 (compatible; DataForSeoBot/1.0; +https://dataforseo.com/dataforseo-bot)"
216.73.216.198 - - [31/Jul/2026:19:50:19 -0300] "GET /?path=%2F%2Fproc%2F1462225 HTTP/1.1" 200 12703 "-" "Mozilla/5.0 AppleWebKit/537.36 (KHTML, like Gecko; compatible; ClaudeBot/1.0; +claudebot@anthropic.com)"
136.243.228.179 - - [31/Jul/2026:19:50:20 -0300] "GET /?a=4048581753 HTTP/1.1" 200 67036 "-" "Mozilla/5.0 (compatible; DataForSeoBot/1.0; +https://dataforseo.com/dataforseo-bot)"
216.73.216.198 - - [31/Jul/2026:19:50:22 -0300] "GET /?path=%2F%2Fproc%2F1461180 HTTP/1.1" 200 12703 "-" "Mozilla/5.0 AppleWebKit/537.36 (KHTML, like Gecko; compatible; ClaudeBot/1.0; +claudebot@anthropic.com)"
216.73.216.198 - - [31/Jul/2026:19:50:25 -0300] "GET /index.php?fileloc=%2Fhome%2Fautoligchopp%2Fpublic_html%2Fwp-includes%2Fclass-wp-site.php&path=%2Fhome%2Fautoligchopp%2Fpublic_html%2Fwp-includes HTTP/1.1" 200 20524 "-" "Mozilla/5.0 AppleWebKit/537.36 (KHTML, like Gecko; compatible; ClaudeBot/1.0; +claudebot@anthropic.com)"
136.243.228.179 - - [31/Jul/2026:19:50:25 -0300] "GET /?a=84923873 HTTP/1.1" 200 67036 "-" "Mozilla/5.0 (compatible; DataForSeoBot/1.0; +https://dataforseo.com/dataforseo-bot)"
136.243.228.179 - - [31/Jul/2026:19:50:29 -0300] "GET /?a=1606610544 HTTP/1.1" 200 67036 "-" "Mozilla/5.0 (compatible; DataForSeoBot/1.0; +https://dataforseo.com/dataforseo-bot)"
136.243.228.179 - - [31/Jul/2026:19:50:33 -0300] "GET /?a=162963642 HTTP/1.1" 200 67036 "-" "Mozilla/5.0 (compatible; DataForSeoBot/1.0; +https://dataforseo.com/dataforseo-bot)"
