216.250.119.94 - - [31/Jul/2026:19:12:56 -0300] "POST /wp-login.php HTTP/1.1" 200 67036 "http://choppgermaniaautodromo.com.br/wp-admin/" "Mozilla/5.0 (Windows NT 10.0; Win64; x64) AppleWebKit/537.36 (KHTML, like Gecko) Chrome/131.0.0.0 Safari/537.36"
136.243.228.179 - - [31/Jul/2026:19:12:56 -0300] "GET /?a=3103542448 HTTP/1.1" 200 67036 "-" "Mozilla/5.0 (compatible; DataForSeoBot/1.0; +https://dataforseo.com/dataforseo-bot)"
136.243.228.179 - - [31/Jul/2026:19:13:01 -0300] "GET /?a=1565590684 HTTP/1.1" 200 67036 "-" "Mozilla/5.0 (compatible; DataForSeoBot/1.0; +https://dataforseo.com/dataforseo-bot)"
136.243.228.179 - - [31/Jul/2026:19:13:04 -0300] "GET /?a=213766044 HTTP/1.1" 200 67036 "-" "Mozilla/5.0 (compatible; DataForSeoBot/1.0; +https://dataforseo.com/dataforseo-bot)"
136.243.228.179 - - [31/Jul/2026:19:13:09 -0300] "GET /?a=2302597625 HTTP/1.1" 200 67036 "-" "Mozilla/5.0 (compatible; DataForSeoBot/1.0; +https://dataforseo.com/dataforseo-bot)"
136.243.228.179 - - [31/Jul/2026:19:13:13 -0300] "GET /?a=18585681 HTTP/1.1" 200 67036 "-" "Mozilla/5.0 (compatible; DataForSeoBot/1.0; +https://dataforseo.com/dataforseo-bot)"
114.119.150.41 - - [31/Jul/2026:19:13:18 -0300] "GET /configRLD/Jump/0-tonygesso/wp-comments-post.php HTTP/1.1" 500 - "http://choppgermaniaautodromo.com.br/configRLD/Jump/0-tonygesso/" "Mozilla/5.0 (Linux; Android 7.0;) AppleWebKit/537.36 (HTML, like Gecko) Mobile Safari/537.36 (compatible; PetalBot;+https://webmaster.petalsearch.com/site/petalbot)"
136.243.228.179 - - [31/Jul/2026:19:13:19 -0300] "GET /?a=603058824 HTTP/1.1" 200 67036 "-" "Mozilla/5.0 (compatible; DataForSeoBot/1.0; +https://dataforseo.com/dataforseo-bot)"
136.243.228.179 - - [31/Jul/2026:19:13:23 -0300] "GET /?a=1537944239 HTTP/1.1" 200 67036 "-" "Mozilla/5.0 (compatible; DataForSeoBot/1.0; +https://dataforseo.com/dataforseo-bot)"
136.243.228.179 - - [31/Jul/2026:19:13:28 -0300] "GET /?a=1248399301 HTTP/1.1" 200 67036 "-" "Mozilla/5.0 (compatible; DataForSeoBot/1.0; +https://dataforseo.com/dataforseo-bot)"
136.243.228.179 - - [31/Jul/2026:19:13:34 -0300] "GET /?a=962532843 HTTP/1.1" 200 67036 "-" "Mozilla/5.0 (compatible; DataForSeoBot/1.0; +https://dataforseo.com/dataforseo-bot)"
136.243.228.179 - - [31/Jul/2026:19:13:39 -0300] "GET /?a=2842251120 HTTP/1.1" 200 67036 "-" "Mozilla/5.0 (compatible; DataForSeoBot/1.0; +https://dataforseo.com/dataforseo-bot)"
136.243.228.179 - - [31/Jul/2026:19:13:45 -0300] "GET /?a=2382818113 HTTP/1.1" 200 67036 "-" "Mozilla/5.0 (compatible; DataForSeoBot/1.0; +https://dataforseo.com/dataforseo-bot)"
136.243.228.179 - - [31/Jul/2026:19:13:49 -0300] "GET /?a=3156672931 HTTP/1.1" 200 67036 "-" "Mozilla/5.0 (compatible; DataForSeoBot/1.0; +https://dataforseo.com/dataforseo-bot)"
136.243.228.179 - - [31/Jul/2026:19:13:55 -0300] "GET /?a=3630757459 HTTP/1.1" 200 67036 "-" "Mozilla/5.0 (compatible; DataForSeoBot/1.0; +https://dataforseo.com/dataforseo-bot)"
216.250.119.94 - - [31/Jul/2026:19:13:56 -0300] "GET /wp-admin/ HTTP/1.1" 200 174781 "http://choppgermaniaautodromo.com.br/wp-admin/" "Mozilla/5.0 (Windows NT 10.0; Win64; x64) AppleWebKit/537.36 (KHTML, like Gecko) Chrome/131.0.0.0 Safari/537.36"
216.250.119.94 - - [31/Jul/2026:19:13:56 -0300] "GET /wp-login.php HTTP/1.1" 200 67036 "http://choppgermaniaautodromo.com.br/wp-admin/" "Mozilla/5.0 (Windows NT 10.0; Win64; x64) AppleWebKit/537.36 (KHTML, like Gecko) Chrome/131.0.0.0 Safari/537.36"
216.250.119.94 - - [31/Jul/2026:19:13:56 -0300] "GET /wp-signup.php HTTP/1.1" 200 67036 "-" "Mozilla/5.0 (Windows NT 10.0; Win64; x64) AppleWebKit/537.36 (KHTML, like Gecko) Chrome/131.0.0.0 Safari/537.36"
136.243.228.179 - - [31/Jul/2026:19:13:59 -0300] "GET /?a=2930860184 HTTP/1.1" 200 67036 "-" "Mozilla/5.0 (compatible; DataForSeoBot/1.0; +https://dataforseo.com/dataforseo-bot)"
136.243.228.179 - - [31/Jul/2026:19:14:03 -0300] "GET /?a=3102330349 HTTP/1.1" 200 67036 "-" "Mozilla/5.0 (compatible; DataForSeoBot/1.0; +https://dataforseo.com/dataforseo-bot)"
136.243.228.179 - - [31/Jul/2026:19:14:08 -0300] "GET /?a=864090560 HTTP/1.1" 200 67036 "-" "Mozilla/5.0 (compatible; DataForSeoBot/1.0; +https://dataforseo.com/dataforseo-bot)"
136.243.228.179 - - [31/Jul/2026:19:14:13 -0300] "GET /?a=1156804282 HTTP/1.1" 200 67036 "-" "Mozilla/5.0 (compatible; DataForSeoBot/1.0; +https://dataforseo.com/dataforseo-bot)"
136.243.228.179 - - [31/Jul/2026:19:14:17 -0300] "GET /?a=1221703164 HTTP/1.1" 200 67036 "-" "Mozilla/5.0 (compatible; DataForSeoBot/1.0; +https://dataforseo.com/dataforseo-bot)"
136.243.228.179 - - [31/Jul/2026:19:14:22 -0300] "GET /?a=2945020384 HTTP/1.1" 200 67036 "-" "Mozilla/5.0 (compatible; DataForSeoBot/1.0; +https://dataforseo.com/dataforseo-bot)"
136.243.228.179 - - [31/Jul/2026:19:14:26 -0300] "GET /?a=1491123476 HTTP/1.1" 200 67036 "-" "Mozilla/5.0 (compatible; DataForSeoBot/1.0; +https://dataforseo.com/dataforseo-bot)"
136.243.228.179 - - [31/Jul/2026:19:14:30 -0300] "GET /?a=3619990077 HTTP/1.1" 200 67036 "-" "Mozilla/5.0 (compatible; DataForSeoBot/1.0; +https://dataforseo.com/dataforseo-bot)"
136.243.228.179 - - [31/Jul/2026:19:14:34 -0300] "GET /?a=2111045034 HTTP/1.1" 200 67036 "-" "Mozilla/5.0 (compatible; DataForSeoBot/1.0; +https://dataforseo.com/dataforseo-bot)"
190.171.113.77 - - [31/Jul/2026:19:14:39 -0300] "GET / HTTP/1.1" 200 67036 "-" "Mozilla/5.0 (Windows NT 10.0; Win64; x64) AppleWebKit/537.36 (KHTML, like Gecko) Chrome/120.0.0.0 Safari/537.36"
136.243.228.179 - - [31/Jul/2026:19:14:39 -0300] "GET /?a=4141943144 HTTP/1.1" 200 67036 "-" "Mozilla/5.0 (compatible; DataForSeoBot/1.0; +https://dataforseo.com/dataforseo-bot)"
216.250.119.94 - - [31/Jul/2026:19:14:40 -0300] "GET /?rest_route=/wp/v2/users/me&context=edit HTTP/1.1" 200 67036 "-" "Mozilla/5.0 (Windows NT 10.0; Win64; x64) AppleWebKit/537.36 (KHTML, like Gecko) Chrome/131.0.0.0 Safari/537.36"
216.250.119.94 - - [31/Jul/2026:19:14:41 -0300] "GET /wp-json/wp/v2/users/me?context=edit HTTP/1.1" 200 67036 "-" "Mozilla/5.0 (Windows NT 10.0; Win64; x64) AppleWebKit/537.36 (KHTML, like Gecko) Chrome/131.0.0.0 Safari/537.36"
216.250.119.94 - - [31/Jul/2026:19:14:42 -0300] "GET /wp-json/wp/v2/users/me?context=edit HTTP/1.1" 200 67036 "-" "Mozilla/5.0 (Windows NT 10.0; Win64; x64) AppleWebKit/537.36 (KHTML, like Gecko) Chrome/131.0.0.0 Safari/537.36"
216.250.119.94 - - [31/Jul/2026:19:14:43 -0300] "GET /?rest_route=/wp/v2/users/me&context=edit HTTP/1.1" 200 67036 "-" "Mozilla/5.0 (Windows NT 10.0; Win64; x64) AppleWebKit/537.36 (KHTML, like Gecko) Chrome/131.0.0.0 Safari/537.36"
216.250.119.94 - - [31/Jul/2026:19:14:44 -0300] "POST /xmlrpc.php HTTP/1.1" 200 67036 "-" "Mozilla/5.0 (Windows NT 10.0; Win64; x64) AppleWebKit/537.36 (KHTML, like Gecko) Chrome/131.0.0.0 Safari/537.36"
136.243.228.179 - - [31/Jul/2026:19:14:44 -0300] "GET /?a=471421059 HTTP/1.1" 200 67036 "-" "Mozilla/5.0 (compatible; DataForSeoBot/1.0; +https://dataforseo.com/dataforseo-bot)"
216.250.119.94 - - [31/Jul/2026:19:14:45 -0300] "POST /xmlrpc.php HTTP/1.1" 200 67036 "-" "Mozilla/5.0 (Windows NT 10.0; Win64; x64) AppleWebKit/537.36 (KHTML, like Gecko) Chrome/131.0.0.0 Safari/537.36"
216.250.119.94 - - [31/Jul/2026:19:14:45 -0300] "GET /wp-signup.php HTTP/1.1" 200 67036 "-" "Mozilla/5.0 (Windows NT 10.0; Win64; x64) AppleWebKit/537.36 (KHTML, like Gecko) Chrome/131.0.0.0 Safari/537.36"
216.250.119.94 - - [31/Jul/2026:19:14:45 -0300] "POST /xmlrpc.php HTTP/1.1" 200 67036 "-" "Mozilla/5.0 (Windows NT 10.0; Win64; x64) AppleWebKit/537.36 (KHTML, like Gecko) Chrome/131.0.0.0 Safari/537.36"
190.142.252.224 - - [31/Jul/2026:19:14:46 -0300] "GET /wp-login.php HTTP/1.1" 200 67036 "-" "Mozilla/5.0 (Windows NT 10.0; Win64; x64) AppleWebKit/537.36 (KHTML, like Gecko) Chrome/120.0.0.0 Safari/537.36"
136.243.228.179 - - [31/Jul/2026:19:14:48 -0300] "GET /?a=3025666170 HTTP/1.1" 200 67036 "-" "Mozilla/5.0 (compatible; DataForSeoBot/1.0; +https://dataforseo.com/dataforseo-bot)"
136.243.228.179 - - [31/Jul/2026:19:14:52 -0300] "GET /?a=325649180 HTTP/1.1" 200 67036 "-" "Mozilla/5.0 (compatible; DataForSeoBot/1.0; +https://dataforseo.com/dataforseo-bot)"
136.243.228.179 - - [31/Jul/2026:19:14:56 -0300] "GET /?a=1314737493 HTTP/1.1" 200 67036 "-" "Mozilla/5.0 (compatible; DataForSeoBot/1.0; +https://dataforseo.com/dataforseo-bot)"
136.243.228.179 - - [31/Jul/2026:19:15:01 -0300] "GET /?a=1296170340 HTTP/1.1" 200 67036 "-" "Mozilla/5.0 (compatible; DataForSeoBot/1.0; +https://dataforseo.com/dataforseo-bot)"
136.243.228.179 - - [31/Jul/2026:19:15:06 -0300] "GET /?a=723348880 HTTP/1.1" 200 67036 "-" "Mozilla/5.0 (compatible; DataForSeoBot/1.0; +https://dataforseo.com/dataforseo-bot)"
136.243.228.179 - - [31/Jul/2026:19:15:09 -0300] "GET /?a=2413495905 HTTP/1.1" 200 67036 "-" "Mozilla/5.0 (compatible; DataForSeoBot/1.0; +https://dataforseo.com/dataforseo-bot)"
151.68.5.86 - - [31/Jul/2026:19:15:10 -0300] "POST /wp-login.php HTTP/1.1" 200 67036 "http://choppgermaniaautodromo.com.br/wp-login.php" "Mozilla/5.0 (Windows NT 10.0; Win64; x64) AppleWebKit/537.36 (KHTML, like Gecko) Chrome/120.0.0.0 Safari/537.36"
136.243.228.179 - - [31/Jul/2026:19:15:14 -0300] "GET /?a=206753058 HTTP/1.1" 200 67036 "-" "Mozilla/5.0 (compatible; DataForSeoBot/1.0; +https://dataforseo.com/dataforseo-bot)"
136.243.228.179 - - [31/Jul/2026:19:15:19 -0300] "GET /?a=4097383088 HTTP/1.1" 200 67036 "-" "Mozilla/5.0 (compatible; DataForSeoBot/1.0; +https://dataforseo.com/dataforseo-bot)"
41.184.236.177 - - [31/Jul/2026:19:15:20 -0300] "POST /wp-login.php HTTP/1.1" 200 67036 "http://choppgermaniaautodromo.com.br/wp-login.php" "Mozilla/5.0 (Windows NT 10.0; Win64; x64) AppleWebKit/537.36 (KHTML, like Gecko) Chrome/120.0.0.0 Safari/537.36"
136.243.228.179 - - [31/Jul/2026:19:15:23 -0300] "GET /?a=4237961245 HTTP/1.1" 200 67036 "-" "Mozilla/5.0 (compatible; DataForSeoBot/1.0; +https://dataforseo.com/dataforseo-bot)"
136.243.228.179 - - [31/Jul/2026:19:15:27 -0300] "GET /?a=2494141707 HTTP/1.1" 200 67036 "-" "Mozilla/5.0 (compatible; DataForSeoBot/1.0; +https://dataforseo.com/dataforseo-bot)"
136.243.228.179 - - [31/Jul/2026:19:15:30 -0300] "GET /?a=1803588586 HTTP/1.1" 200 67036 "-" "Mozilla/5.0 (compatible; DataForSeoBot/1.0; +https://dataforseo.com/dataforseo-bot)"
179.6.28.140 - - [31/Jul/2026:19:15:29 -0300] "POST /xmlrpc.php HTTP/1.1" 200 67036 "-" "WordPress/5.0; http://choppgermaniaautodromo.com.br"
136.243.228.179 - - [31/Jul/2026:19:15:35 -0300] "GET /?a=2369099356 HTTP/1.1" 200 67036 "-" "Mozilla/5.0 (compatible; DataForSeoBot/1.0; +https://dataforseo.com/dataforseo-bot)"
136.243.228.179 - - [31/Jul/2026:19:15:40 -0300] "GET /?a=1268523895 HTTP/1.1" 200 67036 "-" "Mozilla/5.0 (compatible; DataForSeoBot/1.0; +https://dataforseo.com/dataforseo-bot)"
136.243.228.179 - - [31/Jul/2026:19:15:44 -0300] "GET /?a=3874947014 HTTP/1.1" 200 67036 "-" "Mozilla/5.0 (compatible; DataForSeoBot/1.0; +https://dataforseo.com/dataforseo-bot)"
136.243.228.179 - - [31/Jul/2026:19:15:47 -0300] "GET /?a=846390148 HTTP/1.1" 200 67036 "-" "Mozilla/5.0 (compatible; DataForSeoBot/1.0; +https://dataforseo.com/dataforseo-bot)"
188.91.238.232 - - [31/Jul/2026:19:15:49 -0300] "GET / HTTP/1.1" 200 67036 "-" "Mozilla/5.0 (Windows NT 10.0; Win64; x64) AppleWebKit/537.36 (KHTML, like Gecko) Chrome/120.0.0.0 Safari/537.36"
114.119.133.53 - - [31/Jul/2026:19:15:51 -0300] "GET /configRLD/Jump/0-tonygesso/wp-activate.php HTTP/1.1" 500 - "http://choppgermaniaautodromo.com.br/configRLD/Jump/0-tonygesso/" "Mozilla/5.0 (Linux; Android 7.0;) AppleWebKit/537.36 (HTML, like Gecko) Mobile Safari/537.36 (compatible; PetalBot;+https://webmaster.petalsearch.com/site/petalbot)"
136.243.228.179 - - [31/Jul/2026:19:15:52 -0300] "GET /?a=2834122104 HTTP/1.1" 200 67036 "-" "Mozilla/5.0 (compatible; DataForSeoBot/1.0; +https://dataforseo.com/dataforseo-bot)"
136.243.228.179 - - [31/Jul/2026:19:15:56 -0300] "GET /?a=3173420836 HTTP/1.1" 200 67036 "-" "Mozilla/5.0 (compatible; DataForSeoBot/1.0; +https://dataforseo.com/dataforseo-bot)"
136.243.228.179 - - [31/Jul/2026:19:16:01 -0300] "GET /?a=338971918 HTTP/1.1" 200 67036 "-" "Mozilla/5.0 (compatible; DataForSeoBot/1.0; +https://dataforseo.com/dataforseo-bot)"
186.64.212.113 - - [31/Jul/2026:19:16:02 -0300] "POST /wp-login.php HTTP/1.1" 200 67036 "http://choppgermaniaautodromo.com.br/wp-login.php" "Mozilla/5.0 (Windows NT 10.0; Win64; x64) AppleWebKit/537.36 (KHTML, like Gecko) Chrome/120.0.0.0 Safari/537.36"
136.243.228.179 - - [31/Jul/2026:19:16:07 -0300] "GET /?a=578181935 HTTP/1.1" 200 67036 "-" "Mozilla/5.0 (compatible; DataForSeoBot/1.0; +https://dataforseo.com/dataforseo-bot)"
136.243.228.179 - - [31/Jul/2026:19:16:12 -0300] "GET /?a=862974546 HTTP/1.1" 200 67036 "-" "Mozilla/5.0 (compatible; DataForSeoBot/1.0; +https://dataforseo.com/dataforseo-bot)"
116.105.124.185 - - [31/Jul/2026:19:16:15 -0300] "POST /wp-login.php HTTP/1.1" 200 67036 "http://choppgermaniaautodromo.com.br/wp-login.php" "Mozilla/5.0 (Windows NT 10.0; Win64; x64) AppleWebKit/537.36 (KHTML, like Gecko) Chrome/120.0.0.0 Safari/537.36"
136.243.228.179 - - [31/Jul/2026:19:16:15 -0300] "GET /?a=3244423780 HTTP/1.1" 200 67036 "-" "Mozilla/5.0 (compatible; DataForSeoBot/1.0; +https://dataforseo.com/dataforseo-bot)"
78.177.174.144 - - [31/Jul/2026:19:16:27 -0300] "POST /wp-login.php HTTP/1.1" 200 67036 "http://choppgermaniaautodromo.com.br/wp-login.php" "Mozilla/5.0 (Windows NT 10.0; Win64; x64) AppleWebKit/537.36 (KHTML, like Gecko) Chrome/120.0.0.0 Safari/537.36"
73.73.88.103 - - [31/Jul/2026:19:16:34 -0300] "POST /xmlrpc.php HTTP/1.1" 200 67036 "-" "WordPress/5.0; http://choppgermaniaautodromo.com.br"
136.243.228.179 - - [31/Jul/2026:19:17:06 -0300] "GET /?a=2058685207 HTTP/1.1" 200 67036 "-" "Mozilla/5.0 (compatible; DataForSeoBot/1.0; +https://dataforseo.com/dataforseo-bot)"
136.243.228.179 - - [31/Jul/2026:19:17:11 -0300] "GET /?a=1763617302 HTTP/1.1" 200 67036 "-" "Mozilla/5.0 (compatible; DataForSeoBot/1.0; +https://dataforseo.com/dataforseo-bot)"
136.243.228.179 - - [31/Jul/2026:19:17:16 -0300] "GET /?a=1372834503 HTTP/1.1" 200 67036 "-" "Mozilla/5.0 (compatible; DataForSeoBot/1.0; +https://dataforseo.com/dataforseo-bot)"
136.243.228.179 - - [31/Jul/2026:19:17:20 -0300] "GET /?a=2804442211 HTTP/1.1" 200 67036 "-" "Mozilla/5.0 (compatible; DataForSeoBot/1.0; +https://dataforseo.com/dataforseo-bot)"
136.243.228.179 - - [31/Jul/2026:19:17:23 -0300] "GET /?a=911516257 HTTP/1.1" 200 67036 "-" "Mozilla/5.0 (compatible; DataForSeoBot/1.0; +https://dataforseo.com/dataforseo-bot)"
136.243.228.179 - - [31/Jul/2026:19:17:28 -0300] "GET /?a=1593498920 HTTP/1.1" 200 67036 "-" "Mozilla/5.0 (compatible; DataForSeoBot/1.0; +https://dataforseo.com/dataforseo-bot)"
136.243.228.179 - - [31/Jul/2026:19:17:32 -0300] "GET /?a=3244260273 HTTP/1.1" 200 67036 "-" "Mozilla/5.0 (compatible; DataForSeoBot/1.0; +https://dataforseo.com/dataforseo-bot)"
136.243.228.179 - - [31/Jul/2026:19:17:37 -0300] "GET /?a=1065071810 HTTP/1.1" 200 67036 "-" "Mozilla/5.0 (compatible; DataForSeoBot/1.0; +https://dataforseo.com/dataforseo-bot)"
136.243.228.179 - - [31/Jul/2026:19:17:42 -0300] "GET /?a=3902202709 HTTP/1.1" 200 67036 "-" "Mozilla/5.0 (compatible; DataForSeoBot/1.0; +https://dataforseo.com/dataforseo-bot)"
136.243.228.179 - - [31/Jul/2026:19:17:46 -0300] "GET /?a=370650663 HTTP/1.1" 200 67036 "-" "Mozilla/5.0 (compatible; DataForSeoBot/1.0; +https://dataforseo.com/dataforseo-bot)"
136.243.228.179 - - [31/Jul/2026:19:17:50 -0300] "GET /?a=4140567538 HTTP/1.1" 200 67036 "-" "Mozilla/5.0 (compatible; DataForSeoBot/1.0; +https://dataforseo.com/dataforseo-bot)"
136.243.228.179 - - [31/Jul/2026:19:17:54 -0300] "GET /?a=3414122304 HTTP/1.1" 200 67036 "-" "Mozilla/5.0 (compatible; DataForSeoBot/1.0; +https://dataforseo.com/dataforseo-bot)"
136.243.228.179 - - [31/Jul/2026:19:17:58 -0300] "GET /?a=2316316398 HTTP/1.1" 200 67036 "-" "Mozilla/5.0 (compatible; DataForSeoBot/1.0; +https://dataforseo.com/dataforseo-bot)"
136.243.228.179 - - [31/Jul/2026:19:18:03 -0300] "GET /?a=3036219368 HTTP/1.1" 200 67036 "-" "Mozilla/5.0 (compatible; DataForSeoBot/1.0; +https://dataforseo.com/dataforseo-bot)"
136.243.228.179 - - [31/Jul/2026:19:18:07 -0300] "GET /?a=3528774964 HTTP/1.1" 200 67036 "-" "Mozilla/5.0 (compatible; DataForSeoBot/1.0; +https://dataforseo.com/dataforseo-bot)"
136.243.228.179 - - [31/Jul/2026:19:18:12 -0300] "GET /?a=3695883568 HTTP/1.1" 200 67036 "-" "Mozilla/5.0 (compatible; DataForSeoBot/1.0; +https://dataforseo.com/dataforseo-bot)"
136.243.228.179 - - [31/Jul/2026:19:18:16 -0300] "GET /?a=2246221595 HTTP/1.1" 200 67036 "-" "Mozilla/5.0 (compatible; DataForSeoBot/1.0; +https://dataforseo.com/dataforseo-bot)"
136.243.228.179 - - [31/Jul/2026:19:18:21 -0300] "GET /?a=420455166 HTTP/1.1" 200 67036 "-" "Mozilla/5.0 (compatible; DataForSeoBot/1.0; +https://dataforseo.com/dataforseo-bot)"
114.119.134.155 - - [31/Jul/2026:19:18:24 -0300] "GET /configRLD/Jump/0-tonygesso/oeaveeoy.php HTTP/1.1" 500 - "http://choppgermaniaautodromo.com.br/configRLD/Jump/0-tonygesso/" "Mozilla/5.0 (Linux; Android 7.0;) AppleWebKit/537.36 (HTML, like Gecko) Mobile Safari/537.36 (compatible; PetalBot;+https://webmaster.petalsearch.com/site/petalbot)"
136.243.228.179 - - [31/Jul/2026:19:18:28 -0300] "GET /?a=2127187989 HTTP/1.1" 200 67036 "-" "Mozilla/5.0 (compatible; DataForSeoBot/1.0; +https://dataforseo.com/dataforseo-bot)"
136.243.228.179 - - [31/Jul/2026:19:18:34 -0300] "GET /?a=2443175782 HTTP/1.1" 200 67036 "-" "Mozilla/5.0 (compatible; DataForSeoBot/1.0; +https://dataforseo.com/dataforseo-bot)"
136.243.228.179 - - [31/Jul/2026:19:18:40 -0300] "GET /?a=16421075 HTTP/1.1" 200 67036 "-" "Mozilla/5.0 (compatible; DataForSeoBot/1.0; +https://dataforseo.com/dataforseo-bot)"
136.243.228.179 - - [31/Jul/2026:19:18:46 -0300] "GET /?a=2630131060 HTTP/1.1" 200 67036 "-" "Mozilla/5.0 (compatible; DataForSeoBot/1.0; +https://dataforseo.com/dataforseo-bot)"
136.243.228.179 - - [31/Jul/2026:19:18:54 -0300] "GET /?a=3551323772 HTTP/1.1" 200 67036 "-" "Mozilla/5.0 (compatible; DataForSeoBot/1.0; +https://dataforseo.com/dataforseo-bot)"
136.243.228.179 - - [31/Jul/2026:19:19:01 -0300] "GET /?a=800403793 HTTP/1.1" 200 67036 "-" "Mozilla/5.0 (compatible; DataForSeoBot/1.0; +https://dataforseo.com/dataforseo-bot)"
136.243.228.179 - - [31/Jul/2026:19:19:53 -0300] "GET /?a=2613037813 HTTP/1.1" 200 67036 "-" "Mozilla/5.0 (compatible; DataForSeoBot/1.0; +https://dataforseo.com/dataforseo-bot)"
136.243.228.179 - - [31/Jul/2026:19:20:00 -0300] "GET /?a=177894514 HTTP/1.1" 200 67036 "-" "Mozilla/5.0 (compatible; DataForSeoBot/1.0; +https://dataforseo.com/dataforseo-bot)"
136.243.228.179 - - [31/Jul/2026:19:20:08 -0300] "GET /?a=3435804323 HTTP/1.1" 200 67036 "-" "Mozilla/5.0 (compatible; DataForSeoBot/1.0; +https://dataforseo.com/dataforseo-bot)"
136.243.228.179 - - [31/Jul/2026:19:20:14 -0300] "GET /?a=250197116 HTTP/1.1" 200 67036 "-" "Mozilla/5.0 (compatible; DataForSeoBot/1.0; +https://dataforseo.com/dataforseo-bot)"
136.243.228.179 - - [31/Jul/2026:19:20:21 -0300] "GET /?a=427631675 HTTP/1.1" 200 67036 "-" "Mozilla/5.0 (compatible; DataForSeoBot/1.0; +https://dataforseo.com/dataforseo-bot)"
136.243.228.179 - - [31/Jul/2026:19:20:29 -0300] "GET /?a=3245635879 HTTP/1.1" 200 67036 "-" "Mozilla/5.0 (compatible; DataForSeoBot/1.0; +https://dataforseo.com/dataforseo-bot)"
136.243.228.179 - - [31/Jul/2026:19:20:35 -0300] "GET /?a=289218108 HTTP/1.1" 200 67036 "-" "Mozilla/5.0 (compatible; DataForSeoBot/1.0; +https://dataforseo.com/dataforseo-bot)"
136.243.228.179 - - [31/Jul/2026:19:20:42 -0300] "GET /?a=496297980 HTTP/1.1" 200 67036 "-" "Mozilla/5.0 (compatible; DataForSeoBot/1.0; +https://dataforseo.com/dataforseo-bot)"
136.243.228.179 - - [31/Jul/2026:19:20:48 -0300] "GET /?a=1592286821 HTTP/1.1" 200 67036 "-" "Mozilla/5.0 (compatible; DataForSeoBot/1.0; +https://dataforseo.com/dataforseo-bot)"
136.243.228.179 - - [31/Jul/2026:19:20:55 -0300] "GET /?a=754631606 HTTP/1.1" 200 67036 "-" "Mozilla/5.0 (compatible; DataForSeoBot/1.0; +https://dataforseo.com/dataforseo-bot)"
114.119.134.155 - - [31/Jul/2026:19:20:56 -0300] "GET /configRLD/Jump/0-tonygesso/kqtxyckr.php HTTP/1.1" 500 - "http://choppgermaniaautodromo.com.br/configRLD/Jump/0-tonygesso/" "Mozilla/5.0 (Linux; Android 7.0;) AppleWebKit/537.36 (HTML, like Gecko) Mobile Safari/537.36 (compatible; PetalBot;+https://webmaster.petalsearch.com/site/petalbot)"
136.243.228.179 - - [31/Jul/2026:19:21:01 -0300] "GET /?a=2631343159 HTTP/1.1" 200 67036 "-" "Mozilla/5.0 (compatible; DataForSeoBot/1.0; +https://dataforseo.com/dataforseo-bot)"
136.243.228.179 - - [31/Jul/2026:19:21:08 -0300] "GET /?a=1666387134 HTTP/1.1" 200 67036 "-" "Mozilla/5.0 (compatible; DataForSeoBot/1.0; +https://dataforseo.com/dataforseo-bot)"
136.243.228.179 - - [31/Jul/2026:19:21:12 -0300] "GET /?a=2077597702 HTTP/1.1" 200 67036 "-" "Mozilla/5.0 (compatible; DataForSeoBot/1.0; +https://dataforseo.com/dataforseo-bot)"
136.243.228.179 - - [31/Jul/2026:19:21:18 -0300] "GET /?a=3786337950 HTTP/1.1" 200 67036 "-" "Mozilla/5.0 (compatible; DataForSeoBot/1.0; +https://dataforseo.com/dataforseo-bot)"
136.243.228.179 - - [31/Jul/2026:19:21:23 -0300] "GET /?a=57440935 HTTP/1.1" 200 67036 "-" "Mozilla/5.0 (compatible; DataForSeoBot/1.0; +https://dataforseo.com/dataforseo-bot)"
136.243.228.179 - - [31/Jul/2026:19:21:28 -0300] "GET /?a=1496924379 HTTP/1.1" 200 67036 "-" "Mozilla/5.0 (compatible; DataForSeoBot/1.0; +https://dataforseo.com/dataforseo-bot)"
136.243.228.179 - - [31/Jul/2026:19:21:32 -0300] "GET /?a=646684717 HTTP/1.1" 200 67036 "-" "Mozilla/5.0 (compatible; DataForSeoBot/1.0; +https://dataforseo.com/dataforseo-bot)"
136.243.228.179 - - [31/Jul/2026:19:21:36 -0300] "GET /?a=2733351724 HTTP/1.1" 200 67036 "-" "Mozilla/5.0 (compatible; DataForSeoBot/1.0; +https://dataforseo.com/dataforseo-bot)"
136.243.228.179 - - [31/Jul/2026:19:21:41 -0300] "GET /?a=2985416982 HTTP/1.1" 200 67036 "-" "Mozilla/5.0 (compatible; DataForSeoBot/1.0; +https://dataforseo.com/dataforseo-bot)"
136.243.228.179 - - [31/Jul/2026:19:21:46 -0300] "GET /?a=3315350760 HTTP/1.1" 200 67036 "-" "Mozilla/5.0 (compatible; DataForSeoBot/1.0; +https://dataforseo.com/dataforseo-bot)"
136.243.228.179 - - [31/Jul/2026:19:21:50 -0300] "GET /?a=4278981105 HTTP/1.1" 200 67036 "-" "Mozilla/5.0 (compatible; DataForSeoBot/1.0; +https://dataforseo.com/dataforseo-bot)"
136.243.228.179 - - [31/Jul/2026:19:21:55 -0300] "GET /?a=3558682084 HTTP/1.1" 200 67036 "-" "Mozilla/5.0 (compatible; DataForSeoBot/1.0; +https://dataforseo.com/dataforseo-bot)"
136.243.228.179 - - [31/Jul/2026:19:22:00 -0300] "GET /?a=2641896357 HTTP/1.1" 200 67036 "-" "Mozilla/5.0 (compatible; DataForSeoBot/1.0; +https://dataforseo.com/dataforseo-bot)"
136.243.228.179 - - [31/Jul/2026:19:22:03 -0300] "GET /?a=2974863784 HTTP/1.1" 200 67036 "-" "Mozilla/5.0 (compatible; DataForSeoBot/1.0; +https://dataforseo.com/dataforseo-bot)"
136.243.228.179 - - [31/Jul/2026:19:22:07 -0300] "GET /?a=3432427650 HTTP/1.1" 200 67036 "-" "Mozilla/5.0 (compatible; DataForSeoBot/1.0; +https://dataforseo.com/dataforseo-bot)"
136.243.228.179 - - [31/Jul/2026:19:22:13 -0300] "GET /?a=1400742755 HTTP/1.1" 200 67036 "-" "Mozilla/5.0 (compatible; DataForSeoBot/1.0; +https://dataforseo.com/dataforseo-bot)"
136.243.228.179 - - [31/Jul/2026:19:22:17 -0300] "GET /?a=2893217013 HTTP/1.1" 200 67036 "-" "Mozilla/5.0 (compatible; DataForSeoBot/1.0; +https://dataforseo.com/dataforseo-bot)"
136.243.228.179 - - [31/Jul/2026:19:22:21 -0300] "GET /?a=947160560 HTTP/1.1" 200 67036 "-" "Mozilla/5.0 (compatible; DataForSeoBot/1.0; +https://dataforseo.com/dataforseo-bot)"
136.243.228.179 - - [31/Jul/2026:19:22:26 -0300] "GET /?a=2559040573 HTTP/1.1" 200 67036 "-" "Mozilla/5.0 (compatible; DataForSeoBot/1.0; +https://dataforseo.com/dataforseo-bot)"
136.243.228.179 - - [31/Jul/2026:19:22:31 -0300] "GET /?a=1610246825 HTTP/1.1" 200 67036 "-" "Mozilla/5.0 (compatible; DataForSeoBot/1.0; +https://dataforseo.com/dataforseo-bot)"
136.243.228.179 - - [31/Jul/2026:19:22:35 -0300] "GET /?a=2042378729 HTTP/1.1" 200 67036 "-" "Mozilla/5.0 (compatible; DataForSeoBot/1.0; +https://dataforseo.com/dataforseo-bot)"
136.243.228.179 - - [31/Jul/2026:19:22:40 -0300] "GET /?a=714171288 HTTP/1.1" 200 67036 "-" "Mozilla/5.0 (compatible; DataForSeoBot/1.0; +https://dataforseo.com/dataforseo-bot)"
43.135.144.81 - - [31/Jul/2026:19:22:41 -0300] "GET /t-shirts?fileloc=/home/autoligchopp/public_html/produtos/index.html&path=/home/autoligchopp/public_html/produtos HTTP/1.1" 200 497046 "-" "Mozilla/5.0 (iPhone; CPU iPhone OS 13_2_3 like Mac OS X) AppleWebKit/605.1.15 (KHTML, like Gecko) Version/13.0.3 Mobile/15E148 Safari/604.1"
136.243.228.179 - - [31/Jul/2026:19:22:46 -0300] "GET /?a=3626005164 HTTP/1.1" 200 67036 "-" "Mozilla/5.0 (compatible; DataForSeoBot/1.0; +https://dataforseo.com/dataforseo-bot)"
136.243.228.179 - - [31/Jul/2026:19:22:50 -0300] "GET /?a=3601077582 HTTP/1.1" 200 67036 "-" "Mozilla/5.0 (compatible; DataForSeoBot/1.0; +https://dataforseo.com/dataforseo-bot)"
136.243.228.179 - - [31/Jul/2026:19:22:55 -0300] "GET /?a=429796249 HTTP/1.1" 200 67036 "-" "Mozilla/5.0 (compatible; DataForSeoBot/1.0; +https://dataforseo.com/dataforseo-bot)"
136.243.228.179 - - [31/Jul/2026:19:22:59 -0300] "GET /?a=1396153983 HTTP/1.1" 200 67036 "-" "Mozilla/5.0 (compatible; DataForSeoBot/1.0; +https://dataforseo.com/dataforseo-bot)"
36.85.55.238 - - [31/Jul/2026:19:23:17 -0300] "GET / HTTP/1.1" 200 67036 "-" "Mozilla/5.0 (Windows NT 10.0; Win64; x64) AppleWebKit/537.36 (KHTML, like Gecko) Chrome/120.0.0.0 Safari/537.36"
200.83.62.85 - - [31/Jul/2026:19:23:23 -0300] "GET /wp-login.php HTTP/1.1" 200 67036 "-" "Mozilla/5.0 (Windows NT 10.0; Win64; x64) AppleWebKit/537.36 (KHTML, like Gecko) Chrome/120.0.0.0 Safari/537.36"
114.119.145.8 - - [31/Jul/2026:19:23:29 -0300] "GET /configRLD/Jump/0-tonygesso/FX.php HTTP/1.1" 500 - "http://choppgermaniaautodromo.com.br/configRLD/Jump/0-tonygesso/" "Mozilla/5.0 (Linux; Android 7.0;) AppleWebKit/537.36 (HTML, like Gecko) Mobile Safari/537.36 (compatible; PetalBot;+https://webmaster.petalsearch.com/site/petalbot)"
201.8.54.190 - - [31/Jul/2026:19:23:45 -0300] "POST /wp-login.php HTTP/1.1" 200 67036 "http://choppgermaniaautodromo.com.br/wp-login.php" "Mozilla/5.0 (Windows NT 10.0; Win64; x64) AppleWebKit/537.36 (KHTML, like Gecko) Chrome/120.0.0.0 Safari/537.36"
136.243.228.179 - - [31/Jul/2026:19:23:51 -0300] "GET /?a=231466424 HTTP/1.1" 200 67036 "-" "Mozilla/5.0 (compatible; DataForSeoBot/1.0; +https://dataforseo.com/dataforseo-bot)"
136.243.228.179 - - [31/Jul/2026:19:23:55 -0300] "GET /?a=3972081113 HTTP/1.1" 200 67036 "-" "Mozilla/5.0 (compatible; DataForSeoBot/1.0; +https://dataforseo.com/dataforseo-bot)"
216.10.217.53 - - [31/Jul/2026:19:23:56 -0300] "POST /wp-login.php HTTP/1.1" 200 67036 "http://choppgermaniaautodromo.com.br/wp-login.php" "Mozilla/5.0 (Windows NT 10.0; Win64; x64) AppleWebKit/537.36 (KHTML, like Gecko) Chrome/120.0.0.0 Safari/537.36"
136.243.228.179 - - [31/Jul/2026:19:24:01 -0300] "GET /?a=2913341607 HTTP/1.1" 200 67036 "-" "Mozilla/5.0 (compatible; DataForSeoBot/1.0; +https://dataforseo.com/dataforseo-bot)"
46.133.173.188 - - [31/Jul/2026:19:24:02 -0300] "POST /xmlrpc.php HTTP/1.1" 200 67036 "-" "WordPress/5.0; http://choppgermaniaautodromo.com.br"
136.243.228.179 - - [31/Jul/2026:19:24:05 -0300] "GET /?a=2637144062 HTTP/1.1" 200 67036 "-" "Mozilla/5.0 (compatible; DataForSeoBot/1.0; +https://dataforseo.com/dataforseo-bot)"
136.243.228.179 - - [31/Jul/2026:19:24:09 -0300] "GET /?a=1568967373 HTTP/1.1" 200 67036 "-" "Mozilla/5.0 (compatible; DataForSeoBot/1.0; +https://dataforseo.com/dataforseo-bot)"
136.243.228.179 - - [31/Jul/2026:19:24:15 -0300] "GET /?a=1039587756 HTTP/1.1" 200 67036 "-" "Mozilla/5.0 (compatible; DataForSeoBot/1.0; +https://dataforseo.com/dataforseo-bot)"
136.243.228.179 - - [31/Jul/2026:19:24:19 -0300] "GET /?a=3975717426 HTTP/1.1" 200 67036 "-" "Mozilla/5.0 (compatible; DataForSeoBot/1.0; +https://dataforseo.com/dataforseo-bot)"
198.244.226.248 - - [31/Jul/2026:19:24:24 -0300] "GET /sitemap.xml HTTP/1.1" 200 353576 "-" "Mozilla/5.0 (compatible; AhrefsBot/7.0; +http://ahrefs.com/robot/)"
136.243.228.179 - - [31/Jul/2026:19:24:25 -0300] "GET /?a=3328117042 HTTP/1.1" 200 67036 "-" "Mozilla/5.0 (compatible; DataForSeoBot/1.0; +https://dataforseo.com/dataforseo-bot)"
136.243.228.179 - - [31/Jul/2026:19:24:29 -0300] "GET /?a=914892946 HTTP/1.1" 200 67036 "-" "Mozilla/5.0 (compatible; DataForSeoBot/1.0; +https://dataforseo.com/dataforseo-bot)"
136.243.228.179 - - [31/Jul/2026:19:24:33 -0300] "GET /?a=2963916782 HTTP/1.1" 200 67036 "-" "Mozilla/5.0 (compatible; DataForSeoBot/1.0; +https://dataforseo.com/dataforseo-bot)"
136.243.228.179 - - [31/Jul/2026:19:24:38 -0300] "GET /?a=1959750172 HTTP/1.1" 200 67036 "-" "Mozilla/5.0 (compatible; DataForSeoBot/1.0; +https://dataforseo.com/dataforseo-bot)"
136.243.228.179 - - [31/Jul/2026:19:24:41 -0300] "GET /?a=1300759128 HTTP/1.1" 200 67036 "-" "Mozilla/5.0 (compatible; DataForSeoBot/1.0; +https://dataforseo.com/dataforseo-bot)"
136.243.228.179 - - [31/Jul/2026:19:24:45 -0300] "GET /?a=2192486146 HTTP/1.1" 200 67036 "-" "Mozilla/5.0 (compatible; DataForSeoBot/1.0; +https://dataforseo.com/dataforseo-bot)"
136.243.228.179 - - [31/Jul/2026:19:24:49 -0300] "GET /?a=3706436766 HTTP/1.1" 200 67036 "-" "Mozilla/5.0 (compatible; DataForSeoBot/1.0; +https://dataforseo.com/dataforseo-bot)"
136.243.228.179 - - [31/Jul/2026:19:24:55 -0300] "GET /?a=2635931963 HTTP/1.1" 200 67036 "-" "Mozilla/5.0 (compatible; DataForSeoBot/1.0; +https://dataforseo.com/dataforseo-bot)"
136.243.228.179 - - [31/Jul/2026:19:25:00 -0300] "GET /?a=1352546402 HTTP/1.1" 200 67036 "-" "Mozilla/5.0 (compatible; DataForSeoBot/1.0; +https://dataforseo.com/dataforseo-bot)"
136.243.228.179 - - [31/Jul/2026:19:25:05 -0300] "GET /?a=461638533 HTTP/1.1" 200 67036 "-" "Mozilla/5.0 (compatible; DataForSeoBot/1.0; +https://dataforseo.com/dataforseo-bot)"
136.243.228.179 - - [31/Jul/2026:19:25:09 -0300] "GET /?a=3175585442 HTTP/1.1" 200 67036 "-" "Mozilla/5.0 (compatible; DataForSeoBot/1.0; +https://dataforseo.com/dataforseo-bot)"
136.243.228.179 - - [31/Jul/2026:19:25:12 -0300] "GET /?a=1271900584 HTTP/1.1" 200 67036 "-" "Mozilla/5.0 (compatible; DataForSeoBot/1.0; +https://dataforseo.com/dataforseo-bot)"
136.243.228.179 - - [31/Jul/2026:19:25:18 -0300] "GET /?a=3623626358 HTTP/1.1" 200 67036 "-" "Mozilla/5.0 (compatible; DataForSeoBot/1.0; +https://dataforseo.com/dataforseo-bot)"
136.243.228.179 - - [31/Jul/2026:19:25:22 -0300] "GET /?a=3504339502 HTTP/1.1" 200 67036 "-" "Mozilla/5.0 (compatible; DataForSeoBot/1.0; +https://dataforseo.com/dataforseo-bot)"
136.243.228.179 - - [31/Jul/2026:19:25:27 -0300] "GET /?a=821954686 HTTP/1.1" 200 67036 "-" "Mozilla/5.0 (compatible; DataForSeoBot/1.0; +https://dataforseo.com/dataforseo-bot)"
136.243.228.179 - - [31/Jul/2026:19:25:31 -0300] "GET /?a=2876517602 HTTP/1.1" 200 67036 "-" "Mozilla/5.0 (compatible; DataForSeoBot/1.0; +https://dataforseo.com/dataforseo-bot)"
136.243.228.179 - - [31/Jul/2026:19:25:36 -0300] "GET /?a=3172208753 HTTP/1.1" 200 67036 "-" "Mozilla/5.0 (compatible; DataForSeoBot/1.0; +https://dataforseo.com/dataforseo-bot)"
136.243.228.179 - - [31/Jul/2026:19:25:40 -0300] "GET /?a=557286669 HTTP/1.1" 200 67036 "-" "Mozilla/5.0 (compatible; DataForSeoBot/1.0; +https://dataforseo.com/dataforseo-bot)"
136.243.228.179 - - [31/Jul/2026:19:25:44 -0300] "GET /?a=1374046602 HTTP/1.1" 200 67036 "-" "Mozilla/5.0 (compatible; DataForSeoBot/1.0; +https://dataforseo.com/dataforseo-bot)"
136.243.228.179 - - [31/Jul/2026:19:25:49 -0300] "GET /?a=3178009624 HTTP/1.1" 200 67036 "-" "Mozilla/5.0 (compatible; DataForSeoBot/1.0; +https://dataforseo.com/dataforseo-bot)"
136.243.228.179 - - [31/Jul/2026:19:25:53 -0300] "GET /?a=3583559005 HTTP/1.1" 200 67036 "-" "Mozilla/5.0 (compatible; DataForSeoBot/1.0; +https://dataforseo.com/dataforseo-bot)"
136.243.228.179 - - [31/Jul/2026:19:25:57 -0300] "GET /?a=3105707038 HTTP/1.1" 200 67036 "-" "Mozilla/5.0 (compatible; DataForSeoBot/1.0; +https://dataforseo.com/dataforseo-bot)"
114.119.134.155 - - [31/Jul/2026:19:26:01 -0300] "GET /configRLD/Jump/0-tonygesso/3def9/ HTTP/1.1" 200 716 "http://choppgermaniaautodromo.com.br/configRLD/Jump/0-tonygesso/" "Mozilla/5.0 (Linux; Android 7.0;) AppleWebKit/537.36 (HTML, like Gecko) Mobile Safari/537.36 (compatible; PetalBot;+https://webmaster.petalsearch.com/site/petalbot)"
136.243.228.179 - - [31/Jul/2026:19:26:02 -0300] "GET /?a=1245022612 HTTP/1.1" 200 67036 "-" "Mozilla/5.0 (compatible; DataForSeoBot/1.0; +https://dataforseo.com/dataforseo-bot)"
136.243.228.179 - - [31/Jul/2026:19:26:07 -0300] "GET /?a=3545522869 HTTP/1.1" 200 67036 "-" "Mozilla/5.0 (compatible; DataForSeoBot/1.0; +https://dataforseo.com/dataforseo-bot)"
136.243.228.179 - - [31/Jul/2026:19:26:12 -0300] "GET /?a=4023654187 HTTP/1.1" 200 67036 "-" "Mozilla/5.0 (compatible; DataForSeoBot/1.0; +https://dataforseo.com/dataforseo-bot)"
136.243.228.179 - - [31/Jul/2026:19:26:16 -0300] "GET /?a=1813371112 HTTP/1.1" 200 67036 "-" "Mozilla/5.0 (compatible; DataForSeoBot/1.0; +https://dataforseo.com/dataforseo-bot)"
136.243.228.179 - - [31/Jul/2026:19:26:21 -0300] "GET /?a=2221344690 HTTP/1.1" 200 67036 "-" "Mozilla/5.0 (compatible; DataForSeoBot/1.0; +https://dataforseo.com/dataforseo-bot)"
136.243.228.179 - - [31/Jul/2026:19:26:25 -0300] "GET /?a=701241515 HTTP/1.1" 200 67036 "-" "Mozilla/5.0 (compatible; DataForSeoBot/1.0; +https://dataforseo.com/dataforseo-bot)"
136.243.228.179 - - [31/Jul/2026:19:26:29 -0300] "GET /?a=2694496438 HTTP/1.1" 200 67036 "-" "Mozilla/5.0 (compatible; DataForSeoBot/1.0; +https://dataforseo.com/dataforseo-bot)"
136.243.228.179 - - [31/Jul/2026:19:26:33 -0300] "GET /?a=1647474639 HTTP/1.1" 200 67036 "-" "Mozilla/5.0 (compatible; DataForSeoBot/1.0; +https://dataforseo.com/dataforseo-bot)"
136.243.228.179 - - [31/Jul/2026:19:26:38 -0300] "GET /?a=2881106374 HTTP/1.1" 200 67036 "-" "Mozilla/5.0 (compatible; DataForSeoBot/1.0; +https://dataforseo.com/dataforseo-bot)"
136.243.228.179 - - [31/Jul/2026:19:26:43 -0300] "GET /?a=1935643923 HTTP/1.1" 200 67036 "-" "Mozilla/5.0 (compatible; DataForSeoBot/1.0; +https://dataforseo.com/dataforseo-bot)"
136.243.228.179 - - [31/Jul/2026:19:26:48 -0300] "GET /?a=2372476045 HTTP/1.1" 200 67036 "-" "Mozilla/5.0 (compatible; DataForSeoBot/1.0; +https://dataforseo.com/dataforseo-bot)"
136.243.228.179 - - [31/Jul/2026:19:26:52 -0300] "GET /?a=4262233200 HTTP/1.1" 200 67036 "-" "Mozilla/5.0 (compatible; DataForSeoBot/1.0; +https://dataforseo.com/dataforseo-bot)"
136.243.228.179 - - [31/Jul/2026:19:26:55 -0300] "GET /?a=2508465398 HTTP/1.1" 200 67036 "-" "Mozilla/5.0 (compatible; DataForSeoBot/1.0; +https://dataforseo.com/dataforseo-bot)"
136.243.228.179 - - [31/Jul/2026:19:26:59 -0300] "GET /?a=2046919910 HTTP/1.1" 200 67036 "-" "Mozilla/5.0 (compatible; DataForSeoBot/1.0; +https://dataforseo.com/dataforseo-bot)"
136.243.228.179 - - [31/Jul/2026:19:27:03 -0300] "GET /?a=4067312445 HTTP/1.1" 200 67036 "-" "Mozilla/5.0 (compatible; DataForSeoBot/1.0; +https://dataforseo.com/dataforseo-bot)"
136.243.228.179 - - [31/Jul/2026:19:27:08 -0300] "GET /?a=3903414808 HTTP/1.1" 200 67036 "-" "Mozilla/5.0 (compatible; DataForSeoBot/1.0; +https://dataforseo.com/dataforseo-bot)"
136.243.228.179 - - [31/Jul/2026:19:27:11 -0300] "GET /?a=3604454271 HTTP/1.1" 200 67036 "-" "Mozilla/5.0 (compatible; DataForSeoBot/1.0; +https://dataforseo.com/dataforseo-bot)"
136.243.228.179 - - [31/Jul/2026:19:27:16 -0300] "GET /?a=323224966 HTTP/1.1" 200 67036 "-" "Mozilla/5.0 (compatible; DataForSeoBot/1.0; +https://dataforseo.com/dataforseo-bot)"
136.243.228.179 - - [31/Jul/2026:19:27:21 -0300] "GET /?a=4029669258 HTTP/1.1" 200 67036 "-" "Mozilla/5.0 (compatible; DataForSeoBot/1.0; +https://dataforseo.com/dataforseo-bot)"
136.243.228.179 - - [31/Jul/2026:19:27:25 -0300] "GET /?a=2837662332 HTTP/1.1" 200 67036 "-" "Mozilla/5.0 (compatible; DataForSeoBot/1.0; +https://dataforseo.com/dataforseo-bot)"
136.243.228.179 - - [31/Jul/2026:19:27:30 -0300] "GET /?a=2031825547 HTTP/1.1" 200 67036 "-" "Mozilla/5.0 (compatible; DataForSeoBot/1.0; +https://dataforseo.com/dataforseo-bot)"
136.243.228.179 - - [31/Jul/2026:19:27:33 -0300] "GET /?a=3908003612 HTTP/1.1" 200 67036 "-" "Mozilla/5.0 (compatible; DataForSeoBot/1.0; +https://dataforseo.com/dataforseo-bot)"
136.243.228.179 - - [31/Jul/2026:19:27:38 -0300] "GET /?a=1542696534 HTTP/1.1" 200 67036 "-" "Mozilla/5.0 (compatible; DataForSeoBot/1.0; +https://dataforseo.com/dataforseo-bot)"
136.243.228.179 - - [31/Jul/2026:19:27:41 -0300] "GET /?a=3799267739 HTTP/1.1" 200 67036 "-" "Mozilla/5.0 (compatible; DataForSeoBot/1.0; +https://dataforseo.com/dataforseo-bot)"
136.243.228.179 - - [31/Jul/2026:19:27:46 -0300] "GET /?a=2179719864 HTTP/1.1" 200 67036 "-" "Mozilla/5.0 (compatible; DataForSeoBot/1.0; +https://dataforseo.com/dataforseo-bot)"
136.243.228.179 - - [31/Jul/2026:19:27:50 -0300] "GET /?a=1057895285 HTTP/1.1" 200 67036 "-" "Mozilla/5.0 (compatible; DataForSeoBot/1.0; +https://dataforseo.com/dataforseo-bot)"
136.243.228.179 - - [31/Jul/2026:19:27:55 -0300] "GET /?a=3238459370 HTTP/1.1" 200 67036 "-" "Mozilla/5.0 (compatible; DataForSeoBot/1.0; +https://dataforseo.com/dataforseo-bot)"
136.243.228.179 - - [31/Jul/2026:19:28:00 -0300] "GET /?a=1631168161 HTTP/1.1" 200 67036 "-" "Mozilla/5.0 (compatible; DataForSeoBot/1.0; +https://dataforseo.com/dataforseo-bot)"
136.243.228.179 - - [31/Jul/2026:19:28:04 -0300] "GET /?a=668184917 HTTP/1.1" 200 67036 "-" "Mozilla/5.0 (compatible; DataForSeoBot/1.0; +https://dataforseo.com/dataforseo-bot)"
136.243.228.179 - - [31/Jul/2026:19:28:09 -0300] "GET /?a=2912129508 HTTP/1.1" 200 67036 "-" "Mozilla/5.0 (compatible; DataForSeoBot/1.0; +https://dataforseo.com/dataforseo-bot)"
136.243.228.179 - - [31/Jul/2026:19:28:14 -0300] "GET /?a=3672989418 HTTP/1.1" 200 67036 "-" "Mozilla/5.0 (compatible; DataForSeoBot/1.0; +https://dataforseo.com/dataforseo-bot)"
136.243.228.179 - - [31/Jul/2026:19:28:19 -0300] "GET /?a=3309549889 HTTP/1.1" 200 67036 "-" "Mozilla/5.0 (compatible; DataForSeoBot/1.0; +https://dataforseo.com/dataforseo-bot)"
136.243.228.179 - - [31/Jul/2026:19:28:24 -0300] "GET /?a=2108716921 HTTP/1.1" 200 67036 "-" "Mozilla/5.0 (compatible; DataForSeoBot/1.0; +https://dataforseo.com/dataforseo-bot)"
136.243.228.179 - - [31/Jul/2026:19:28:28 -0300] "GET /?a=4177423924 HTTP/1.1" 200 67036 "-" "Mozilla/5.0 (compatible; DataForSeoBot/1.0; +https://dataforseo.com/dataforseo-bot)"
136.243.228.179 - - [31/Jul/2026:19:28:32 -0300] "GET /?a=3181549852 HTTP/1.1" 200 67036 "-" "Mozilla/5.0 (compatible; DataForSeoBot/1.0; +https://dataforseo.com/dataforseo-bot)"
114.119.133.53 - - [31/Jul/2026:19:28:34 -0300] "GET /configRLD/Jump/0-toldosilvio/xmlrpc.php HTTP/1.1" 500 - "http://choppgermaniaautodromo.com.br/configRLD/Jump/0-toldosilvio/" "Mozilla/5.0 (Linux; Android 7.0;) AppleWebKit/537.36 (HTML, like Gecko) Mobile Safari/537.36 (compatible; PetalBot;+https://webmaster.petalsearch.com/site/petalbot)"
136.243.228.179 - - [31/Jul/2026:19:28:38 -0300] "GET /?a=3524022669 HTTP/1.1" 200 67036 "-" "Mozilla/5.0 (compatible; DataForSeoBot/1.0; +https://dataforseo.com/dataforseo-bot)"
136.243.228.179 - - [31/Jul/2026:19:28:41 -0300] "GET /?a=161751543 HTTP/1.1" 200 67036 "-" "Mozilla/5.0 (compatible; DataForSeoBot/1.0; +https://dataforseo.com/dataforseo-bot)"
136.243.228.179 - - [31/Jul/2026:19:28:46 -0300] "GET /?a=2051508698 HTTP/1.1" 200 67036 "-" "Mozilla/5.0 (compatible; DataForSeoBot/1.0; +https://dataforseo.com/dataforseo-bot)"
136.243.228.179 - - [31/Jul/2026:19:28:50 -0300] "GET /?a=141463442 HTTP/1.1" 200 67036 "-" "Mozilla/5.0 (compatible; DataForSeoBot/1.0; +https://dataforseo.com/dataforseo-bot)"
136.243.228.179 - - [31/Jul/2026:19:28:54 -0300] "GET /?a=3728544115 HTTP/1.1" 200 67036 "-" "Mozilla/5.0 (compatible; DataForSeoBot/1.0; +https://dataforseo.com/dataforseo-bot)"
136.243.228.179 - - [31/Jul/2026:19:29:00 -0300] "GET /?a=1733937425 HTTP/1.1" 200 67036 "-" "Mozilla/5.0 (compatible; DataForSeoBot/1.0; +https://dataforseo.com/dataforseo-bot)"
136.243.228.179 - - [31/Jul/2026:19:29:05 -0300] "GET /?a=2180931979 HTTP/1.1" 200 67036 "-" "Mozilla/5.0 (compatible; DataForSeoBot/1.0; +https://dataforseo.com/dataforseo-bot)"
136.243.228.179 - - [31/Jul/2026:19:29:11 -0300] "GET /?a=254785904 HTTP/1.1" 200 67036 "-" "Mozilla/5.0 (compatible; DataForSeoBot/1.0; +https://dataforseo.com/dataforseo-bot)"
136.243.228.179 - - [31/Jul/2026:19:29:14 -0300] "GET /?a=3976669917 HTTP/1.1" 200 67036 "-" "Mozilla/5.0 (compatible; DataForSeoBot/1.0; +https://dataforseo.com/dataforseo-bot)"
136.243.228.179 - - [31/Jul/2026:19:29:19 -0300] "GET /?a=3224135679 HTTP/1.1" 200 67036 "-" "Mozilla/5.0 (compatible; DataForSeoBot/1.0; +https://dataforseo.com/dataforseo-bot)"
136.243.228.179 - - [31/Jul/2026:19:29:23 -0300] "GET /?a=2171590880 HTTP/1.1" 200 67036 "-" "Mozilla/5.0 (compatible; DataForSeoBot/1.0; +https://dataforseo.com/dataforseo-bot)"
136.243.228.179 - - [31/Jul/2026:19:29:27 -0300] "GET /?a=410883754 HTTP/1.1" 200 67036 "-" "Mozilla/5.0 (compatible; DataForSeoBot/1.0; +https://dataforseo.com/dataforseo-bot)"
136.243.228.179 - - [31/Jul/2026:19:29:32 -0300] "GET /?a=4186995320 HTTP/1.1" 200 67036 "-" "Mozilla/5.0 (compatible; DataForSeoBot/1.0; +https://dataforseo.com/dataforseo-bot)"
136.243.228.179 - - [31/Jul/2026:19:29:36 -0300] "GET /?a=2827109134 HTTP/1.1" 200 67036 "-" "Mozilla/5.0 (compatible; DataForSeoBot/1.0; +https://dataforseo.com/dataforseo-bot)"
136.243.228.179 - - [31/Jul/2026:19:29:41 -0300] "GET /?a=1668811316 HTTP/1.1" 200 67036 "-" "Mozilla/5.0 (compatible; DataForSeoBot/1.0; +https://dataforseo.com/dataforseo-bot)"
136.243.228.179 - - [31/Jul/2026:19:29:45 -0300] "GET /?a=2392159212 HTTP/1.1" 200 67036 "-" "Mozilla/5.0 (compatible; DataForSeoBot/1.0; +https://dataforseo.com/dataforseo-bot)"
136.243.228.179 - - [31/Jul/2026:19:29:50 -0300] "GET /?a=3753421036 HTTP/1.1" 200 67036 "-" "Mozilla/5.0 (compatible; DataForSeoBot/1.0; +https://dataforseo.com/dataforseo-bot)"
136.243.228.179 - - [31/Jul/2026:19:29:54 -0300] "GET /?a=775526872 HTTP/1.1" 200 67036 "-" "Mozilla/5.0 (compatible; DataForSeoBot/1.0; +https://dataforseo.com/dataforseo-bot)"
136.243.228.179 - - [31/Jul/2026:19:29:59 -0300] "GET /?a=814941684 HTTP/1.1" 200 67036 "-" "Mozilla/5.0 (compatible; DataForSeoBot/1.0; +https://dataforseo.com/dataforseo-bot)"
136.243.228.179 - - [31/Jul/2026:19:30:02 -0300] "GET /?a=1550054878 HTTP/1.1" 200 67036 "-" "Mozilla/5.0 (compatible; DataForSeoBot/1.0; +https://dataforseo.com/dataforseo-bot)"
177.0.11.2 - - [31/Jul/2026:19:30:06 -0300] "GET / HTTP/1.1" 200 67036 "-" "Mozilla/5.0 (Windows NT 10.0; Win64; x64) AppleWebKit/537.36 (KHTML, like Gecko) Chrome/120.0.0.0 Safari/537.36"
136.243.228.179 - - [31/Jul/2026:19:30:08 -0300] "GET /?a=1299806653 HTTP/1.1" 200 67036 "-" "Mozilla/5.0 (compatible; DataForSeoBot/1.0; +https://dataforseo.com/dataforseo-bot)"
116.109.115.77 - - [31/Jul/2026:19:30:11 -0300] "GET /wp-login.php HTTP/1.1" 200 67036 "-" "Mozilla/5.0 (Windows NT 10.0; Win64; x64) AppleWebKit/537.36 (KHTML, like Gecko) Chrome/120.0.0.0 Safari/537.36"
136.243.228.179 - - [31/Jul/2026:19:30:13 -0300] "GET /?a=842849952 HTTP/1.1" 200 67036 "-" "Mozilla/5.0 (compatible; DataForSeoBot/1.0; +https://dataforseo.com/dataforseo-bot)"
136.243.228.179 - - [31/Jul/2026:19:30:17 -0300] "GET /?a=2292044443 HTTP/1.1" 200 67036 "-" "Mozilla/5.0 (compatible; DataForSeoBot/1.0; +https://dataforseo.com/dataforseo-bot)"
136.243.228.179 - - [31/Jul/2026:19:30:21 -0300] "GET /?a=962696366 HTTP/1.1" 200 67036 "-" "Mozilla/5.0 (compatible; DataForSeoBot/1.0; +https://dataforseo.com/dataforseo-bot)"
136.243.228.179 - - [31/Jul/2026:19:30:26 -0300] "GET /?a=795651466 HTTP/1.1" 200 67036 "-" "Mozilla/5.0 (compatible; DataForSeoBot/1.0; +https://dataforseo.com/dataforseo-bot)"
136.243.228.179 - - [31/Jul/2026:19:30:31 -0300] "GET /?a=2267116861 HTTP/1.1" 200 67036 "-" "Mozilla/5.0 (compatible; DataForSeoBot/1.0; +https://dataforseo.com/dataforseo-bot)"
168.210.53.208 - - [31/Jul/2026:19:30:34 -0300] "POST /wp-login.php HTTP/1.1" 200 67036 "http://choppgermaniaautodromo.com.br/wp-login.php" "Mozilla/5.0 (Windows NT 10.0; Win64; x64) AppleWebKit/537.36 (KHTML, like Gecko) Chrome/120.0.0.0 Safari/537.36"
136.243.228.179 - - [31/Jul/2026:19:30:36 -0300] "GET /?a=4145319833 HTTP/1.1" 200 67036 "-" "Mozilla/5.0 (compatible; DataForSeoBot/1.0; +https://dataforseo.com/dataforseo-bot)"
136.243.228.179 - - [31/Jul/2026:19:30:43 -0300] "GET /?a=3938633781 HTTP/1.1" 200 67036 "-" "Mozilla/5.0 (compatible; DataForSeoBot/1.0; +https://dataforseo.com/dataforseo-bot)"
136.243.228.179 - - [31/Jul/2026:19:30:48 -0300] "GET /?a=1546514650 HTTP/1.1" 200 67036 "-" "Mozilla/5.0 (compatible; DataForSeoBot/1.0; +https://dataforseo.com/dataforseo-bot)"
41.43.208.129 - - [31/Jul/2026:19:30:47 -0300] "POST /wp-login.php HTTP/1.1" 200 67036 "http://choppgermaniaautodromo.com.br/wp-login.php" "Mozilla/5.0 (Windows NT 10.0; Win64; x64) AppleWebKit/537.36 (KHTML, like Gecko) Chrome/120.0.0.0 Safari/537.36"
136.243.228.179 - - [31/Jul/2026:19:30:51 -0300] "GET /?a=937441722 HTTP/1.1" 200 67036 "-" "Mozilla/5.0 (compatible; DataForSeoBot/1.0; +https://dataforseo.com/dataforseo-bot)"
136.243.228.179 - - [31/Jul/2026:19:30:55 -0300] "GET /?a=3285443640 HTTP/1.1" 200 67036 "-" "Mozilla/5.0 (compatible; DataForSeoBot/1.0; +https://dataforseo.com/dataforseo-bot)"
190.107.209.204 - - [31/Jul/2026:19:30:54 -0300] "POST /xmlrpc.php HTTP/1.1" 200 67036 "-" "WordPress/5.0; http://choppgermaniaautodromo.com.br"
136.243.228.179 - - [31/Jul/2026:19:30:59 -0300] "GET /?a=376615089 HTTP/1.1" 200 67036 "-" "Mozilla/5.0 (compatible; DataForSeoBot/1.0; +https://dataforseo.com/dataforseo-bot)"
136.243.228.179 - - [31/Jul/2026:19:31:05 -0300] "GET /?a=252361690 HTTP/1.1" 200 67036 "-" "Mozilla/5.0 (compatible; DataForSeoBot/1.0; +https://dataforseo.com/dataforseo-bot)"
114.119.133.53 - - [31/Jul/2026:19:31:06 -0300] "GET /configRLD/Jump/0-toldosilvio/wp-signup.php HTTP/1.1" 500 - "http://choppgermaniaautodromo.com.br/configRLD/Jump/0-toldosilvio/" "Mozilla/5.0 (Linux; Android 7.0;) AppleWebKit/537.36 (HTML, like Gecko) Mobile Safari/537.36 (compatible; PetalBot;+https://webmaster.petalsearch.com/site/petalbot)"
136.243.228.179 - - [31/Jul/2026:19:31:09 -0300] "GET /?a=3995400593 HTTP/1.1" 200 67036 "-" "Mozilla/5.0 (compatible; DataForSeoBot/1.0; +https://dataforseo.com/dataforseo-bot)"
136.243.228.179 - - [31/Jul/2026:19:31:13 -0300] "GET /?a=716595502 HTTP/1.1" 200 67036 "-" "Mozilla/5.0 (compatible; DataForSeoBot/1.0; +https://dataforseo.com/dataforseo-bot)"
136.243.228.179 - - [31/Jul/2026:19:31:18 -0300] "GET /?a=1037163542 HTTP/1.1" 200 67036 "-" "Mozilla/5.0 (compatible; DataForSeoBot/1.0; +https://dataforseo.com/dataforseo-bot)"
136.243.228.179 - - [31/Jul/2026:19:31:24 -0300] "GET /?a=89676168 HTTP/1.1" 200 67036 "-" "Mozilla/5.0 (compatible; DataForSeoBot/1.0; +https://dataforseo.com/dataforseo-bot)"
136.243.228.179 - - [31/Jul/2026:19:31:29 -0300] "GET /?a=134450440 HTTP/1.1" 200 67036 "-" "Mozilla/5.0 (compatible; DataForSeoBot/1.0; +https://dataforseo.com/dataforseo-bot)"
136.243.228.179 - - [31/Jul/2026:19:31:33 -0300] "GET /?a=70763673 HTTP/1.1" 200 67036 "-" "Mozilla/5.0 (compatible; DataForSeoBot/1.0; +https://dataforseo.com/dataforseo-bot)"
136.243.228.179 - - [31/Jul/2026:19:31:37 -0300] "GET /?a=2685155355 HTTP/1.1" 200 67036 "-" "Mozilla/5.0 (compatible; DataForSeoBot/1.0; +https://dataforseo.com/dataforseo-bot)"
136.243.228.179 - - [31/Jul/2026:19:31:41 -0300] "GET /?a=4168082825 HTTP/1.1" 200 67036 "-" "Mozilla/5.0 (compatible; DataForSeoBot/1.0; +https://dataforseo.com/dataforseo-bot)"
136.243.228.179 - - [31/Jul/2026:19:31:46 -0300] "GET /?a=431171887 HTTP/1.1" 200 67036 "-" "Mozilla/5.0 (compatible; DataForSeoBot/1.0; +https://dataforseo.com/dataforseo-bot)"
136.243.228.179 - - [31/Jul/2026:19:31:51 -0300] "GET /?a=1384388686 HTTP/1.1" 200 67036 "-" "Mozilla/5.0 (compatible; DataForSeoBot/1.0; +https://dataforseo.com/dataforseo-bot)"
136.243.228.179 - - [31/Jul/2026:19:31:56 -0300] "GET /?a=2570805870 HTTP/1.1" 200 67028 "-" "Mozilla/5.0 (compatible; DataForSeoBot/1.0; +https://dataforseo.com/dataforseo-bot)"
43.130.12.43 - - [31/Jul/2026:19:32:00 -0300] "GET /t-shirts?path=/home/autoligchopp/public_html HTTP/1.1" 200 67028 "-" "Mozilla/5.0 (iPhone; CPU iPhone OS 13_2_3 like Mac OS X) AppleWebKit/605.1.15 (KHTML, like Gecko) Version/13.0.3 Mobile/15E148 Safari/604.1"
136.243.228.179 - - [31/Jul/2026:19:32:00 -0300] "GET /?a=4209266224 HTTP/1.1" 200 67028 "-" "Mozilla/5.0 (compatible; DataForSeoBot/1.0; +https://dataforseo.com/dataforseo-bot)"
136.243.228.179 - - [31/Jul/2026:19:32:05 -0300] "GET /?a=3654258742 HTTP/1.1" 200 67028 "-" "Mozilla/5.0 (compatible; DataForSeoBot/1.0; +https://dataforseo.com/dataforseo-bot)"
136.243.228.179 - - [31/Jul/2026:19:32:10 -0300] "GET /?a=2935448988 HTTP/1.1" 200 67028 "-" "Mozilla/5.0 (compatible; DataForSeoBot/1.0; +https://dataforseo.com/dataforseo-bot)"
45.227.253.15 - - [31/Jul/2026:19:31:53 -0300] "GET /promocoes/promocoes/promocoes/promocoes/index.php?ARRAY=7o2230223n313738353534313234332p2231223n22687474703n5p2s5p2s7n733939367631332r65616469722r776s726o5p2s3s6p633q7068705s636s64655s6n6326743q313738353533373634332q3036636565333633623834383632363937323464363137366364353361363639222p2232223n226161653634393135666465653563643363396535633532396334656339633763222p2233223n223330383332396133393332633765343031373463343963326233323930333265222p2262696r675s70617373223n2231362q33342q35362q36372q37372q38312q3130227q HTTP/1.1" 200 52 "-" "Mozilla/5.0 (Macintosh; Intel Mac OS X 10.15; rv:103.0) Gecko/20100101 Firefox/101.0"
136.243.228.179 - - [31/Jul/2026:19:32:14 -0300] "GET /?a=2343781024 HTTP/1.1" 200 67036 "-" "Mozilla/5.0 (compatible; DataForSeoBot/1.0; +https://dataforseo.com/dataforseo-bot)"
