136.243.228.179 - - [31/Jul/2026:19:00:24 -0300] "GET /?a=165128232 HTTP/1.1" 200 67036 "-" "Mozilla/5.0 (compatible; DataForSeoBot/1.0; +https://dataforseo.com/dataforseo-bot)"
216.73.216.198 - - [31/Jul/2026:19:00:27 -0300] "GET /wp-config.php?lokasie=%2Fproc%2F3190140%2Fsetgroups&loknya=%2Fproc%2F3190140 HTTP/1.1" 200 67036 "-" "Mozilla/5.0 AppleWebKit/537.36 (KHTML, like Gecko; compatible; ClaudeBot/1.0; +claudebot@anthropic.com)"
136.243.228.179 - - [31/Jul/2026:19:00:29 -0300] "GET /?a=608089055 HTTP/1.1" 200 67036 "-" "Mozilla/5.0 (compatible; DataForSeoBot/1.0; +https://dataforseo.com/dataforseo-bot)"
216.73.216.198 - - [31/Jul/2026:19:00:32 -0300] "GET /?lokasie=%2Fsbin%2Faddpart&loknya=%2Fsbin HTTP/1.1" 200 67036 "-" "Mozilla/5.0 AppleWebKit/537.36 (KHTML, like Gecko; compatible; ClaudeBot/1.0; +claudebot@anthropic.com)"
136.243.228.179 - - [31/Jul/2026:19:00:35 -0300] "GET /?a=3124437714 HTTP/1.1" 200 67036 "-" "Mozilla/5.0 (compatible; DataForSeoBot/1.0; +https://dataforseo.com/dataforseo-bot)"
216.73.216.198 - - [31/Jul/2026:19:00:37 -0300] "GET /index.php?lokasie=%2Fproc%2F2940271%2Fstatus&loknya=%2Fproc%2F2940271 HTTP/1.1" 200 67036 "-" "Mozilla/5.0 AppleWebKit/537.36 (KHTML, like Gecko; compatible; ClaudeBot/1.0; +claudebot@anthropic.com)"
136.243.228.179 - - [31/Jul/2026:19:00:40 -0300] "GET /?a=3700635863 HTTP/1.1" 200 67036 "-" "Mozilla/5.0 (compatible; DataForSeoBot/1.0; +https://dataforseo.com/dataforseo-bot)"
114.119.133.53 - - [31/Jul/2026:19:00:42 -0300] "GET /configRLD/Jump/0-westink/readme.html HTTP/1.1" 200 7406 "http://choppgermaniaautodromo.com.br/configRLD/Jump/0-westink/" "Mozilla/5.0 (Linux; Android 7.0;) AppleWebKit/537.36 (HTML, like Gecko) Mobile Safari/537.36 (compatible; PetalBot;+https://webmaster.petalsearch.com/site/petalbot)"
216.73.216.198 - - [31/Jul/2026:19:00:42 -0300] "GET /wp-config.php?lokasie=%2Fproc%2F84%2Fpersonality&loknya=%2Fproc%2F84 HTTP/1.1" 200 67036 "-" "Mozilla/5.0 AppleWebKit/537.36 (KHTML, like Gecko; compatible; ClaudeBot/1.0; +claudebot@anthropic.com)"
136.243.228.179 - - [31/Jul/2026:19:00:46 -0300] "GET /?a=4218443784 HTTP/1.1" 200 67036 "-" "Mozilla/5.0 (compatible; DataForSeoBot/1.0; +https://dataforseo.com/dataforseo-bot)"
216.73.216.198 - - [31/Jul/2026:19:00:47 -0300] "GET /?lokasie=%2Fproc%2Fself%2Fsmaps&loknya=%2Fproc%2Fself HTTP/1.1" 200 67036 "-" "Mozilla/5.0 AppleWebKit/537.36 (KHTML, like Gecko; compatible; ClaudeBot/1.0; +claudebot@anthropic.com)"
136.243.228.179 - - [31/Jul/2026:19:00:49 -0300] "GET /?a=1424849004 HTTP/1.1" 200 67036 "-" "Mozilla/5.0 (compatible; DataForSeoBot/1.0; +https://dataforseo.com/dataforseo-bot)"
216.73.216.198 - - [31/Jul/2026:19:00:52 -0300] "GET /index.php?lokasie=%2Fproc%2F862%2Foom_score_adj&loknya=%2Fproc%2F862 HTTP/1.1" 200 67036 "-" "Mozilla/5.0 AppleWebKit/537.36 (KHTML, like Gecko; compatible; ClaudeBot/1.0; +claudebot@anthropic.com)"
136.243.228.179 - - [31/Jul/2026:19:00:53 -0300] "GET /?a=2531784878 HTTP/1.1" 200 67036 "-" "Mozilla/5.0 (compatible; DataForSeoBot/1.0; +https://dataforseo.com/dataforseo-bot)"
216.73.216.198 - - [31/Jul/2026:19:00:57 -0300] "GET /wp-config.php?lokasie=%2Fproc%2F46%2Fautogroup&loknya=%2Fproc%2F46 HTTP/1.1" 200 67036 "-" "Mozilla/5.0 AppleWebKit/537.36 (KHTML, like Gecko; compatible; ClaudeBot/1.0; +claudebot@anthropic.com)"
136.243.228.179 - - [31/Jul/2026:19:00:58 -0300] "GET /?a=3775784752 HTTP/1.1" 200 67036 "-" "Mozilla/5.0 (compatible; DataForSeoBot/1.0; +https://dataforseo.com/dataforseo-bot)"
136.243.228.179 - - [31/Jul/2026:19:01:02 -0300] "GET /?a=2640684274 HTTP/1.1" 200 67036 "-" "Mozilla/5.0 (compatible; DataForSeoBot/1.0; +https://dataforseo.com/dataforseo-bot)"
216.73.216.198 - - [31/Jul/2026:19:01:02 -0300] "GET /wp-mail.php?lokasie=%2Fetc%2Fnscd.conf&loknya=%2Fetc HTTP/1.1" 200 67036 "-" "Mozilla/5.0 AppleWebKit/537.36 (KHTML, like Gecko; compatible; ClaudeBot/1.0; +claudebot@anthropic.com)"
136.243.228.179 - - [31/Jul/2026:19:01:06 -0300] "GET /?a=1808177390 HTTP/1.1" 200 67036 "-" "Mozilla/5.0 (compatible; DataForSeoBot/1.0; +https://dataforseo.com/dataforseo-bot)"
216.73.216.198 - - [31/Jul/2026:19:01:07 -0300] "GET /?lokasie=%2Fsbin%2Fvgimportclone&loknya=%2Fsbin HTTP/1.1" 200 67036 "-" "Mozilla/5.0 AppleWebKit/537.36 (KHTML, like Gecko; compatible; ClaudeBot/1.0; +claudebot@anthropic.com)"
136.243.228.179 - - [31/Jul/2026:19:01:11 -0300] "GET /?a=2041166630 HTTP/1.1" 200 67036 "-" "Mozilla/5.0 (compatible; DataForSeoBot/1.0; +https://dataforseo.com/dataforseo-bot)"
216.73.216.198 - - [31/Jul/2026:19:01:12 -0300] "GET /?lokasie=%2Fproc%2F1654108%2Fstack&loknya=%2Fproc%2F1654108 HTTP/1.1" 200 67036 "-" "Mozilla/5.0 AppleWebKit/537.36 (KHTML, like Gecko; compatible; ClaudeBot/1.0; +claudebot@anthropic.com)"
136.243.228.179 - - [31/Jul/2026:19:01:16 -0300] "GET /?a=3748668709 HTTP/1.1" 200 67036 "-" "Mozilla/5.0 (compatible; DataForSeoBot/1.0; +https://dataforseo.com/dataforseo-bot)"
216.73.216.198 - - [31/Jul/2026:19:01:17 -0300] "GET /wp-config.php?lokasie=%2Fproc%2F3811299%2Fsessionid&loknya=%2Fproc%2F3811299 HTTP/1.1" 200 67036 "-" "Mozilla/5.0 AppleWebKit/537.36 (KHTML, like Gecko; compatible; ClaudeBot/1.0; +claudebot@anthropic.com)"
136.243.228.179 - - [31/Jul/2026:19:01:20 -0300] "GET /?a=2914553706 HTTP/1.1" 200 67036 "-" "Mozilla/5.0 (compatible; DataForSeoBot/1.0; +https://dataforseo.com/dataforseo-bot)"
216.73.216.198 - - [31/Jul/2026:19:01:22 -0300] "GET /wp-config.php?lokasie=%2Fproc%2F406729%2Fmountinfo&loknya=%2Fproc%2F406729 HTTP/1.1" 200 67036 "-" "Mozilla/5.0 AppleWebKit/537.36 (KHTML, like Gecko; compatible; ClaudeBot/1.0; +claudebot@anthropic.com)"
136.243.228.179 - - [31/Jul/2026:19:01:23 -0300] "GET /?a=1997393343 HTTP/1.1" 200 67036 "-" "Mozilla/5.0 (compatible; DataForSeoBot/1.0; +https://dataforseo.com/dataforseo-bot)"
216.73.216.198 - - [31/Jul/2026:19:01:27 -0300] "GET /?lokasie=%2Fvar%2Ftmp%2Fwpc5EQ1lz&loknya=%2Fvar%2Ftmp HTTP/1.1" 200 67036 "-" "Mozilla/5.0 AppleWebKit/537.36 (KHTML, like Gecko; compatible; ClaudeBot/1.0; +claudebot@anthropic.com)"
136.243.228.179 - - [31/Jul/2026:19:01:29 -0300] "GET /?a=3033795186 HTTP/1.1" 200 67036 "-" "Mozilla/5.0 (compatible; DataForSeoBot/1.0; +https://dataforseo.com/dataforseo-bot)"
216.73.216.198 - - [31/Jul/2026:19:01:32 -0300] "GET /wp-config.php?lokasie=%2Fproc%2F435536%2Fcpuset&loknya=%2Fproc%2F435536 HTTP/1.1" 200 67036 "-" "Mozilla/5.0 AppleWebKit/537.36 (KHTML, like Gecko; compatible; ClaudeBot/1.0; +claudebot@anthropic.com)"
136.243.228.179 - - [31/Jul/2026:19:01:35 -0300] "GET /?a=1819335538 HTTP/1.1" 200 67036 "-" "Mozilla/5.0 (compatible; DataForSeoBot/1.0; +https://dataforseo.com/dataforseo-bot)"
216.73.216.198 - - [31/Jul/2026:19:01:37 -0300] "GET /?lokasie=%2Fproc%2F1654140%2Fstack&loknya=%2Fproc%2F1654140 HTTP/1.1" 200 67036 "-" "Mozilla/5.0 AppleWebKit/537.36 (KHTML, like Gecko; compatible; ClaudeBot/1.0; +claudebot@anthropic.com)"
136.243.228.179 - - [31/Jul/2026:19:01:39 -0300] "GET /?a=2173918993 HTTP/1.1" 200 67036 "-" "Mozilla/5.0 (compatible; DataForSeoBot/1.0; +https://dataforseo.com/dataforseo-bot)"
216.73.216.198 - - [31/Jul/2026:19:01:42 -0300] "GET /?lokasie=%2Fusr%2Fbin%2Fnl-link-enslave&loknya=%2Fusr%2Fbin HTTP/1.1" 200 67036 "-" "Mozilla/5.0 AppleWebKit/537.36 (KHTML, like Gecko; compatible; ClaudeBot/1.0; +claudebot@anthropic.com)"
136.243.228.179 - - [31/Jul/2026:19:01:44 -0300] "GET /?a=1662846906 HTTP/1.1" 200 67036 "-" "Mozilla/5.0 (compatible; DataForSeoBot/1.0; +https://dataforseo.com/dataforseo-bot)"
216.73.216.198 - - [31/Jul/2026:19:01:47 -0300] "GET /?lokasie=%2Fvar%2Ftmp%2Fwpc9oYO0j&loknya=%2Fvar%2Ftmp HTTP/1.1" 200 67036 "-" "Mozilla/5.0 AppleWebKit/537.36 (KHTML, like Gecko; compatible; ClaudeBot/1.0; +claudebot@anthropic.com)"
136.243.228.179 - - [31/Jul/2026:19:01:50 -0300] "GET /?a=3674201533 HTTP/1.1" 200 67036 "-" "Mozilla/5.0 (compatible; DataForSeoBot/1.0; +https://dataforseo.com/dataforseo-bot)"
216.73.216.198 - - [31/Jul/2026:19:01:52 -0300] "GET /index.php?lokasie=%2Fproc%2F527%2Fprojid_map&loknya=%2Fproc%2F527 HTTP/1.1" 200 67036 "-" "Mozilla/5.0 AppleWebKit/537.36 (KHTML, like Gecko; compatible; ClaudeBot/1.0; +claudebot@anthropic.com)"
136.243.228.179 - - [31/Jul/2026:19:01:55 -0300] "GET /?a=985756222 HTTP/1.1" 200 67036 "-" "Mozilla/5.0 (compatible; DataForSeoBot/1.0; +https://dataforseo.com/dataforseo-bot)"
216.73.216.198 - - [31/Jul/2026:19:01:57 -0300] "GET /wp-config.php?lokasie=%2Fproc%2F758239%2Fstatm&loknya=%2Fproc%2F758239 HTTP/1.1" 200 67036 "-" "Mozilla/5.0 AppleWebKit/537.36 (KHTML, like Gecko; compatible; ClaudeBot/1.0; +claudebot@anthropic.com)"
136.243.228.179 - - [31/Jul/2026:19:02:01 -0300] "GET /?a=841637853 HTTP/1.1" 200 67036 "-" "Mozilla/5.0 (compatible; DataForSeoBot/1.0; +https://dataforseo.com/dataforseo-bot)"
216.73.216.198 - - [31/Jul/2026:19:02:02 -0300] "GET /?lokasie=%2Fproc%2F1867292%2Fstack&loknya=%2Fproc%2F1867292 HTTP/1.1" 200 67036 "-" "Mozilla/5.0 AppleWebKit/537.36 (KHTML, like Gecko; compatible; ClaudeBot/1.0; +claudebot@anthropic.com)"
136.243.228.179 - - [31/Jul/2026:19:02:06 -0300] "GET /?a=2757457941 HTTP/1.1" 200 67036 "-" "Mozilla/5.0 (compatible; DataForSeoBot/1.0; +https://dataforseo.com/dataforseo-bot)"
216.73.216.198 - - [31/Jul/2026:19:02:08 -0300] "GET /wp-config.php?lokasie=%2Fproc%2F45%2Fpersonality&loknya=%2Fproc%2F45 HTTP/1.1" 200 67036 "-" "Mozilla/5.0 AppleWebKit/537.36 (KHTML, like Gecko; compatible; ClaudeBot/1.0; +claudebot@anthropic.com)"
136.243.228.179 - - [31/Jul/2026:19:02:13 -0300] "GET /?a=3316562875 HTTP/1.1" 200 67036 "-" "Mozilla/5.0 (compatible; DataForSeoBot/1.0; +https://dataforseo.com/dataforseo-bot)"
216.73.216.198 - - [31/Jul/2026:19:02:13 -0300] "GET /index.php?lokasie=%2Fproc%2F862%2Fattr%2Ffscreate&loknya=%2Fproc%2F862%2Fattr HTTP/1.1" 200 67036 "-" "Mozilla/5.0 AppleWebKit/537.36 (KHTML, like Gecko; compatible; ClaudeBot/1.0; +claudebot@anthropic.com)"
216.73.216.198 - - [31/Jul/2026:19:02:18 -0300] "GET /index.php?lokasie=%2Fproc%2F1509988%2Flimits&loknya=%2Fproc%2F1509988 HTTP/1.1" 200 67036 "-" "Mozilla/5.0 AppleWebKit/537.36 (KHTML, like Gecko; compatible; ClaudeBot/1.0; +claudebot@anthropic.com)"
136.243.228.179 - - [31/Jul/2026:19:02:18 -0300] "GET /?a=1647311116 HTTP/1.1" 200 67036 "-" "Mozilla/5.0 (compatible; DataForSeoBot/1.0; +https://dataforseo.com/dataforseo-bot)"
136.243.228.179 - - [31/Jul/2026:19:02:22 -0300] "GET /?a=247772902 HTTP/1.1" 200 67036 "-" "Mozilla/5.0 (compatible; DataForSeoBot/1.0; +https://dataforseo.com/dataforseo-bot)"
216.73.216.198 - - [31/Jul/2026:19:02:23 -0300] "GET /index.php?lokasie=%2Fproc%2F50%2Fcpuset&loknya=%2Fproc%2F50 HTTP/1.1" 200 67036 "-" "Mozilla/5.0 AppleWebKit/537.36 (KHTML, like Gecko; compatible; ClaudeBot/1.0; +claudebot@anthropic.com)"
43.135.172.89 - - [31/Jul/2026:19:02:25 -0300] "GET /?path=/home/autoligchopp HTTP/1.1" 200 78283 "-" "Mozilla/5.0 (iPhone; CPU iPhone OS 13_2_3 like Mac OS X) AppleWebKit/605.1.15 (KHTML, like Gecko) Version/13.0.3 Mobile/15E148 Safari/604.1"
136.243.228.179 - - [31/Jul/2026:19:02:26 -0300] "GET /?a=876297268 HTTP/1.1" 200 67036 "-" "Mozilla/5.0 (compatible; DataForSeoBot/1.0; +https://dataforseo.com/dataforseo-bot)"
216.73.216.198 - - [31/Jul/2026:19:02:28 -0300] "GET /wp-trackback.php?lokasie=%2Flib64%2Flibnssutil3.so&loknya=%2Flib64 HTTP/1.1" 200 67036 "-" "Mozilla/5.0 AppleWebKit/537.36 (KHTML, like Gecko; compatible; ClaudeBot/1.0; +claudebot@anthropic.com)"
136.243.228.179 - - [31/Jul/2026:19:02:31 -0300] "GET /?a=1740854310 HTTP/1.1" 200 67036 "-" "Mozilla/5.0 (compatible; DataForSeoBot/1.0; +https://dataforseo.com/dataforseo-bot)"
216.73.216.198 - - [31/Jul/2026:19:02:33 -0300] "GET /?lokasie=%2Fusr%2Fbin%2Fnl-link-name2ifindex&loknya=%2Fusr%2Fbin HTTP/1.1" 200 67036 "-" "Mozilla/5.0 AppleWebKit/537.36 (KHTML, like Gecko; compatible; ClaudeBot/1.0; +claudebot@anthropic.com)"
136.243.228.179 - - [31/Jul/2026:19:02:35 -0300] "GET /?a=2129775726 HTTP/1.1" 200 67036 "-" "Mozilla/5.0 (compatible; DataForSeoBot/1.0; +https://dataforseo.com/dataforseo-bot)"
216.73.216.198 - - [31/Jul/2026:19:02:38 -0300] "GET /wp-config.php?lokasie=%2Fproc%2F1652247%2Fsched&loknya=%2Fproc%2F1652247 HTTP/1.1" 200 67036 "-" "Mozilla/5.0 AppleWebKit/537.36 (KHTML, like Gecko; compatible; ClaudeBot/1.0; +claudebot@anthropic.com)"
136.243.228.179 - - [31/Jul/2026:19:02:42 -0300] "GET /?a=2055144995 HTTP/1.1" 200 67036 "-" "Mozilla/5.0 (compatible; DataForSeoBot/1.0; +https://dataforseo.com/dataforseo-bot)"
216.73.216.198 - - [31/Jul/2026:19:02:43 -0300] "GET /index.php?lokasie=%2Fproc%2F435635%2Fcomm&loknya=%2Fproc%2F435635 HTTP/1.1" 200 67036 "-" "Mozilla/5.0 AppleWebKit/537.36 (KHTML, like Gecko; compatible; ClaudeBot/1.0; +claudebot@anthropic.com)"
216.73.216.198 - - [31/Jul/2026:19:02:48 -0300] "GET /?lokasie=%2Fproc%2Fschedstat&loknya=%2Fproc HTTP/1.1" 200 67036 "-" "Mozilla/5.0 AppleWebKit/537.36 (KHTML, like Gecko; compatible; ClaudeBot/1.0; +claudebot@anthropic.com)"
136.243.228.179 - - [31/Jul/2026:19:02:48 -0300] "GET /?a=1715024930 HTTP/1.1" 200 67036 "-" "Mozilla/5.0 (compatible; DataForSeoBot/1.0; +https://dataforseo.com/dataforseo-bot)"
136.243.228.179 - - [31/Jul/2026:19:02:52 -0300] "GET /?a=85087380 HTTP/1.1" 200 67036 "-" "Mozilla/5.0 (compatible; DataForSeoBot/1.0; +https://dataforseo.com/dataforseo-bot)"
216.73.216.198 - - [31/Jul/2026:19:02:53 -0300] "GET /?lokasie=%2Ftmp%2Fwpc5iqKQ1&loknya=%2Ftmp HTTP/1.1" 200 67036 "-" "Mozilla/5.0 AppleWebKit/537.36 (KHTML, like Gecko; compatible; ClaudeBot/1.0; +claudebot@anthropic.com)"
216.73.216.198 - - [31/Jul/2026:19:02:58 -0300] "GET /index.php?lokasie=%2Fproc%2F980284%2Fpatch_state&loknya=%2Fproc%2F980284 HTTP/1.1" 200 67036 "-" "Mozilla/5.0 AppleWebKit/537.36 (KHTML, like Gecko; compatible; ClaudeBot/1.0; +claudebot@anthropic.com)"
136.243.228.179 - - [31/Jul/2026:19:02:58 -0300] "GET /?a=2788906405 HTTP/1.1" 200 67036 "-" "Mozilla/5.0 (compatible; DataForSeoBot/1.0; +https://dataforseo.com/dataforseo-bot)"
136.243.228.179 - - [31/Jul/2026:19:03:03 -0300] "GET /?a=898749975 HTTP/1.1" 200 67036 "-" "Mozilla/5.0 (compatible; DataForSeoBot/1.0; +https://dataforseo.com/dataforseo-bot)"
216.73.216.198 - - [31/Jul/2026:19:03:03 -0300] "GET /?lokasie=%2Ftmp%2F718cb8B6a5mk&loknya=%2Ftmp HTTP/1.1" 200 67036 "-" "Mozilla/5.0 AppleWebKit/537.36 (KHTML, like Gecko; compatible; ClaudeBot/1.0; +claudebot@anthropic.com)"
136.243.228.179 - - [31/Jul/2026:19:03:07 -0300] "GET /?a=992769192 HTTP/1.1" 200 67036 "-" "Mozilla/5.0 (compatible; DataForSeoBot/1.0; +https://dataforseo.com/dataforseo-bot)"
216.73.216.198 - - [31/Jul/2026:19:03:08 -0300] "GET /index.php?lokasie=%2Fproc%2F758263%2Fmountinfo&loknya=%2Fproc%2F758263 HTTP/1.1" 200 67036 "-" "Mozilla/5.0 AppleWebKit/537.36 (KHTML, like Gecko; compatible; ClaudeBot/1.0; +claudebot@anthropic.com)"
114.119.158.31 - - [31/Jul/2026:19:03:09 -0300] "GET /configRLD/Jump/0-vortechadmin/wp-mail.php HTTP/1.1" 500 - "http://choppgermaniaautodromo.com.br/configRLD/Jump/0-vortechadmin/" "Mozilla/5.0 (Linux; Android 7.0;) AppleWebKit/537.36 (HTML, like Gecko) Mobile Safari/537.36 (compatible; PetalBot;+https://webmaster.petalsearch.com/site/petalbot)"
136.243.228.179 - - [31/Jul/2026:19:03:11 -0300] "GET /?a=1175111827 HTTP/1.1" 200 67036 "-" "Mozilla/5.0 (compatible; DataForSeoBot/1.0; +https://dataforseo.com/dataforseo-bot)"
216.73.216.198 - - [31/Jul/2026:19:03:13 -0300] "GET /index.php?lokasie=%2Fproc%2F1434034%2Fstatus&loknya=%2Fproc%2F1434034 HTTP/1.1" 200 67036 "-" "Mozilla/5.0 AppleWebKit/537.36 (KHTML, like Gecko; compatible; ClaudeBot/1.0; +claudebot@anthropic.com)"
136.243.228.179 - - [31/Jul/2026:19:03:17 -0300] "GET /?a=2377228340 HTTP/1.1" 200 67036 "-" "Mozilla/5.0 (compatible; DataForSeoBot/1.0; +https://dataforseo.com/dataforseo-bot)"
216.73.216.198 - - [31/Jul/2026:19:03:18 -0300] "GET /index.php?lokasie=%2Fproc%2F2090834%2Fstat&loknya=%2Fproc%2F2090834 HTTP/1.1" 200 67036 "-" "Mozilla/5.0 AppleWebKit/537.36 (KHTML, like Gecko; compatible; ClaudeBot/1.0; +claudebot@anthropic.com)"
136.243.228.179 - - [31/Jul/2026:19:03:21 -0300] "GET /?a=3557470001 HTTP/1.1" 200 67036 "-" "Mozilla/5.0 (compatible; DataForSeoBot/1.0; +https://dataforseo.com/dataforseo-bot)"
216.73.216.198 - - [31/Jul/2026:19:03:23 -0300] "GET /wp-config.php?lokasie=%2Fproc%2F3869744%2Fstatus&loknya=%2Fproc%2F3869744 HTTP/1.1" 200 67036 "-" "Mozilla/5.0 AppleWebKit/537.36 (KHTML, like Gecko; compatible; ClaudeBot/1.0; +claudebot@anthropic.com)"
140.245.34.60 - - [31/Jul/2026:19:03:23 -0300] "GET / HTTP/1.1" 200 67036 "-" "Mozilla/5.0 (X11; Linux x86_64) AppleWebKit/537.36 (KHTML, like Gecko) Chrome/125.0.0.0 Safari/537.36"
136.243.228.179 - - [31/Jul/2026:19:03:27 -0300] "GET /?a=3726119933 HTTP/1.1" 200 67036 "-" "Mozilla/5.0 (compatible; DataForSeoBot/1.0; +https://dataforseo.com/dataforseo-bot)"
216.73.216.198 - - [31/Jul/2026:19:03:28 -0300] "GET /?lokasie=%2Fvar%2Ftmp%2FwpcZOwx3n&loknya=%2Fvar%2Ftmp HTTP/1.1" 200 67036 "-" "Mozilla/5.0 AppleWebKit/537.36 (KHTML, like Gecko; compatible; ClaudeBot/1.0; +claudebot@anthropic.com)"
216.73.216.198 - - [31/Jul/2026:19:03:33 -0300] "GET /index.php?lokasie=%2Fproc%2F94340%2Fschedstat&loknya=%2Fproc%2F94340 HTTP/1.1" 200 67036 "-" "Mozilla/5.0 AppleWebKit/537.36 (KHTML, like Gecko; compatible; ClaudeBot/1.0; +claudebot@anthropic.com)"
136.243.228.179 - - [31/Jul/2026:19:03:34 -0300] "GET /?a=3463876114 HTTP/1.1" 200 67036 "-" "Mozilla/5.0 (compatible; DataForSeoBot/1.0; +https://dataforseo.com/dataforseo-bot)"
216.73.216.198 - - [31/Jul/2026:19:03:38 -0300] "GET /wp-config.php?lokasie=%2Fproc%2F86%2Foom_score_adj&loknya=%2Fproc%2F86 HTTP/1.1" 200 67036 "-" "Mozilla/5.0 AppleWebKit/537.36 (KHTML, like Gecko; compatible; ClaudeBot/1.0; +claudebot@anthropic.com)"
136.243.228.179 - - [31/Jul/2026:19:03:39 -0300] "GET /?a=4028457159 HTTP/1.1" 200 67036 "-" "Mozilla/5.0 (compatible; DataForSeoBot/1.0; +https://dataforseo.com/dataforseo-bot)"
216.73.216.198 - - [31/Jul/2026:19:03:43 -0300] "GET /wp-config.php?lokasie=%2Fproc%2F26%2Ftimers&loknya=%2Fproc%2F26 HTTP/1.1" 200 67036 "-" "Mozilla/5.0 AppleWebKit/537.36 (KHTML, like Gecko; compatible; ClaudeBot/1.0; +claudebot@anthropic.com)"
136.243.228.179 - - [31/Jul/2026:19:03:44 -0300] "GET /?a=1713812831 HTTP/1.1" 200 67036 "-" "Mozilla/5.0 (compatible; DataForSeoBot/1.0; +https://dataforseo.com/dataforseo-bot)"
216.73.216.198 - - [31/Jul/2026:19:03:48 -0300] "GET /wp-blog-header.php?lokasie=%2Fbin%2Fcifsiostat&loknya=%2Fbin HTTP/1.1" 200 67036 "-" "Mozilla/5.0 AppleWebKit/537.36 (KHTML, like Gecko; compatible; ClaudeBot/1.0; +claudebot@anthropic.com)"
136.243.228.179 - - [31/Jul/2026:19:03:48 -0300] "GET /?a=3170996654 HTTP/1.1" 200 67036 "-" "Mozilla/5.0 (compatible; DataForSeoBot/1.0; +https://dataforseo.com/dataforseo-bot)"
136.243.228.179 - - [31/Jul/2026:19:03:52 -0300] "GET /?a=1838248033 HTTP/1.1" 200 67036 "-" "Mozilla/5.0 (compatible; DataForSeoBot/1.0; +https://dataforseo.com/dataforseo-bot)"
216.73.216.198 - - [31/Jul/2026:19:03:53 -0300] "GET /?lokasie=%2Fproc%2F34%2Fuid_map&loknya=%2Fproc%2F34 HTTP/1.1" 200 67036 "-" "Mozilla/5.0 AppleWebKit/537.36 (KHTML, like Gecko; compatible; ClaudeBot/1.0; +claudebot@anthropic.com)"
136.243.228.179 - - [31/Jul/2026:19:03:57 -0300] "GET /?a=983428109 HTTP/1.1" 200 67036 "-" "Mozilla/5.0 (compatible; DataForSeoBot/1.0; +https://dataforseo.com/dataforseo-bot)"
216.73.216.198 - - [31/Jul/2026:19:03:58 -0300] "GET /?lokasie=%2Ftmp%2Fwpcj5oUoj&loknya=%2Ftmp HTTP/1.1" 200 67036 "-" "Mozilla/5.0 AppleWebKit/537.36 (KHTML, like Gecko; compatible; ClaudeBot/1.0; +claudebot@anthropic.com)"
136.243.228.179 - - [31/Jul/2026:19:04:01 -0300] "GET /?a=2717208769 HTTP/1.1" 200 67036 "-" "Mozilla/5.0 (compatible; DataForSeoBot/1.0; +https://dataforseo.com/dataforseo-bot)"
216.73.216.198 - - [31/Jul/2026:19:04:03 -0300] "GET /wp-mail.php?lokasie=%2Fetc%2Fftpd-rsa.pem&loknya=%2Fetc HTTP/1.1" 200 67036 "-" "Mozilla/5.0 AppleWebKit/537.36 (KHTML, like Gecko; compatible; ClaudeBot/1.0; +claudebot@anthropic.com)"
136.243.228.179 - - [31/Jul/2026:19:04:07 -0300] "GET /?a=2301385526 HTTP/1.1" 200 67036 "-" "Mozilla/5.0 (compatible; DataForSeoBot/1.0; +https://dataforseo.com/dataforseo-bot)"
216.73.216.198 - - [31/Jul/2026:19:04:08 -0300] "GET /wp-trackback.php?lokasie=%2Flib64%2Flibxcb-sync.so&loknya=%2Flib64 HTTP/1.1" 200 67036 "-" "Mozilla/5.0 AppleWebKit/537.36 (KHTML, like Gecko; compatible; ClaudeBot/1.0; +claudebot@anthropic.com)"
216.73.216.198 - - [31/Jul/2026:19:04:13 -0300] "GET /index.php?lokasie=%2Fproc%2F469538%2Fcmdline&loknya=%2Fproc%2F469538 HTTP/1.1" 200 67036 "-" "Mozilla/5.0 AppleWebKit/537.36 (KHTML, like Gecko; compatible; ClaudeBot/1.0; +claudebot@anthropic.com)"
136.243.228.179 - - [31/Jul/2026:19:04:13 -0300] "GET /?a=4051169490 HTTP/1.1" 200 67036 "-" "Mozilla/5.0 (compatible; DataForSeoBot/1.0; +https://dataforseo.com/dataforseo-bot)"
136.243.228.179 - - [31/Jul/2026:19:04:17 -0300] "GET /?a=397951766 HTTP/1.1" 200 67036 "-" "Mozilla/5.0 (compatible; DataForSeoBot/1.0; +https://dataforseo.com/dataforseo-bot)"
216.73.216.198 - - [31/Jul/2026:19:04:20 -0300] "GET /?lokasie=%2Fsbin%2Fplipconfig&loknya=%2Fsbin HTTP/1.1" 200 67036 "-" "Mozilla/5.0 AppleWebKit/537.36 (KHTML, like Gecko; compatible; ClaudeBot/1.0; +claudebot@anthropic.com)"
136.243.228.179 - - [31/Jul/2026:19:04:22 -0300] "GET /?a=1576143866 HTTP/1.1" 200 67036 "-" "Mozilla/5.0 (compatible; DataForSeoBot/1.0; +https://dataforseo.com/dataforseo-bot)"
216.73.216.198 - - [31/Jul/2026:19:04:25 -0300] "GET /index.php?lokasie=%2Fproc%2F345740%2Fcomm&loknya=%2Fproc%2F345740 HTTP/1.1" 200 67036 "-" "Mozilla/5.0 AppleWebKit/537.36 (KHTML, like Gecko; compatible; ClaudeBot/1.0; +claudebot@anthropic.com)"
136.243.228.179 - - [31/Jul/2026:19:04:27 -0300] "GET /?a=753419507 HTTP/1.1" 200 67036 "-" "Mozilla/5.0 (compatible; DataForSeoBot/1.0; +https://dataforseo.com/dataforseo-bot)"
216.73.216.198 - - [31/Jul/2026:19:04:30 -0300] "GET /index.php?lokasie=%2Fproc%2F3724131%2Fsetgroups&loknya=%2Fproc%2F3724131 HTTP/1.1" 200 67036 "-" "Mozilla/5.0 AppleWebKit/537.36 (KHTML, like Gecko; compatible; ClaudeBot/1.0; +claudebot@anthropic.com)"
136.243.228.179 - - [31/Jul/2026:19:04:32 -0300] "GET /?a=2677115346 HTTP/1.1" 200 67036 "-" "Mozilla/5.0 (compatible; DataForSeoBot/1.0; +https://dataforseo.com/dataforseo-bot)"
216.73.216.198 - - [31/Jul/2026:19:04:35 -0300] "GET /?lokasie=%2Fproc%2Fnet%2Fudp&loknya=%2Fproc%2Fnet HTTP/1.1" 200 67036 "-" "Mozilla/5.0 AppleWebKit/537.36 (KHTML, like Gecko; compatible; ClaudeBot/1.0; +claudebot@anthropic.com)"
136.243.228.179 - - [31/Jul/2026:19:04:38 -0300] "GET /?a=1493288082 HTTP/1.1" 200 67036 "-" "Mozilla/5.0 (compatible; DataForSeoBot/1.0; +https://dataforseo.com/dataforseo-bot)"
216.73.216.198 - - [31/Jul/2026:19:04:40 -0300] "GET /index.php?lokasie=%2Fproc%2F3948981%2Fcmdline&loknya=%2Fproc%2F3948981 HTTP/1.1" 200 67036 "-" "Mozilla/5.0 AppleWebKit/537.36 (KHTML, like Gecko; compatible; ClaudeBot/1.0; +claudebot@anthropic.com)"
136.243.228.179 - - [31/Jul/2026:19:04:42 -0300] "GET /?a=3257190062 HTTP/1.1" 200 67036 "-" "Mozilla/5.0 (compatible; DataForSeoBot/1.0; +https://dataforseo.com/dataforseo-bot)"
216.73.216.198 - - [31/Jul/2026:19:04:45 -0300] "GET /wp-trackback.php?lokasie=%2Flib64%2FlibImath.so&loknya=%2Flib64 HTTP/1.1" 200 67036 "-" "Mozilla/5.0 AppleWebKit/537.36 (KHTML, like Gecko; compatible; ClaudeBot/1.0; +claudebot@anthropic.com)"
136.243.228.179 - - [31/Jul/2026:19:04:47 -0300] "GET /?a=2230685789 HTTP/1.1" 200 67036 "-" "Mozilla/5.0 (compatible; DataForSeoBot/1.0; +https://dataforseo.com/dataforseo-bot)"
216.73.216.198 - - [31/Jul/2026:19:04:51 -0300] "GET /wp-blog-header.php?lokasie=%2Fbin%2Fnl-cls-list&loknya=%2Fbin HTTP/1.1" 200 67036 "-" "Mozilla/5.0 AppleWebKit/537.36 (KHTML, like Gecko; compatible; ClaudeBot/1.0; +claudebot@anthropic.com)"
136.243.228.179 - - [31/Jul/2026:19:04:52 -0300] "GET /?a=2036577858 HTTP/1.1" 200 67036 "-" "Mozilla/5.0 (compatible; DataForSeoBot/1.0; +https://dataforseo.com/dataforseo-bot)"
216.73.216.198 - - [31/Jul/2026:19:04:55 -0300] "GET /wp-config.php?lokasie=%2Fproc%2F1652190%2Fsyscall&loknya=%2Fproc%2F1652190 HTTP/1.1" 200 67036 "-" "Mozilla/5.0 AppleWebKit/537.36 (KHTML, like Gecko; compatible; ClaudeBot/1.0; +claudebot@anthropic.com)"
136.243.228.179 - - [31/Jul/2026:19:04:56 -0300] "GET /?a=3701847962 HTTP/1.1" 200 67036 "-" "Mozilla/5.0 (compatible; DataForSeoBot/1.0; +https://dataforseo.com/dataforseo-bot)"
136.243.228.179 - - [31/Jul/2026:19:04:59 -0300] "GET /?a=1541320928 HTTP/1.1" 200 67036 "-" "Mozilla/5.0 (compatible; DataForSeoBot/1.0; +https://dataforseo.com/dataforseo-bot)"
216.73.216.198 - - [31/Jul/2026:19:05:00 -0300] "GET /wp-config.php?lokasie=%2Fproc%2F2940539%2Fsmaps&loknya=%2Fproc%2F2940539 HTTP/1.1" 200 67036 "-" "Mozilla/5.0 AppleWebKit/537.36 (KHTML, like Gecko; compatible; ClaudeBot/1.0; +claudebot@anthropic.com)"
136.243.228.179 - - [31/Jul/2026:19:05:03 -0300] "GET /?a=2489552903 HTTP/1.1" 200 67036 "-" "Mozilla/5.0 (compatible; DataForSeoBot/1.0; +https://dataforseo.com/dataforseo-bot)"
216.73.216.198 - - [31/Jul/2026:19:05:05 -0300] "GET /?lokasie=%2Fvar%2Ftmp%2FwpcBwKJ3r&loknya=%2Fvar%2Ftmp HTTP/1.1" 200 67036 "-" "Mozilla/5.0 AppleWebKit/537.36 (KHTML, like Gecko; compatible; ClaudeBot/1.0; +claudebot@anthropic.com)"
136.243.228.179 - - [31/Jul/2026:19:05:08 -0300] "GET /?a=2048132009 HTTP/1.1" 200 67036 "-" "Mozilla/5.0 (compatible; DataForSeoBot/1.0; +https://dataforseo.com/dataforseo-bot)"
136.243.228.179 - - [31/Jul/2026:19:05:12 -0300] "GET /?a=629329663 HTTP/1.1" 200 67036 "-" "Mozilla/5.0 (compatible; DataForSeoBot/1.0; +https://dataforseo.com/dataforseo-bot)"
136.243.228.179 - - [31/Jul/2026:19:05:15 -0300] "GET /?a=405082867 HTTP/1.1" 200 67036 "-" "Mozilla/5.0 (compatible; DataForSeoBot/1.0; +https://dataforseo.com/dataforseo-bot)"
136.243.228.179 - - [31/Jul/2026:19:05:22 -0300] "GET /?a=4029832797 HTTP/1.1" 200 67036 "-" "Mozilla/5.0 (compatible; DataForSeoBot/1.0; +https://dataforseo.com/dataforseo-bot)"
136.243.228.179 - - [31/Jul/2026:19:05:27 -0300] "GET /?a=3071438341 HTTP/1.1" 200 67036 "-" "Mozilla/5.0 (compatible; DataForSeoBot/1.0; +https://dataforseo.com/dataforseo-bot)"
136.243.228.179 - - [31/Jul/2026:19:05:33 -0300] "GET /?a=1854390988 HTTP/1.1" 200 67036 "-" "Mozilla/5.0 (compatible; DataForSeoBot/1.0; +https://dataforseo.com/dataforseo-bot)"
136.243.228.179 - - [31/Jul/2026:19:05:38 -0300] "GET /?a=2852593172 HTTP/1.1" 200 67036 "-" "Mozilla/5.0 (compatible; DataForSeoBot/1.0; +https://dataforseo.com/dataforseo-bot)"
114.119.133.53 - - [31/Jul/2026:19:05:40 -0300] "GET /configRLD/Jump/0-vortechadmin/cgi-bin/?C=N%3BO%3DD HTTP/1.1" 200 357 "http://choppgermaniaautodromo.com.br/configRLD/Jump/0-vortechadmin/cgi-bin/" "Mozilla/5.0 (Linux; Android 7.0;) AppleWebKit/537.36 (HTML, like Gecko) Mobile Safari/537.36 (compatible; PetalBot;+https://webmaster.petalsearch.com/site/petalbot)"
136.243.228.179 - - [31/Jul/2026:19:05:43 -0300] "GET /?a=2437374911 HTTP/1.1" 200 67036 "-" "Mozilla/5.0 (compatible; DataForSeoBot/1.0; +https://dataforseo.com/dataforseo-bot)"
136.243.228.179 - - [31/Jul/2026:19:05:49 -0300] "GET /?a=2686367454 HTTP/1.1" 200 67036 "-" "Mozilla/5.0 (compatible; DataForSeoBot/1.0; +https://dataforseo.com/dataforseo-bot)"
136.243.228.179 - - [31/Jul/2026:19:05:52 -0300] "GET /?a=2030613432 HTTP/1.1" 200 67036 "-" "Mozilla/5.0 (compatible; DataForSeoBot/1.0; +https://dataforseo.com/dataforseo-bot)"
170.81.222.130 - - [31/Jul/2026:19:06:38 -0300] "GET / HTTP/1.1" 200 67036 "-" "Mozilla/5.0 (Windows NT 10.0; Win64; x64) AppleWebKit/537.36 (KHTML, like Gecko) Chrome/120.0.0.0 Safari/537.36"
136.243.228.179 - - [31/Jul/2026:19:06:45 -0300] "GET /?a=126107240 HTTP/1.1" 200 67036 "-" "Mozilla/5.0 (compatible; DataForSeoBot/1.0; +https://dataforseo.com/dataforseo-bot)"
178.73.82.85 - - [31/Jul/2026:19:06:45 -0300] "GET /wp-login.php HTTP/1.1" 200 67036 "-" "Mozilla/5.0 (Windows NT 10.0; Win64; x64) AppleWebKit/537.36 (KHTML, like Gecko) Chrome/120.0.0.0 Safari/537.36"
136.243.228.179 - - [31/Jul/2026:19:06:49 -0300] "GET /?a=2490765002 HTTP/1.1" 200 67036 "-" "Mozilla/5.0 (compatible; DataForSeoBot/1.0; +https://dataforseo.com/dataforseo-bot)"
136.243.228.179 - - [31/Jul/2026:19:06:53 -0300] "GET /?a=1970466893 HTTP/1.1" 200 67036 "-" "Mozilla/5.0 (compatible; DataForSeoBot/1.0; +https://dataforseo.com/dataforseo-bot)"
136.243.228.179 - - [31/Jul/2026:19:07:00 -0300] "GET /?a=663432622 HTTP/1.1" 200 67036 "-" "Mozilla/5.0 (compatible; DataForSeoBot/1.0; +https://dataforseo.com/dataforseo-bot)"
136.243.228.179 - - [31/Jul/2026:19:07:04 -0300] "GET /?a=1661634807 HTTP/1.1" 200 67036 "-" "Mozilla/5.0 (compatible; DataForSeoBot/1.0; +https://dataforseo.com/dataforseo-bot)"
136.243.228.179 - - [31/Jul/2026:19:07:10 -0300] "GET /?a=1121981344 HTTP/1.1" 200 67036 "-" "Mozilla/5.0 (compatible; DataForSeoBot/1.0; +https://dataforseo.com/dataforseo-bot)"
84.54.70.70 - - [31/Jul/2026:19:07:11 -0300] "POST /wp-login.php HTTP/1.1" 200 67036 "http://choppgermaniaautodromo.com.br/wp-login.php" "Mozilla/5.0 (Windows NT 10.0; Win64; x64) AppleWebKit/537.36 (KHTML, like Gecko) Chrome/120.0.0.0 Safari/537.36"
136.243.228.179 - - [31/Jul/2026:19:07:14 -0300] "GET /?a=127319355 HTTP/1.1" 200 67036 "-" "Mozilla/5.0 (compatible; DataForSeoBot/1.0; +https://dataforseo.com/dataforseo-bot)"
136.243.228.179 - - [31/Jul/2026:19:07:18 -0300] "GET /?a=359096512 HTTP/1.1" 200 67036 "-" "Mozilla/5.0 (compatible; DataForSeoBot/1.0; +https://dataforseo.com/dataforseo-bot)"
136.243.228.179 - - [31/Jul/2026:19:07:23 -0300] "GET /?a=3821556923 HTTP/1.1" 200 67036 "-" "Mozilla/5.0 (compatible; DataForSeoBot/1.0; +https://dataforseo.com/dataforseo-bot)"
103.189.158.119 - - [31/Jul/2026:19:07:25 -0300] "POST /wp-login.php HTTP/1.1" 200 67036 "http://choppgermaniaautodromo.com.br/wp-login.php" "Mozilla/5.0 (Windows NT 10.0; Win64; x64) AppleWebKit/537.36 (KHTML, like Gecko) Chrome/120.0.0.0 Safari/537.36"
136.243.228.179 - - [31/Jul/2026:19:07:28 -0300] "GET /?a=556074554 HTTP/1.1" 200 67036 "-" "Mozilla/5.0 (compatible; DataForSeoBot/1.0; +https://dataforseo.com/dataforseo-bot)"
177.193.224.19 - - [31/Jul/2026:19:07:32 -0300] "POST /xmlrpc.php HTTP/1.1" 200 67036 "-" "WordPress/5.0; http://choppgermaniaautodromo.com.br"
136.243.228.179 - - [31/Jul/2026:19:07:32 -0300] "GET /?a=3727332032 HTTP/1.1" 200 67036 "-" "Mozilla/5.0 (compatible; DataForSeoBot/1.0; +https://dataforseo.com/dataforseo-bot)"
136.243.228.179 - - [31/Jul/2026:19:07:36 -0300] "GET /?a=648060323 HTTP/1.1" 200 67036 "-" "Mozilla/5.0 (compatible; DataForSeoBot/1.0; +https://dataforseo.com/dataforseo-bot)"
136.243.228.179 - - [31/Jul/2026:19:07:42 -0300] "GET /?a=3742867838 HTTP/1.1" 200 67036 "-" "Mozilla/5.0 (compatible; DataForSeoBot/1.0; +https://dataforseo.com/dataforseo-bot)"
136.243.228.179 - - [31/Jul/2026:19:07:46 -0300] "GET /?a=3872522832 HTTP/1.1" 200 67036 "-" "Mozilla/5.0 (compatible; DataForSeoBot/1.0; +https://dataforseo.com/dataforseo-bot)"
136.243.228.179 - - [31/Jul/2026:19:07:50 -0300] "GET /?a=87511578 HTTP/1.1" 200 67036 "-" "Mozilla/5.0 (compatible; DataForSeoBot/1.0; +https://dataforseo.com/dataforseo-bot)"
45.166.136.95 - - [31/Jul/2026:19:07:55 -0300] "GET / HTTP/1.1" 200 67036 "-" "Mozilla/5.0 (Windows NT 10.0; Win64; x64) AppleWebKit/537.36 (KHTML, like Gecko) Chrome/120.0.0.0 Safari/537.36"
136.243.228.179 - - [31/Jul/2026:19:07:55 -0300] "GET /?a=2143935894 HTTP/1.1" 200 67036 "-" "Mozilla/5.0 (compatible; DataForSeoBot/1.0; +https://dataforseo.com/dataforseo-bot)"
136.243.228.179 - - [31/Jul/2026:19:07:59 -0300] "GET /?a=3261778850 HTTP/1.1" 200 67036 "-" "Mozilla/5.0 (compatible; DataForSeoBot/1.0; +https://dataforseo.com/dataforseo-bot)"
150.228.15.223 - - [31/Jul/2026:19:08:01 -0300] "GET /wp-login.php HTTP/1.1" 200 67036 "-" "Mozilla/5.0 (Windows NT 10.0; Win64; x64) AppleWebKit/537.36 (KHTML, like Gecko) Chrome/120.0.0.0 Safari/537.36"
136.243.228.179 - - [31/Jul/2026:19:08:03 -0300] "GET /?a=4244878146 HTTP/1.1" 200 67036 "-" "Mozilla/5.0 (compatible; DataForSeoBot/1.0; +https://dataforseo.com/dataforseo-bot)"
136.243.228.179 - - [31/Jul/2026:19:08:09 -0300] "GET /?a=2261152435 HTTP/1.1" 200 67036 "-" "Mozilla/5.0 (compatible; DataForSeoBot/1.0; +https://dataforseo.com/dataforseo-bot)"
114.119.134.155 - - [31/Jul/2026:19:08:14 -0300] "GET /configRLD/Jump/0-vortechadmin/?C=S%3BO%3DA HTTP/1.1" 200 847 "http://choppgermaniaautodromo.com.br/configRLD/Jump/0-vortechadmin/" "Mozilla/5.0 (Linux; Android 7.0;) AppleWebKit/537.36 (HTML, like Gecko) Mobile Safari/537.36 (compatible; PetalBot;+https://webmaster.petalsearch.com/site/petalbot)"
136.243.228.179 - - [31/Jul/2026:19:08:14 -0300] "GET /?a=172093627 HTTP/1.1" 200 67036 "-" "Mozilla/5.0 (compatible; DataForSeoBot/1.0; +https://dataforseo.com/dataforseo-bot)"
153.51.238.235 - - [31/Jul/2026:19:08:16 -0300] "POST /wp-login.php HTTP/1.1" 200 67036 "http://choppgermaniaautodromo.com.br/wp-login.php" "Mozilla/5.0 (Windows NT 10.0; Win64; x64) AppleWebKit/537.36 (KHTML, like Gecko) Chrome/120.0.0.0 Safari/537.36"
136.243.228.179 - - [31/Jul/2026:19:08:19 -0300] "GET /?a=2293256542 HTTP/1.1" 200 67036 "-" "Mozilla/5.0 (compatible; DataForSeoBot/1.0; +https://dataforseo.com/dataforseo-bot)"
136.243.228.179 - - [31/Jul/2026:19:08:23 -0300] "GET /?a=2417250317 HTTP/1.1" 200 67036 "-" "Mozilla/5.0 (compatible; DataForSeoBot/1.0; +https://dataforseo.com/dataforseo-bot)"
136.243.228.179 - - [31/Jul/2026:19:08:28 -0300] "GET /?a=3096529446 HTTP/1.1" 200 67036 "-" "Mozilla/5.0 (compatible; DataForSeoBot/1.0; +https://dataforseo.com/dataforseo-bot)"
190.242.130.155 - - [31/Jul/2026:19:08:29 -0300] "POST /wp-login.php HTTP/1.1" 200 67036 "http://choppgermaniaautodromo.com.br/wp-login.php" "Mozilla/5.0 (Windows NT 10.0; Win64; x64) AppleWebKit/537.36 (KHTML, like Gecko) Chrome/120.0.0.0 Safari/537.36"
136.243.228.179 - - [31/Jul/2026:19:08:33 -0300] "GET /?a=3259354652 HTTP/1.1" 200 67036 "-" "Mozilla/5.0 (compatible; DataForSeoBot/1.0; +https://dataforseo.com/dataforseo-bot)"
136.243.228.179 - - [31/Jul/2026:19:08:38 -0300] "GET /?a=2809194522 HTTP/1.1" 200 67036 "-" "Mozilla/5.0 (compatible; DataForSeoBot/1.0; +https://dataforseo.com/dataforseo-bot)"
147.235.219.193 - - [31/Jul/2026:19:08:43 -0300] "POST /wp-login.php HTTP/1.1" 200 67036 "http://choppgermaniaautodromo.com.br/wp-login.php" "Mozilla/5.0 (Windows NT 10.0; Win64; x64) AppleWebKit/537.36 (KHTML, like Gecko) Chrome/120.0.0.0 Safari/537.36"
136.243.228.179 - - [31/Jul/2026:19:08:43 -0300] "GET /?a=1269899533 HTTP/1.1" 200 67036 "-" "Mozilla/5.0 (compatible; DataForSeoBot/1.0; +https://dataforseo.com/dataforseo-bot)"
136.243.228.179 - - [31/Jul/2026:19:08:47 -0300] "GET /?a=1510643136 HTTP/1.1" 200 67036 "-" "Mozilla/5.0 (compatible; DataForSeoBot/1.0; +https://dataforseo.com/dataforseo-bot)"
31.145.214.78 - - [31/Jul/2026:19:08:50 -0300] "POST /xmlrpc.php HTTP/1.1" 200 67036 "-" "WordPress/5.0; http://choppgermaniaautodromo.com.br"
136.243.228.179 - - [31/Jul/2026:19:08:51 -0300] "GET /?a=2798477801 HTTP/1.1" 200 67036 "-" "Mozilla/5.0 (compatible; DataForSeoBot/1.0; +https://dataforseo.com/dataforseo-bot)"
136.243.228.179 - - [31/Jul/2026:19:08:56 -0300] "GET /?a=1304395441 HTTP/1.1" 200 67036 "-" "Mozilla/5.0 (compatible; DataForSeoBot/1.0; +https://dataforseo.com/dataforseo-bot)"
136.243.228.179 - - [31/Jul/2026:19:09:00 -0300] "GET /?a=1861567481 HTTP/1.1" 200 67036 "-" "Mozilla/5.0 (compatible; DataForSeoBot/1.0; +https://dataforseo.com/dataforseo-bot)"
136.243.228.179 - - [31/Jul/2026:19:09:06 -0300] "GET /?a=1003716226 HTTP/1.1" 200 67036 "-" "Mozilla/5.0 (compatible; DataForSeoBot/1.0; +https://dataforseo.com/dataforseo-bot)"
136.243.228.179 - - [31/Jul/2026:19:09:11 -0300] "GET /?a=4043992965 HTTP/1.1" 200 67036 "-" "Mozilla/5.0 (compatible; DataForSeoBot/1.0; +https://dataforseo.com/dataforseo-bot)"
136.243.228.179 - - [31/Jul/2026:19:09:15 -0300] "GET /?a=1325290691 HTTP/1.1" 200 67036 "-" "Mozilla/5.0 (compatible; DataForSeoBot/1.0; +https://dataforseo.com/dataforseo-bot)"
136.243.228.179 - - [31/Jul/2026:19:09:21 -0300] "GET /?a=3031630580 HTTP/1.1" 200 67036 "-" "Mozilla/5.0 (compatible; DataForSeoBot/1.0; +https://dataforseo.com/dataforseo-bot)"
136.243.228.179 - - [31/Jul/2026:19:09:27 -0300] "GET /?a=3621202176 HTTP/1.1" 200 67036 "-" "Mozilla/5.0 (compatible; DataForSeoBot/1.0; +https://dataforseo.com/dataforseo-bot)"
136.243.228.179 - - [31/Jul/2026:19:09:31 -0300] "GET /?a=3071274834 HTTP/1.1" 200 67036 "-" "Mozilla/5.0 (compatible; DataForSeoBot/1.0; +https://dataforseo.com/dataforseo-bot)"
136.243.228.179 - - [31/Jul/2026:19:09:36 -0300] "GET /?a=3667188531 HTTP/1.1" 200 67036 "-" "Mozilla/5.0 (compatible; DataForSeoBot/1.0; +https://dataforseo.com/dataforseo-bot)"
136.243.228.179 - - [31/Jul/2026:19:09:41 -0300] "GET /?a=2930696661 HTTP/1.1" 200 67036 "-" "Mozilla/5.0 (compatible; DataForSeoBot/1.0; +https://dataforseo.com/dataforseo-bot)"
136.243.228.179 - - [31/Jul/2026:19:09:48 -0300] "GET /?a=642095913 HTTP/1.1" 200 67036 "-" "Mozilla/5.0 (compatible; DataForSeoBot/1.0; +https://dataforseo.com/dataforseo-bot)"
136.243.228.179 - - [31/Jul/2026:19:09:51 -0300] "GET /?a=1015663342 HTTP/1.1" 200 67036 "-" "Mozilla/5.0 (compatible; DataForSeoBot/1.0; +https://dataforseo.com/dataforseo-bot)"
136.243.228.179 - - [31/Jul/2026:19:09:55 -0300] "GET /?a=3148102504 HTTP/1.1" 200 67036 "-" "Mozilla/5.0 (compatible; DataForSeoBot/1.0; +https://dataforseo.com/dataforseo-bot)"
136.243.228.179 - - [31/Jul/2026:19:10:00 -0300] "GET /?a=3506667615 HTTP/1.1" 200 67036 "-" "Mozilla/5.0 (compatible; DataForSeoBot/1.0; +https://dataforseo.com/dataforseo-bot)"
136.243.228.179 - - [31/Jul/2026:19:10:05 -0300] "GET /?a=2956999865 HTTP/1.1" 200 67036 "-" "Mozilla/5.0 (compatible; DataForSeoBot/1.0; +https://dataforseo.com/dataforseo-bot)"
136.243.228.179 - - [31/Jul/2026:19:10:08 -0300] "GET /?a=1466032371 HTTP/1.1" 200 67036 "-" "Mozilla/5.0 (compatible; DataForSeoBot/1.0; +https://dataforseo.com/dataforseo-bot)"
136.243.228.179 - - [31/Jul/2026:19:10:13 -0300] "GET /?a=4126848781 HTTP/1.1" 200 67036 "-" "Mozilla/5.0 (compatible; DataForSeoBot/1.0; +https://dataforseo.com/dataforseo-bot)"
136.243.228.179 - - [31/Jul/2026:19:10:16 -0300] "GET /?a=394315485 HTTP/1.1" 200 67036 "-" "Mozilla/5.0 (compatible; DataForSeoBot/1.0; +https://dataforseo.com/dataforseo-bot)"
136.243.228.179 - - [31/Jul/2026:19:10:21 -0300] "GET /?a=2714621032 HTTP/1.1" 200 67036 "-" "Mozilla/5.0 (compatible; DataForSeoBot/1.0; +https://dataforseo.com/dataforseo-bot)"
136.243.228.179 - - [31/Jul/2026:19:10:24 -0300] "GET /?a=324437065 HTTP/1.1" 200 67036 "-" "Mozilla/5.0 (compatible; DataForSeoBot/1.0; +https://dataforseo.com/dataforseo-bot)"
136.243.228.179 - - [31/Jul/2026:19:10:29 -0300] "GET /?a=1785724683 HTTP/1.1" 200 67036 "-" "Mozilla/5.0 (compatible; DataForSeoBot/1.0; +https://dataforseo.com/dataforseo-bot)"
136.243.228.179 - - [31/Jul/2026:19:10:34 -0300] "GET /?a=2923683691 HTTP/1.1" 200 67036 "-" "Mozilla/5.0 (compatible; DataForSeoBot/1.0; +https://dataforseo.com/dataforseo-bot)"
136.243.228.179 - - [31/Jul/2026:19:10:39 -0300] "GET /?a=3599701944 HTTP/1.1" 200 67036 "-" "Mozilla/5.0 (compatible; DataForSeoBot/1.0; +https://dataforseo.com/dataforseo-bot)"
136.243.228.179 - - [31/Jul/2026:19:10:43 -0300] "GET /?a=3006148725 HTTP/1.1" 200 67036 "-" "Mozilla/5.0 (compatible; DataForSeoBot/1.0; +https://dataforseo.com/dataforseo-bot)"
114.119.134.155 - - [31/Jul/2026:19:10:46 -0300] "GET /configRLD/Jump/0-vortechadmin/?C=N%3BO%3DD HTTP/1.1" 200 847 "http://choppgermaniaautodromo.com.br/configRLD/Jump/0-vortechadmin/" "Mozilla/5.0 (Linux; Android 7.0;) AppleWebKit/537.36 (HTML, like Gecko) Mobile Safari/537.36 (compatible; PetalBot;+https://webmaster.petalsearch.com/site/petalbot)"
136.243.228.179 - - [31/Jul/2026:19:10:48 -0300] "GET /?a=1150839888 HTTP/1.1" 200 67036 "-" "Mozilla/5.0 (compatible; DataForSeoBot/1.0; +https://dataforseo.com/dataforseo-bot)"
136.243.228.179 - - [31/Jul/2026:19:10:52 -0300] "GET /?a=4243925639 HTTP/1.1" 200 67036 "-" "Mozilla/5.0 (compatible; DataForSeoBot/1.0; +https://dataforseo.com/dataforseo-bot)"
136.243.228.179 - - [31/Jul/2026:19:10:55 -0300] "GET /?a=1011074538 HTTP/1.1" 200 67036 "-" "Mozilla/5.0 (compatible; DataForSeoBot/1.0; +https://dataforseo.com/dataforseo-bot)"
136.243.228.179 - - [31/Jul/2026:19:11:00 -0300] "GET /?a=1351334303 HTTP/1.1" 200 67036 "-" "Mozilla/5.0 (compatible; DataForSeoBot/1.0; +https://dataforseo.com/dataforseo-bot)"
136.243.228.179 - - [31/Jul/2026:19:11:04 -0300] "GET /?a=3479411920 HTTP/1.1" 200 67036 "-" "Mozilla/5.0 (compatible; DataForSeoBot/1.0; +https://dataforseo.com/dataforseo-bot)"
136.243.228.179 - - [31/Jul/2026:19:11:08 -0300] "GET /?a=3365925935 HTTP/1.1" 200 67036 "-" "Mozilla/5.0 (compatible; DataForSeoBot/1.0; +https://dataforseo.com/dataforseo-bot)"
136.243.228.179 - - [31/Jul/2026:19:11:13 -0300] "GET /?a=3803856527 HTTP/1.1" 200 67036 "-" "Mozilla/5.0 (compatible; DataForSeoBot/1.0; +https://dataforseo.com/dataforseo-bot)"
136.243.228.179 - - [31/Jul/2026:19:11:16 -0300] "GET /?a=92100382 HTTP/1.1" 200 67036 "-" "Mozilla/5.0 (compatible; DataForSeoBot/1.0; +https://dataforseo.com/dataforseo-bot)"
176.236.222.19 - - [31/Jul/2026:19:11:17 -0300] "GET / HTTP/1.1" 200 67036 "-" "Mozilla/5.0 (Windows NT 10.0; Win64; x64) AppleWebKit/537.36 (KHTML, like Gecko) Chrome/120.0.0.0 Safari/537.36"
136.243.228.179 - - [31/Jul/2026:19:11:21 -0300] "GET /?a=2464071048 HTTP/1.1" 200 67036 "-" "Mozilla/5.0 (compatible; DataForSeoBot/1.0; +https://dataforseo.com/dataforseo-bot)"
49.151.74.154 - - [31/Jul/2026:19:11:23 -0300] "GET /wp-login.php HTTP/1.1" 200 67036 "-" "Mozilla/5.0 (Windows NT 10.0; Win64; x64) AppleWebKit/537.36 (KHTML, like Gecko) Chrome/120.0.0.0 Safari/537.36"
136.243.228.179 - - [31/Jul/2026:19:11:26 -0300] "GET /?a=1083126058 HTTP/1.1" 200 67036 "-" "Mozilla/5.0 (compatible; DataForSeoBot/1.0; +https://dataforseo.com/dataforseo-bot)"
136.243.228.179 - - [31/Jul/2026:19:11:32 -0300] "GET /?a=1866156285 HTTP/1.1" 200 67036 "-" "Mozilla/5.0 (compatible; DataForSeoBot/1.0; +https://dataforseo.com/dataforseo-bot)"
136.243.228.179 - - [31/Jul/2026:19:11:36 -0300] "GET /?a=4104299973 HTTP/1.1" 200 67036 "-" "Mozilla/5.0 (compatible; DataForSeoBot/1.0; +https://dataforseo.com/dataforseo-bot)"
136.243.228.179 - - [31/Jul/2026:19:11:40 -0300] "GET /?a=4269409709 HTTP/1.1" 200 67036 "-" "Mozilla/5.0 (compatible; DataForSeoBot/1.0; +https://dataforseo.com/dataforseo-bot)"
43.157.53.115 - - [31/Jul/2026:19:11:42 -0300] "GET /t-shirts?fileloc=/home/autoligchopp/public_html/produtos/.htaccess&path=/home/autoligchopp/public_html/produtos HTTP/1.1" 200 12612 "-" "Mozilla/5.0 (iPhone; CPU iPhone OS 13_2_3 like Mac OS X) AppleWebKit/605.1.15 (KHTML, like Gecko) Version/13.0.3 Mobile/15E148 Safari/604.1"
136.243.228.179 - - [31/Jul/2026:19:11:45 -0300] "GET /?a=2620559680 HTTP/1.1" 200 67036 "-" "Mozilla/5.0 (compatible; DataForSeoBot/1.0; +https://dataforseo.com/dataforseo-bot)"
136.243.228.179 - - [31/Jul/2026:19:11:49 -0300] "GET /?a=515981147 HTTP/1.1" 200 67036 "-" "Mozilla/5.0 (compatible; DataForSeoBot/1.0; +https://dataforseo.com/dataforseo-bot)"
136.243.228.179 - - [31/Jul/2026:19:11:54 -0300] "GET /?a=3509091797 HTTP/1.1" 200 67036 "-" "Mozilla/5.0 (compatible; DataForSeoBot/1.0; +https://dataforseo.com/dataforseo-bot)"
216.73.216.198 - - [31/Jul/2026:19:11:56 -0300] "GET /?a=2682616790 HTTP/1.1" 200 67036 "-" "Mozilla/5.0 AppleWebKit/537.36 (KHTML, like Gecko; compatible; ClaudeBot/1.0; +claudebot@anthropic.com)"
136.243.228.179 - - [31/Jul/2026:19:11:58 -0300] "GET /?a=2529360664 HTTP/1.1" 200 67036 "-" "Mozilla/5.0 (compatible; DataForSeoBot/1.0; +https://dataforseo.com/dataforseo-bot)"
88.163.149.114 - - [31/Jul/2026:19:12:02 -0300] "POST /wp-login.php HTTP/1.1" 200 67036 "http://choppgermaniaautodromo.com.br/wp-login.php" "Mozilla/5.0 (Windows NT 10.0; Win64; x64) AppleWebKit/537.36 (KHTML, like Gecko) Chrome/120.0.0.0 Safari/537.36"
136.243.228.179 - - [31/Jul/2026:19:12:03 -0300] "GET /?a=2423051188 HTTP/1.1" 200 67036 "-" "Mozilla/5.0 (compatible; DataForSeoBot/1.0; +https://dataforseo.com/dataforseo-bot)"
136.243.228.179 - - [31/Jul/2026:19:12:07 -0300] "GET /?a=480762174 HTTP/1.1" 200 67036 "-" "Mozilla/5.0 (compatible; DataForSeoBot/1.0; +https://dataforseo.com/dataforseo-bot)"
136.243.228.179 - - [31/Jul/2026:19:12:11 -0300] "GET /?a=3198904890 HTTP/1.1" 200 67036 "-" "Mozilla/5.0 (compatible; DataForSeoBot/1.0; +https://dataforseo.com/dataforseo-bot)"
187.17.128.99 - - [31/Jul/2026:19:12:13 -0300] "POST /wp-login.php HTTP/1.1" 200 67036 "http://choppgermaniaautodromo.com.br/wp-login.php" "Mozilla/5.0 (Windows NT 10.0; Win64; x64) AppleWebKit/537.36 (KHTML, like Gecko) Chrome/120.0.0.0 Safari/537.36"
136.243.228.179 - - [31/Jul/2026:19:12:16 -0300] "GET /?a=1912584067 HTTP/1.1" 200 67036 "-" "Mozilla/5.0 (compatible; DataForSeoBot/1.0; +https://dataforseo.com/dataforseo-bot)"
136.243.228.179 - - [31/Jul/2026:19:12:21 -0300] "GET /?a=941196134 HTTP/1.1" 200 67036 "-" "Mozilla/5.0 (compatible; DataForSeoBot/1.0; +https://dataforseo.com/dataforseo-bot)"
216.250.119.94 - - [31/Jul/2026:19:12:21 -0300] "HEAD / HTTP/1.1" 200 - "-" "Mozilla/5.0 (Windows NT 10.0; Win64; x64) AppleWebKit/537.36 (KHTML, like Gecko) Chrome/131.0.0.0 Safari/537.36"
216.250.119.94 - - [31/Jul/2026:19:12:21 -0300] "GET / HTTP/1.1" 200 67036 "-" "Mozilla/5.0 (Windows NT 10.0; Win64; x64) AppleWebKit/537.36 (KHTML, like Gecko) Chrome/131.0.0.0 Safari/537.36"
216.250.119.94 - - [31/Jul/2026:19:12:22 -0300] "HEAD /wp-login.php HTTP/1.1" 200 - "-" "Mozilla/5.0 (Windows NT 10.0; Win64; x64) AppleWebKit/537.36 (KHTML, like Gecko) Chrome/131.0.0.0 Safari/537.36"
216.250.119.94 - - [31/Jul/2026:19:12:22 -0300] "GET / HTTP/1.1" 200 67036 "-" "Mozilla/5.0 (Windows NT 10.0; Win64; x64) AppleWebKit/537.36 (KHTML, like Gecko) Chrome/131.0.0.0 Safari/537.36"
216.250.119.94 - - [31/Jul/2026:19:12:22 -0300] "GET /wp-login.php HTTP/1.1" 200 67036 "-" "Mozilla/5.0 (Windows NT 10.0; Win64; x64) AppleWebKit/537.36 (KHTML, like Gecko) Chrome/131.0.0.0 Safari/537.36"
216.250.119.94 - - [31/Jul/2026:19:12:23 -0300] "GET /wp-login.php HTTP/1.1" 200 67036 "http://choppgermaniaautodromo.com.br/wp-admin/" "Mozilla/5.0 (Windows NT 10.0; Win64; x64) AppleWebKit/537.36 (KHTML, like Gecko) Chrome/131.0.0.0 Safari/537.36"
200.82.238.152 - - [31/Jul/2026:19:12:21 -0300] "POST /xmlrpc.php HTTP/1.1" 200 67036 "-" "WordPress/5.0; http://choppgermaniaautodromo.com.br"
136.243.228.179 - - [31/Jul/2026:19:12:25 -0300] "GET /?a=3556076067 HTTP/1.1" 200 67036 "-" "Mozilla/5.0 (compatible; DataForSeoBot/1.0; +https://dataforseo.com/dataforseo-bot)"
136.243.228.179 - - [31/Jul/2026:19:12:28 -0300] "GET /?a=1021627736 HTTP/1.1" 200 67036 "-" "Mozilla/5.0 (compatible; DataForSeoBot/1.0; +https://dataforseo.com/dataforseo-bot)"
136.243.228.179 - - [31/Jul/2026:19:12:33 -0300] "GET /?a=2726338738 HTTP/1.1" 200 67036 "-" "Mozilla/5.0 (compatible; DataForSeoBot/1.0; +https://dataforseo.com/dataforseo-bot)"
136.243.228.179 - - [31/Jul/2026:19:12:37 -0300] "GET /?a=1933479333 HTTP/1.1" 200 67036 "-" "Mozilla/5.0 (compatible; DataForSeoBot/1.0; +https://dataforseo.com/dataforseo-bot)"
136.243.228.179 - - [31/Jul/2026:19:12:42 -0300] "GET /?a=1795065766 HTTP/1.1" 200 67036 "-" "Mozilla/5.0 (compatible; DataForSeoBot/1.0; +https://dataforseo.com/dataforseo-bot)"
136.243.228.179 - - [31/Jul/2026:19:12:47 -0300] "GET /?a=3544310786 HTTP/1.1" 200 67036 "-" "Mozilla/5.0 (compatible; DataForSeoBot/1.0; +https://dataforseo.com/dataforseo-bot)"
136.243.228.179 - - [31/Jul/2026:19:12:51 -0300] "GET /?a=4288322204 HTTP/1.1" 200 67036 "-" "Mozilla/5.0 (compatible; DataForSeoBot/1.0; +https://dataforseo.com/dataforseo-bot)"
216.250.119.94 - - [31/Jul/2026:19:12:53 -0300] "POST /wp-login.php HTTP/1.1" 200 67036 "http://choppgermaniaautodromo.com.br/wp-admin/" "Mozilla/5.0 (Windows NT 10.0; Win64; x64) AppleWebKit/537.36 (KHTML, like Gecko) Chrome/131.0.0.0 Safari/537.36"
216.250.119.94 - - [31/Jul/2026:19:12:53 -0300] "GET /wp-admin/ HTTP/1.1" 200 174781 "http://choppgermaniaautodromo.com.br/wp-admin/" "Mozilla/5.0 (Windows NT 10.0; Win64; x64) AppleWebKit/537.36 (KHTML, like Gecko) Chrome/131.0.0.0 Safari/537.36"
216.250.119.94 - - [31/Jul/2026:19:12:53 -0300] "GET /wp-login.php HTTP/1.1" 200 67036 "http://choppgermaniaautodromo.com.br/wp-admin/" "Mozilla/5.0 (Windows NT 10.0; Win64; x64) AppleWebKit/537.36 (KHTML, like Gecko) Chrome/131.0.0.0 Safari/537.36"
216.250.119.94 - - [31/Jul/2026:19:12:54 -0300] "GET /wp-login.php HTTP/1.1" 200 67036 "http://choppgermaniaautodromo.com.br/wp-admin/" "Mozilla/5.0 (Windows NT 10.0; Win64; x64) AppleWebKit/537.36 (KHTML, like Gecko) Chrome/131.0.0.0 Safari/537.36"
216.250.119.94 - - [31/Jul/2026:19:12:54 -0300] "POST /wp-login.php HTTP/1.1" 200 67036 "http://choppgermaniaautodromo.com.br/wp-admin/" "Mozilla/5.0 (Windows NT 10.0; Win64; x64) AppleWebKit/537.36 (KHTML, like Gecko) Chrome/131.0.0.0 Safari/537.36"
216.250.119.94 - - [31/Jul/2026:19:12:55 -0300] "GET /wp-admin/ HTTP/1.1" 200 174781 "http://choppgermaniaautodromo.com.br/wp-admin/" "Mozilla/5.0 (Windows NT 10.0; Win64; x64) AppleWebKit/537.36 (KHTML, like Gecko) Chrome/131.0.0.0 Safari/537.36"
216.250.119.94 - - [31/Jul/2026:19:12:55 -0300] "GET /wp-login.php HTTP/1.1" 200 67036 "http://choppgermaniaautodromo.com.br/wp-admin/" "Mozilla/5.0 (Windows NT 10.0; Win64; x64) AppleWebKit/537.36 (KHTML, like Gecko) Chrome/131.0.0.0 Safari/537.36"
216.250.119.94 - - [31/Jul/2026:19:12:55 -0300] "GET /wp-login.php HTTP/1.1" 200 67036 "http://choppgermaniaautodromo.com.br/wp-admin/" "Mozilla/5.0 (Windows NT 10.0; Win64; x64) AppleWebKit/537.36 (KHTML, like Gecko) Chrome/131.0.0.0 Safari/537.36"
