43.130.139.177 - - [31/Jul/2026:16:32:45 -0300] "GET /?path=/home/autoligchopp/public_html/quem-somos HTTP/1.1" 200 23647 "-" "Mozilla/5.0 (iPhone; CPU iPhone OS 13_2_3 like Mac OS X) AppleWebKit/605.1.15 (KHTML, like Gecko) Version/13.0.3 Mobile/15E148 Safari/604.1"
114.119.133.53 - - [31/Jul/2026:16:32:52 -0300] "GET /configRLD/Jump/0-lustreaming/wp-includes/block-i18n.json HTTP/1.1" 200 316 "http://choppgermaniaautodromo.com.br/configRLD/Jump/0-lustreaming/wp-includes/" "Mozilla/5.0 (Linux; Android 7.0;) AppleWebKit/537.36 (HTML, like Gecko) Mobile Safari/537.36 (compatible; PetalBot;+https://webmaster.petalsearch.com/site/petalbot)"
111.225.214.187 - - [31/Jul/2026:16:32:55 -0300] "GET /robots.txt HTTP/1.1" 200 94 "-" "Mozilla/5.0 (Windows NT 10.0; WOW64) AppleWebKit/537.36 (KHTML, like Gecko) Chrome/48.0.2564.116 Safari/537.36"
114.119.134.155 - - [31/Jul/2026:16:35:24 -0300] "GET /configRLD/Jump/0-lustreaming/wp-content/fonts/ HTTP/1.1" 200 2711 "http://choppgermaniaautodromo.com.br/configRLD/Jump/0-lustreaming/wp-content/" "Mozilla/5.0 (Linux; Android 7.0;) AppleWebKit/537.36 (HTML, like Gecko) Mobile Safari/537.36 (compatible; PetalBot;+https://webmaster.petalsearch.com/site/petalbot)"
198.244.226.131 - - [31/Jul/2026:16:35:58 -0300] "GET /robots.txt HTTP/1.1" 200 94 "-" "Mozilla/5.0 (compatible; AhrefsBot/7.0; +http://ahrefs.com/robot/)"
198.244.183.136 - - [31/Jul/2026:16:36:02 -0300] "GET /sitemap.xml HTTP/1.1" 200 353570 "-" "Mozilla/5.0 (compatible; AhrefsBot/7.0; +http://ahrefs.com/robot/)"
114.119.150.41 - - [31/Jul/2026:16:37:57 -0300] "GET /configRLD/Jump/0-lustreaming/robots.txt HTTP/1.1" 200 67 "http://choppgermaniaautodromo.com.br/configRLD/Jump/0-lustreaming/" "Mozilla/5.0 (Linux; Android 7.0;) AppleWebKit/537.36 (HTML, like Gecko) Mobile Safari/537.36 (compatible; PetalBot;+https://webmaster.petalsearch.com/site/petalbot)"
216.73.216.198 - - [31/Jul/2026:16:38:43 -0300] "GET /?path=%2F%2Fproc HTTP/1.1" 200 10192046 "-" "Mozilla/5.0 AppleWebKit/537.36 (KHTML, like Gecko; compatible; ClaudeBot/1.0; +claudebot@anthropic.com)"
216.73.216.198 - - [31/Jul/2026:16:38:56 -0300] "GET /?path=%2F%2Fusr HTTP/1.1" 200 28195 "-" "Mozilla/5.0 AppleWebKit/537.36 (KHTML, like Gecko; compatible; ClaudeBot/1.0; +claudebot@anthropic.com)"
216.73.216.198 - - [31/Jul/2026:16:39:06 -0300] "GET /?path=%2F%2Flib HTTP/1.1" 200 60950 "-" "Mozilla/5.0 AppleWebKit/537.36 (KHTML, like Gecko; compatible; ClaudeBot/1.0; +claudebot@anthropic.com)"
216.73.216.198 - - [31/Jul/2026:16:39:18 -0300] "GET /?path=%2F%2Flost+found HTTP/1.1" 200 12672 "-" "Mozilla/5.0 AppleWebKit/537.36 (KHTML, like Gecko; compatible; ClaudeBot/1.0; +claudebot@anthropic.com)"
216.73.216.198 - - [31/Jul/2026:16:39:44 -0300] "GET /?a=2425783792 HTTP/1.1" 200 67036 "-" "Mozilla/5.0 AppleWebKit/537.36 (KHTML, like Gecko; compatible; ClaudeBot/1.0; +claudebot@anthropic.com)"
34.125.71.26 - - [31/Jul/2026:16:39:47 -0300] "GET / HTTP/1.1" 200 67036 "-" "Mozilla/5.0 (Windows NT 10.0; Win64; x64) AppleWebKit/537.36 (KHTML, like Gecko) Chrome/147.0.0.0 Safari/537.36"
216.73.216.198 - - [31/Jul/2026:16:39:56 -0300] "GET /?a=2422389595 HTTP/1.1" 200 67036 "-" "Mozilla/5.0 AppleWebKit/537.36 (KHTML, like Gecko; compatible; ClaudeBot/1.0; +claudebot@anthropic.com)"
216.73.216.198 - - [31/Jul/2026:16:40:07 -0300] "GET /?a=1975460156 HTTP/1.1" 200 67036 "-" "Mozilla/5.0 AppleWebKit/537.36 (KHTML, like Gecko; compatible; ClaudeBot/1.0; +claudebot@anthropic.com)"
114.119.133.53 - - [31/Jul/2026:16:40:30 -0300] "GET /configRLD/Jump/0-lustreaming/?C=M%3BO%3DA HTTP/1.1" 200 2302 "http://choppgermaniaautodromo.com.br/configRLD/Jump/0-lustreaming/" "Mozilla/5.0 (Linux; Android 7.0;) AppleWebKit/537.36 (HTML, like Gecko) Mobile Safari/537.36 (compatible; PetalBot;+https://webmaster.petalsearch.com/site/petalbot)"
216.73.216.198 - - [31/Jul/2026:16:41:13 -0300] "GET /?a=4270930182 HTTP/1.1" 200 67036 "-" "Mozilla/5.0 AppleWebKit/537.36 (KHTML, like Gecko; compatible; ClaudeBot/1.0; +claudebot@anthropic.com)"
146.190.75.250 - - [31/Jul/2026:16:41:15 -0300] "HEAD /backup/ HTTP/1.1" 200 - "-" "Mozilla/5.0 (Linux; Android 10; vivo 1904) AppleWebKit/537.36 (KHTML, like Gecko) Chrome/117.0.5938.60 Mobile Safari/537.36"
146.190.75.250 - - [31/Jul/2026:16:41:16 -0300] "HEAD /blog/ HTTP/1.1" 200 - "-" "Mozilla/5.0 (Linux; Android 14; SM-A146P) AppleWebKit/537.36 (KHTML, like Gecko) SamsungBrowser/25.0 Chrome/123.0.6312.120 Mobile Safari/537.36"
146.190.75.250 - - [31/Jul/2026:16:41:16 -0300] "HEAD /new/ HTTP/1.1" 200 - "-" "Mozilla/5.0 (Linux; Android 13; Infinix X688B) AppleWebKit/537.36 (KHTML, like Gecko) Chrome/124.0.6367.48 Mobile Safari/537.36"
146.190.75.250 - - [31/Jul/2026:16:41:17 -0300] "HEAD /old/ HTTP/1.1" 200 - "-" "Mozilla/5.0 (iPhone; CPU iPhone OS 17_5 like Mac OS X) AppleWebKit/605.1.15 (KHTML, like Gecko) Version/17.5 Mobile/15E148 Safari/604.1"
146.190.75.250 - - [31/Jul/2026:16:41:18 -0300] "HEAD / HTTP/1.1" 200 - "-" "Mozilla/5.0 (X11; Fedora; Linux x86_64; rv:125.0) Gecko/20100101 Firefox/125.0"
146.190.75.250 - - [31/Jul/2026:16:41:18 -0300] "HEAD /wp/ HTTP/1.1" 200 - "-" "Mozilla/5.0 (Linux; Android 13; Infinix X688B) AppleWebKit/537.36 (KHTML, like Gecko) Chrome/124.0.6367.48 Mobile Safari/537.36"
146.190.75.250 - - [31/Jul/2026:16:41:19 -0300] "HEAD /wordpress/ HTTP/1.1" 200 - "-" "Mozilla/5.0 (X11; Linux x86_64) AppleWebKit/537.36 (KHTML, like Gecko) Chrome/125.0.6422.76 Safari/537.36"
216.73.216.198 - - [31/Jul/2026:16:41:26 -0300] "GET /?a=2095913703 HTTP/1.1" 200 67036 "-" "Mozilla/5.0 AppleWebKit/537.36 (KHTML, like Gecko; compatible; ClaudeBot/1.0; +claudebot@anthropic.com)"
216.73.216.198 - - [31/Jul/2026:16:41:38 -0300] "GET /?a=4235711209 HTTP/1.1" 200 67036 "-" "Mozilla/5.0 AppleWebKit/537.36 (KHTML, like Gecko; compatible; ClaudeBot/1.0; +claudebot@anthropic.com)"
216.73.216.198 - - [31/Jul/2026:16:41:45 -0300] "GET /?a=3206208758 HTTP/1.1" 200 67036 "-" "Mozilla/5.0 AppleWebKit/537.36 (KHTML, like Gecko; compatible; ClaudeBot/1.0; +claudebot@anthropic.com)"
216.73.216.198 - - [31/Jul/2026:16:41:57 -0300] "GET /?a=655200684 HTTP/1.1" 200 67036 "-" "Mozilla/5.0 AppleWebKit/537.36 (KHTML, like Gecko; compatible; ClaudeBot/1.0; +claudebot@anthropic.com)"
216.73.216.198 - - [31/Jul/2026:16:43:00 -0300] "GET /?a=3391977971 HTTP/1.1" 200 67036 "-" "Mozilla/5.0 AppleWebKit/537.36 (KHTML, like Gecko; compatible; ClaudeBot/1.0; +claudebot@anthropic.com)"
114.119.158.31 - - [31/Jul/2026:16:43:03 -0300] "GET /configRLD/Jump/0-lumaqindustrial/ HTTP/1.1" 200 4505 "http://choppgermaniaautodromo.com.br/configRLD/Jump/?C=S%3BO%3DA" "Mozilla/5.0 (Linux; Android 7.0;) AppleWebKit/537.36 (HTML, like Gecko) Mobile Safari/537.36 (compatible; PetalBot;+https://webmaster.petalsearch.com/site/petalbot)"
216.73.216.198 - - [31/Jul/2026:16:43:09 -0300] "GET /?a=661725799 HTTP/1.1" 200 67036 "-" "Mozilla/5.0 AppleWebKit/537.36 (KHTML, like Gecko; compatible; ClaudeBot/1.0; +claudebot@anthropic.com)"
216.73.216.198 - - [31/Jul/2026:16:43:21 -0300] "GET /?a=1514967497 HTTP/1.1" 200 67036 "-" "Mozilla/5.0 AppleWebKit/537.36 (KHTML, like Gecko; compatible; ClaudeBot/1.0; +claudebot@anthropic.com)"
216.73.216.198 - - [31/Jul/2026:16:43:34 -0300] "GET /?a=765872884 HTTP/1.1" 200 67036 "-" "Mozilla/5.0 AppleWebKit/537.36 (KHTML, like Gecko; compatible; ClaudeBot/1.0; +claudebot@anthropic.com)"
114.119.158.31 - - [31/Jul/2026:16:45:36 -0300] "GET /configRLD/Jump/0-lpidealineweb/?C=D%3BO%3DA HTTP/1.1" 200 3922 "http://choppgermaniaautodromo.com.br/configRLD/Jump/0-lpidealineweb/" "Mozilla/5.0 (Linux; Android 7.0;) AppleWebKit/537.36 (HTML, like Gecko) Mobile Safari/537.36 (compatible; PetalBot;+https://webmaster.petalsearch.com/site/petalbot)"
114.119.150.90 - - [31/Jul/2026:16:48:09 -0300] "GET /configRLD/Jump/0-lpgetmedsaude/ HTTP/1.1" 500 2701 "http://choppgermaniaautodromo.com.br/configRLD/Jump/?C=S%3BO%3DA" "Mozilla/5.0 (Linux; Android 7.0;) AppleWebKit/537.36 (HTML, like Gecko) Mobile Safari/537.36 (compatible; PetalBot;+https://webmaster.petalsearch.com/site/petalbot)"
136.243.228.179 - - [31/Jul/2026:16:50:55 -0300] "GET /robots.txt HTTP/1.1" 200 94 "-" "Mozilla/5.0 (compatible; DataForSeoBot/1.0; +https://dataforseo.com/dataforseo-bot)"
136.243.228.179 - - [31/Jul/2026:16:50:56 -0300] "GET /sitemap.xml HTTP/1.1" 200 353571 "-" "Mozilla/5.0 (compatible; DataForSeoBot/1.0; +https://dataforseo.com/dataforseo-bot)"
43.165.167.72 - - [31/Jul/2026:16:52:59 -0300] "GET /?fileloc=/home/autoligchopp/public_html/wp-config-sample.php&path=/home/autoligchopp/public_html HTTP/1.1" 200 16113 "-" "Mozilla/5.0 (iPhone; CPU iPhone OS 13_2_3 like Mac OS X) AppleWebKit/605.1.15 (KHTML, like Gecko) Version/13.0.3 Mobile/15E148 Safari/604.1"
216.73.216.198 - - [31/Jul/2026:16:54:01 -0300] "GET /robots.txt HTTP/1.1" 200 94 "-" "Mozilla/5.0 AppleWebKit/537.36 (KHTML, like Gecko; compatible; ClaudeBot/1.0; +claudebot@anthropic.com)"
216.73.216.198 - - [31/Jul/2026:16:54:49 -0300] "GET /?a=3414430678 HTTP/1.1" 200 67036 "-" "Mozilla/5.0 AppleWebKit/537.36 (KHTML, like Gecko; compatible; ClaudeBot/1.0; +claudebot@anthropic.com)"
216.73.216.198 - - [31/Jul/2026:16:54:52 -0300] "GET /?a=3485521197 HTTP/1.1" 200 67036 "-" "Mozilla/5.0 AppleWebKit/537.36 (KHTML, like Gecko; compatible; ClaudeBot/1.0; +claudebot@anthropic.com)"
216.73.216.198 - - [31/Jul/2026:16:54:55 -0300] "GET /?a=4245265097 HTTP/1.1" 200 67036 "-" "Mozilla/5.0 AppleWebKit/537.36 (KHTML, like Gecko; compatible; ClaudeBot/1.0; +claudebot@anthropic.com)"
216.73.216.198 - - [31/Jul/2026:16:54:58 -0300] "GET /?a=4273336872 HTTP/1.1" 200 67036 "-" "Mozilla/5.0 AppleWebKit/537.36 (KHTML, like Gecko; compatible; ClaudeBot/1.0; +claudebot@anthropic.com)"
216.73.216.198 - - [31/Jul/2026:16:55:01 -0300] "GET /?a=1290380124 HTTP/1.1" 200 67036 "-" "Mozilla/5.0 AppleWebKit/537.36 (KHTML, like Gecko; compatible; ClaudeBot/1.0; +claudebot@anthropic.com)"
216.73.216.198 - - [31/Jul/2026:16:55:04 -0300] "GET /?a=3415642777 HTTP/1.1" 200 67036 "-" "Mozilla/5.0 AppleWebKit/537.36 (KHTML, like Gecko; compatible; ClaudeBot/1.0; +claudebot@anthropic.com)"
216.73.216.198 - - [31/Jul/2026:16:55:07 -0300] "GET /?a=3826073292 HTTP/1.1" 200 67036 "-" "Mozilla/5.0 AppleWebKit/537.36 (KHTML, like Gecko; compatible; ClaudeBot/1.0; +claudebot@anthropic.com)"
216.73.216.198 - - [31/Jul/2026:16:55:10 -0300] "GET /?a=2222042943 HTTP/1.1" 200 67036 "-" "Mozilla/5.0 AppleWebKit/537.36 (KHTML, like Gecko; compatible; ClaudeBot/1.0; +claudebot@anthropic.com)"
216.73.216.198 - - [31/Jul/2026:16:55:13 -0300] "GET /?a=1012821367 HTTP/1.1" 200 67036 "-" "Mozilla/5.0 AppleWebKit/537.36 (KHTML, like Gecko; compatible; ClaudeBot/1.0; +claudebot@anthropic.com)"
216.73.216.198 - - [31/Jul/2026:16:55:16 -0300] "GET /?path=%2Fhome%2Fautoligchopp%2Fpublic_html%2Fprodutos HTTP/1.1" 200 22172 "-" "Mozilla/5.0 AppleWebKit/537.36 (KHTML, like Gecko; compatible; ClaudeBot/1.0; +claudebot@anthropic.com)"
136.243.228.179 - - [31/Jul/2026:16:55:22 -0300] "GET /?a=3176797525 HTTP/1.1" 200 67036 "-" "Mozilla/5.0 (compatible; DataForSeoBot/1.0; +https://dataforseo.com/dataforseo-bot)"
136.243.228.179 - - [31/Jul/2026:16:55:28 -0300] "GET /?a=1090302567 HTTP/1.1" 200 67036 "-" "Mozilla/5.0 (compatible; DataForSeoBot/1.0; +https://dataforseo.com/dataforseo-bot)"
136.243.228.179 - - [31/Jul/2026:16:55:36 -0300] "GET /?a=2875305503 HTTP/1.1" 200 67036 "-" "Mozilla/5.0 (compatible; DataForSeoBot/1.0; +https://dataforseo.com/dataforseo-bot)"
216.73.216.198 - - [31/Jul/2026:16:55:42 -0300] "GET /?a=3492730875 HTTP/1.1" 200 67036 "-" "Mozilla/5.0 AppleWebKit/537.36 (KHTML, like Gecko; compatible; ClaudeBot/1.0; +claudebot@anthropic.com)"
136.243.228.179 - - [31/Jul/2026:16:55:43 -0300] "GET /?a=442726038 HTTP/1.1" 200 67036 "-" "Mozilla/5.0 (compatible; DataForSeoBot/1.0; +https://dataforseo.com/dataforseo-bot)"
216.73.216.198 - - [31/Jul/2026:16:55:45 -0300] "GET /?a=3987610082 HTTP/1.1" 200 67036 "-" "Mozilla/5.0 AppleWebKit/537.36 (KHTML, like Gecko; compatible; ClaudeBot/1.0; +claudebot@anthropic.com)"
216.73.216.198 - - [31/Jul/2026:16:55:48 -0300] "GET /?a=1354456754 HTTP/1.1" 200 67036 "-" "Mozilla/5.0 AppleWebKit/537.36 (KHTML, like Gecko; compatible; ClaudeBot/1.0; +claudebot@anthropic.com)"
136.243.228.179 - - [31/Jul/2026:16:55:51 -0300] "GET /?a=2052720813 HTTP/1.1" 200 67036 "-" "Mozilla/5.0 (compatible; DataForSeoBot/1.0; +https://dataforseo.com/dataforseo-bot)"
216.73.216.198 - - [31/Jul/2026:16:55:51 -0300] "GET /?a=4080580707 HTTP/1.1" 200 67036 "-" "Mozilla/5.0 AppleWebKit/537.36 (KHTML, like Gecko; compatible; ClaudeBot/1.0; +claudebot@anthropic.com)"
216.73.216.198 - - [31/Jul/2026:16:55:54 -0300] "GET /?a=3270312309 HTTP/1.1" 200 67036 "-" "Mozilla/5.0 AppleWebKit/537.36 (KHTML, like Gecko; compatible; ClaudeBot/1.0; +claudebot@anthropic.com)"
216.73.216.198 - - [31/Jul/2026:16:55:57 -0300] "GET /?a=2095896195 HTTP/1.1" 200 67036 "-" "Mozilla/5.0 AppleWebKit/537.36 (KHTML, like Gecko; compatible; ClaudeBot/1.0; +claudebot@anthropic.com)"
136.243.228.179 - - [31/Jul/2026:16:55:58 -0300] "GET /?a=3123225615 HTTP/1.1" 200 67036 "-" "Mozilla/5.0 (compatible; DataForSeoBot/1.0; +https://dataforseo.com/dataforseo-bot)"
216.73.216.198 - - [31/Jul/2026:16:56:00 -0300] "GET /?a=1330187885 HTTP/1.1" 200 67036 "-" "Mozilla/5.0 AppleWebKit/537.36 (KHTML, like Gecko; compatible; ClaudeBot/1.0; +claudebot@anthropic.com)"
216.73.216.198 - - [31/Jul/2026:16:56:03 -0300] "GET /?a=2320243561 HTTP/1.1" 200 67036 "-" "Mozilla/5.0 AppleWebKit/537.36 (KHTML, like Gecko; compatible; ClaudeBot/1.0; +claudebot@anthropic.com)"
136.243.228.179 - - [31/Jul/2026:16:56:04 -0300] "GET /?a=2715833147 HTTP/1.1" 200 67036 "-" "Mozilla/5.0 (compatible; DataForSeoBot/1.0; +https://dataforseo.com/dataforseo-bot)"
216.73.216.198 - - [31/Jul/2026:16:56:06 -0300] "GET /?a=3766521746 HTTP/1.1" 200 67036 "-" "Mozilla/5.0 AppleWebKit/537.36 (KHTML, like Gecko; compatible; ClaudeBot/1.0; +claudebot@anthropic.com)"
136.243.228.179 - - [31/Jul/2026:16:56:11 -0300] "GET /?a=1461280076 HTTP/1.1" 200 67036 "-" "Mozilla/5.0 (compatible; DataForSeoBot/1.0; +https://dataforseo.com/dataforseo-bot)"
136.243.228.179 - - [31/Jul/2026:16:56:16 -0300] "GET /?a=598306529 HTTP/1.1" 200 67036 "-" "Mozilla/5.0 (compatible; DataForSeoBot/1.0; +https://dataforseo.com/dataforseo-bot)"
136.243.228.179 - - [31/Jul/2026:16:56:22 -0300] "GET /?a=2262364534 HTTP/1.1" 200 67036 "-" "Mozilla/5.0 (compatible; DataForSeoBot/1.0; +https://dataforseo.com/dataforseo-bot)"
136.243.228.179 - - [31/Jul/2026:16:56:30 -0300] "GET /?a=4049957391 HTTP/1.1" 200 67036 "-" "Mozilla/5.0 (compatible; DataForSeoBot/1.0; +https://dataforseo.com/dataforseo-bot)"
136.243.228.179 - - [31/Jul/2026:16:56:35 -0300] "GET /?a=3898826020 HTTP/1.1" 200 67036 "-" "Mozilla/5.0 (compatible; DataForSeoBot/1.0; +https://dataforseo.com/dataforseo-bot)"
136.243.228.179 - - [31/Jul/2026:16:56:41 -0300] "GET /?a=198019092 HTTP/1.1" 200 67036 "-" "Mozilla/5.0 (compatible; DataForSeoBot/1.0; +https://dataforseo.com/dataforseo-bot)"
136.243.228.179 - - [31/Jul/2026:16:56:47 -0300] "GET /?a=3786501473 HTTP/1.1" 200 67036 "-" "Mozilla/5.0 (compatible; DataForSeoBot/1.0; +https://dataforseo.com/dataforseo-bot)"
136.243.228.179 - - [31/Jul/2026:16:56:53 -0300] "GET /?a=2738104019 HTTP/1.1" 200 67036 "-" "Mozilla/5.0 (compatible; DataForSeoBot/1.0; +https://dataforseo.com/dataforseo-bot)"
136.243.228.179 - - [31/Jul/2026:16:57:00 -0300] "GET /?a=1368082208 HTTP/1.1" 200 67036 "-" "Mozilla/5.0 (compatible; DataForSeoBot/1.0; +https://dataforseo.com/dataforseo-bot)"
136.243.228.179 - - [31/Jul/2026:16:57:05 -0300] "GET /?a=1490959969 HTTP/1.1" 200 67036 "-" "Mozilla/5.0 (compatible; DataForSeoBot/1.0; +https://dataforseo.com/dataforseo-bot)"
136.243.228.179 - - [31/Jul/2026:16:57:11 -0300] "GET /?a=1275882239 HTTP/1.1" 200 67036 "-" "Mozilla/5.0 (compatible; DataForSeoBot/1.0; +https://dataforseo.com/dataforseo-bot)"
136.243.228.179 - - [31/Jul/2026:16:57:17 -0300] "GET /?a=2949772679 HTTP/1.1" 200 67036 "-" "Mozilla/5.0 (compatible; DataForSeoBot/1.0; +https://dataforseo.com/dataforseo-bot)"
136.243.228.179 - - [31/Jul/2026:16:57:22 -0300] "GET /?a=1375258717 HTTP/1.1" 200 67036 "-" "Mozilla/5.0 (compatible; DataForSeoBot/1.0; +https://dataforseo.com/dataforseo-bot)"
136.243.228.179 - - [31/Jul/2026:16:57:28 -0300] "GET /?a=1864944170 HTTP/1.1" 200 67036 "-" "Mozilla/5.0 (compatible; DataForSeoBot/1.0; +https://dataforseo.com/dataforseo-bot)"
136.243.228.179 - - [31/Jul/2026:16:57:34 -0300] "GET /?a=1701046549 HTTP/1.1" 200 67036 "-" "Mozilla/5.0 (compatible; DataForSeoBot/1.0; +https://dataforseo.com/dataforseo-bot)"
136.243.228.179 - - [31/Jul/2026:16:57:41 -0300] "GET /?a=166340347 HTTP/1.1" 200 67036 "-" "Mozilla/5.0 (compatible; DataForSeoBot/1.0; +https://dataforseo.com/dataforseo-bot)"
136.243.228.179 - - [31/Jul/2026:16:57:47 -0300] "GET /?a=559451259 HTTP/1.1" 200 67036 "-" "Mozilla/5.0 (compatible; DataForSeoBot/1.0; +https://dataforseo.com/dataforseo-bot)"
136.243.228.179 - - [31/Jul/2026:16:57:52 -0300] "GET /?a=2151466286 HTTP/1.1" 200 67036 "-" "Mozilla/5.0 (compatible; DataForSeoBot/1.0; +https://dataforseo.com/dataforseo-bot)"
136.243.228.179 - - [31/Jul/2026:16:57:58 -0300] "GET /?a=2081579357 HTTP/1.1" 200 67036 "-" "Mozilla/5.0 (compatible; DataForSeoBot/1.0; +https://dataforseo.com/dataforseo-bot)"
136.243.228.179 - - [31/Jul/2026:16:58:04 -0300] "GET /?a=637554748 HTTP/1.1" 200 67036 "-" "Mozilla/5.0 (compatible; DataForSeoBot/1.0; +https://dataforseo.com/dataforseo-bot)"
136.243.228.179 - - [31/Jul/2026:16:58:11 -0300] "GET /?a=1774170500 HTTP/1.1" 200 67036 "-" "Mozilla/5.0 (compatible; DataForSeoBot/1.0; +https://dataforseo.com/dataforseo-bot)"
136.243.228.179 - - [31/Jul/2026:16:58:19 -0300] "GET /?a=785098284 HTTP/1.1" 200 67036 "-" "Mozilla/5.0 (compatible; DataForSeoBot/1.0; +https://dataforseo.com/dataforseo-bot)"
136.243.228.179 - - [31/Jul/2026:16:58:26 -0300] "GET /?a=326861279 HTTP/1.1" 200 67036 "-" "Mozilla/5.0 (compatible; DataForSeoBot/1.0; +https://dataforseo.com/dataforseo-bot)"
136.243.228.179 - - [31/Jul/2026:16:58:35 -0300] "GET /?a=479550075 HTTP/1.1" 200 67036 "-" "Mozilla/5.0 (compatible; DataForSeoBot/1.0; +https://dataforseo.com/dataforseo-bot)"
136.243.228.179 - - [31/Jul/2026:16:58:43 -0300] "GET /?a=3334081452 HTTP/1.1" 200 67036 "-" "Mozilla/5.0 (compatible; DataForSeoBot/1.0; +https://dataforseo.com/dataforseo-bot)"
136.243.228.179 - - [31/Jul/2026:16:58:49 -0300] "GET /?a=703829220 HTTP/1.1" 200 67036 "-" "Mozilla/5.0 (compatible; DataForSeoBot/1.0; +https://dataforseo.com/dataforseo-bot)"
136.243.228.179 - - [31/Jul/2026:16:58:54 -0300] "GET /?a=3597537354 HTTP/1.1" 200 67036 "-" "Mozilla/5.0 (compatible; DataForSeoBot/1.0; +https://dataforseo.com/dataforseo-bot)"
136.243.228.179 - - [31/Jul/2026:16:58:59 -0300] "GET /?a=3946858882 HTTP/1.1" 200 67036 "-" "Mozilla/5.0 (compatible; DataForSeoBot/1.0; +https://dataforseo.com/dataforseo-bot)"
136.243.228.179 - - [31/Jul/2026:16:59:05 -0300] "GET /?a=907976045 HTTP/1.1" 200 67036 "-" "Mozilla/5.0 (compatible; DataForSeoBot/1.0; +https://dataforseo.com/dataforseo-bot)"
136.243.228.179 - - [31/Jul/2026:16:59:12 -0300] "GET /?a=1885446487 HTTP/1.1" 200 67036 "-" "Mozilla/5.0 (compatible; DataForSeoBot/1.0; +https://dataforseo.com/dataforseo-bot)"
136.243.228.179 - - [31/Jul/2026:16:59:20 -0300] "GET /?a=1640739541 HTTP/1.1" 200 67036 "-" "Mozilla/5.0 (compatible; DataForSeoBot/1.0; +https://dataforseo.com/dataforseo-bot)"
136.243.228.179 - - [31/Jul/2026:16:59:28 -0300] "GET /?a=4168246364 HTTP/1.1" 200 67036 "-" "Mozilla/5.0 (compatible; DataForSeoBot/1.0; +https://dataforseo.com/dataforseo-bot)"
136.243.228.179 - - [31/Jul/2026:16:59:34 -0300] "GET /?a=1303183342 HTTP/1.1" 200 67036 "-" "Mozilla/5.0 (compatible; DataForSeoBot/1.0; +https://dataforseo.com/dataforseo-bot)"
136.243.228.179 - - [31/Jul/2026:16:59:40 -0300] "GET /?a=2585900233 HTTP/1.1" 200 67036 "-" "Mozilla/5.0 (compatible; DataForSeoBot/1.0; +https://dataforseo.com/dataforseo-bot)"
136.243.228.179 - - [31/Jul/2026:16:59:45 -0300] "GET /?a=3897613937 HTTP/1.1" 200 67036 "-" "Mozilla/5.0 (compatible; DataForSeoBot/1.0; +https://dataforseo.com/dataforseo-bot)"
136.243.228.179 - - [31/Jul/2026:16:59:53 -0300] "GET /?a=2177295682 HTTP/1.1" 200 67036 "-" "Mozilla/5.0 (compatible; DataForSeoBot/1.0; +https://dataforseo.com/dataforseo-bot)"
136.243.228.179 - - [31/Jul/2026:16:59:59 -0300] "GET /?a=1742066409 HTTP/1.1" 200 67036 "-" "Mozilla/5.0 (compatible; DataForSeoBot/1.0; +https://dataforseo.com/dataforseo-bot)"
136.243.228.179 - - [31/Jul/2026:17:00:05 -0300] "GET /?a=2447928109 HTTP/1.1" 200 67036 "-" "Mozilla/5.0 (compatible; DataForSeoBot/1.0; +https://dataforseo.com/dataforseo-bot)"
136.243.228.179 - - [31/Jul/2026:17:00:10 -0300] "GET /?a=522994117 HTTP/1.1" 200 67036 "-" "Mozilla/5.0 (compatible; DataForSeoBot/1.0; +https://dataforseo.com/dataforseo-bot)"
216.73.216.198 - - [31/Jul/2026:17:00:15 -0300] "GET /?a=34669197 HTTP/1.1" 200 67036 "-" "Mozilla/5.0 AppleWebKit/537.36 (KHTML, like Gecko; compatible; ClaudeBot/1.0; +claudebot@anthropic.com)"
136.243.228.179 - - [31/Jul/2026:17:00:16 -0300] "GET /?a=575757721 HTTP/1.1" 200 67036 "-" "Mozilla/5.0 (compatible; DataForSeoBot/1.0; +https://dataforseo.com/dataforseo-bot)"
216.73.216.198 - - [31/Jul/2026:17:00:18 -0300] "GET /?a=3676143145 HTTP/1.1" 200 67036 "-" "Mozilla/5.0 AppleWebKit/537.36 (KHTML, like Gecko; compatible; ClaudeBot/1.0; +claudebot@anthropic.com)"
216.73.216.198 - - [31/Jul/2026:17:00:21 -0300] "GET /?a=3553265384 HTTP/1.1" 200 67036 "-" "Mozilla/5.0 AppleWebKit/537.36 (KHTML, like Gecko; compatible; ClaudeBot/1.0; +claudebot@anthropic.com)"
136.243.228.179 - - [31/Jul/2026:17:00:23 -0300] "GET /?a=3596325255 HTTP/1.1" 200 67036 "-" "Mozilla/5.0 (compatible; DataForSeoBot/1.0; +https://dataforseo.com/dataforseo-bot)"
216.73.216.198 - - [31/Jul/2026:17:00:24 -0300] "GET /?a=1554420704 HTTP/1.1" 200 67036 "-" "Mozilla/5.0 AppleWebKit/537.36 (KHTML, like Gecko; compatible; ClaudeBot/1.0; +claudebot@anthropic.com)"
216.73.216.198 - - [31/Jul/2026:17:00:27 -0300] "GET /?a=4222973149 HTTP/1.1" 200 67036 "-" "Mozilla/5.0 AppleWebKit/537.36 (KHTML, like Gecko; compatible; ClaudeBot/1.0; +claudebot@anthropic.com)"
216.73.216.198 - - [31/Jul/2026:17:00:30 -0300] "GET /configRLD/Jump/0-bgservicos/wp-includes/blocks/navigation-overlay-close.php HTTP/1.1" 500 - "-" "Mozilla/5.0 AppleWebKit/537.36 (KHTML, like Gecko; compatible; ClaudeBot/1.0; +claudebot@anthropic.com)"
136.243.228.179 - - [31/Jul/2026:17:00:31 -0300] "GET /?a=1541484435 HTTP/1.1" 200 67036 "-" "Mozilla/5.0 (compatible; DataForSeoBot/1.0; +https://dataforseo.com/dataforseo-bot)"
216.73.216.198 - - [31/Jul/2026:17:00:33 -0300] "GET /?a=1551044015 HTTP/1.1" 200 67036 "-" "Mozilla/5.0 AppleWebKit/537.36 (KHTML, like Gecko; compatible; ClaudeBot/1.0; +claudebot@anthropic.com)"
216.73.216.198 - - [31/Jul/2026:17:00:36 -0300] "GET /?a=1651840465 HTTP/1.1" 200 67036 "-" "Mozilla/5.0 AppleWebKit/537.36 (KHTML, like Gecko; compatible; ClaudeBot/1.0; +claudebot@anthropic.com)"
136.243.228.179 - - [31/Jul/2026:17:00:39 -0300] "GET /?a=3015883660 HTTP/1.1" 200 67036 "-" "Mozilla/5.0 (compatible; DataForSeoBot/1.0; +https://dataforseo.com/dataforseo-bot)"
216.73.216.198 - - [31/Jul/2026:17:00:39 -0300] "GET /?a=2129389225 HTTP/1.1" 200 67036 "-" "Mozilla/5.0 AppleWebKit/537.36 (KHTML, like Gecko; compatible; ClaudeBot/1.0; +claudebot@anthropic.com)"
216.73.216.198 - - [31/Jul/2026:17:00:42 -0300] "GET /?a=686694846 HTTP/1.1" 200 67036 "-" "Mozilla/5.0 AppleWebKit/537.36 (KHTML, like Gecko; compatible; ClaudeBot/1.0; +claudebot@anthropic.com)"
216.73.216.198 - - [31/Jul/2026:17:00:45 -0300] "GET /?a=866128273 HTTP/1.1" 200 67036 "-" "Mozilla/5.0 AppleWebKit/537.36 (KHTML, like Gecko; compatible; ClaudeBot/1.0; +claudebot@anthropic.com)"
136.243.228.179 - - [31/Jul/2026:17:00:45 -0300] "GET /?a=3280691345 HTTP/1.1" 200 67036 "-" "Mozilla/5.0 (compatible; DataForSeoBot/1.0; +https://dataforseo.com/dataforseo-bot)"
216.73.216.198 - - [31/Jul/2026:17:00:48 -0300] "GET /?a=684854872 HTTP/1.1" 200 67036 "-" "Mozilla/5.0 AppleWebKit/537.36 (KHTML, like Gecko; compatible; ClaudeBot/1.0; +claudebot@anthropic.com)"
216.73.216.198 - - [31/Jul/2026:17:00:51 -0300] "GET /?a=630155277 HTTP/1.1" 200 67036 "-" "Mozilla/5.0 AppleWebKit/537.36 (KHTML, like Gecko; compatible; ClaudeBot/1.0; +claudebot@anthropic.com)"
136.243.228.179 - - [31/Jul/2026:17:00:52 -0300] "GET /?a=1419048101 HTTP/1.1" 200 67036 "-" "Mozilla/5.0 (compatible; DataForSeoBot/1.0; +https://dataforseo.com/dataforseo-bot)"
216.73.216.198 - - [31/Jul/2026:17:00:54 -0300] "GET /?a=2364054895 HTTP/1.1" 200 67036 "-" "Mozilla/5.0 AppleWebKit/537.36 (KHTML, like Gecko; compatible; ClaudeBot/1.0; +claudebot@anthropic.com)"
136.243.228.179 - - [31/Jul/2026:17:00:59 -0300] "GET /?a=4171623053 HTTP/1.1" 200 67036 "-" "Mozilla/5.0 (compatible; DataForSeoBot/1.0; +https://dataforseo.com/dataforseo-bot)"
136.243.228.179 - - [31/Jul/2026:17:01:04 -0300] "GET /?a=1469409060 HTTP/1.1" 200 67036 "-" "Mozilla/5.0 (compatible; DataForSeoBot/1.0; +https://dataforseo.com/dataforseo-bot)"
136.243.228.179 - - [31/Jul/2026:17:01:11 -0300] "GET /?a=3250224683 HTTP/1.1" 200 67036 "-" "Mozilla/5.0 (compatible; DataForSeoBot/1.0; +https://dataforseo.com/dataforseo-bot)"
136.243.228.179 - - [31/Jul/2026:17:01:17 -0300] "GET /?a=503310950 HTTP/1.1" 200 67036 "-" "Mozilla/5.0 (compatible; DataForSeoBot/1.0; +https://dataforseo.com/dataforseo-bot)"
136.243.228.179 - - [31/Jul/2026:17:01:24 -0300] "GET /?a=2654662639 HTTP/1.1" 200 67036 "-" "Mozilla/5.0 (compatible; DataForSeoBot/1.0; +https://dataforseo.com/dataforseo-bot)"
136.243.228.179 - - [31/Jul/2026:17:01:32 -0300] "GET /?a=3482788609 HTTP/1.1" 200 67036 "-" "Mozilla/5.0 (compatible; DataForSeoBot/1.0; +https://dataforseo.com/dataforseo-bot)"
43.130.3.122 - - [31/Jul/2026:17:01:35 -0300] "GET /?path=//tmp/CVE-2026-46331 HTTP/1.1" 200 14043 "-" "Mozilla/5.0 (iPhone; CPU iPhone OS 13_2_3 like Mac OS X) AppleWebKit/605.1.15 (KHTML, like Gecko) Version/13.0.3 Mobile/15E148 Safari/604.1"
136.243.228.179 - - [31/Jul/2026:17:01:41 -0300] "GET /?a=3409533516 HTTP/1.1" 200 67036 "-" "Mozilla/5.0 (compatible; DataForSeoBot/1.0; +https://dataforseo.com/dataforseo-bot)"
136.243.228.179 - - [31/Jul/2026:17:01:46 -0300] "GET /?a=855961544 HTTP/1.1" 200 67036 "-" "Mozilla/5.0 (compatible; DataForSeoBot/1.0; +https://dataforseo.com/dataforseo-bot)"
136.243.228.179 - - [31/Jul/2026:17:01:54 -0300] "GET /?a=3219029500 HTTP/1.1" 200 67036 "-" "Mozilla/5.0 (compatible; DataForSeoBot/1.0; +https://dataforseo.com/dataforseo-bot)"
136.243.228.179 - - [31/Jul/2026:17:02:00 -0300] "GET /?a=724560963 HTTP/1.1" 200 67036 "-" "Mozilla/5.0 (compatible; DataForSeoBot/1.0; +https://dataforseo.com/dataforseo-bot)"
136.243.228.179 - - [31/Jul/2026:17:02:08 -0300] "GET /?a=872315645 HTTP/1.1" 200 67036 "-" "Mozilla/5.0 (compatible; DataForSeoBot/1.0; +https://dataforseo.com/dataforseo-bot)"
136.243.228.179 - - [31/Jul/2026:17:02:12 -0300] "GET /?a=1884070881 HTTP/1.1" 200 67036 "-" "Mozilla/5.0 (compatible; DataForSeoBot/1.0; +https://dataforseo.com/dataforseo-bot)"
136.243.228.179 - - [31/Jul/2026:17:02:17 -0300] "GET /?a=611629251 HTTP/1.1" 200 67036 "-" "Mozilla/5.0 (compatible; DataForSeoBot/1.0; +https://dataforseo.com/dataforseo-bot)"
216.73.216.198 - - [31/Jul/2026:17:02:20 -0300] "GET /index.php?lokasie=%2Fproc%2F435862%2Fmountstats&loknya=%2Fproc%2F435862 HTTP/1.1" 200 67036 "-" "Mozilla/5.0 AppleWebKit/537.36 (KHTML, like Gecko; compatible; ClaudeBot/1.0; +claudebot@anthropic.com)"
216.73.216.198 - - [31/Jul/2026:17:02:23 -0300] "GET /?lokasie=%2Fvar%2Ftmp%2FwpcwBtYfe&loknya=%2Fvar%2Ftmp HTTP/1.1" 200 67036 "-" "Mozilla/5.0 AppleWebKit/537.36 (KHTML, like Gecko; compatible; ClaudeBot/1.0; +claudebot@anthropic.com)"
136.243.228.179 - - [31/Jul/2026:17:02:25 -0300] "GET /?a=3834879661 HTTP/1.1" 200 67036 "-" "Mozilla/5.0 (compatible; DataForSeoBot/1.0; +https://dataforseo.com/dataforseo-bot)"
216.73.216.198 - - [31/Jul/2026:17:02:26 -0300] "GET /?lokasie=%2Fvar%2Ftmp%2FwpckTqpSz&loknya=%2Fvar%2Ftmp HTTP/1.1" 200 67036 "-" "Mozilla/5.0 AppleWebKit/537.36 (KHTML, like Gecko; compatible; ClaudeBot/1.0; +claudebot@anthropic.com)"
216.73.216.198 - - [31/Jul/2026:17:02:29 -0300] "GET /?lokasie=%2Fvar%2Ftmp%2Fwpcnldlg6&loknya=%2Fvar%2Ftmp HTTP/1.1" 200 67036 "-" "Mozilla/5.0 AppleWebKit/537.36 (KHTML, like Gecko; compatible; ClaudeBot/1.0; +claudebot@anthropic.com)"
216.73.216.198 - - [31/Jul/2026:17:02:32 -0300] "GET /?lokasie=%2Fvar%2Ftmp%2FwpcwcZ22i&loknya=%2Fvar%2Ftmp HTTP/1.1" 200 67036 "-" "Mozilla/5.0 AppleWebKit/537.36 (KHTML, like Gecko; compatible; ClaudeBot/1.0; +claudebot@anthropic.com)"
136.243.228.179 - - [31/Jul/2026:17:02:33 -0300] "GET /?a=2387406885 HTTP/1.1" 200 67036 "-" "Mozilla/5.0 (compatible; DataForSeoBot/1.0; +https://dataforseo.com/dataforseo-bot)"
216.73.216.198 - - [31/Jul/2026:17:02:35 -0300] "GET /wp-config.php?lokasie=%2Fproc%2F3572076%2Fcomm&loknya=%2Fproc%2F3572076 HTTP/1.1" 200 67036 "-" "Mozilla/5.0 AppleWebKit/537.36 (KHTML, like Gecko; compatible; ClaudeBot/1.0; +claudebot@anthropic.com)"
216.73.216.198 - - [31/Jul/2026:17:02:38 -0300] "GET /wp-blog-header.php?lokasie=%2Fbin%2Fzipdetails&loknya=%2Fbin HTTP/1.1" 200 67036 "-" "Mozilla/5.0 AppleWebKit/537.36 (KHTML, like Gecko; compatible; ClaudeBot/1.0; +claudebot@anthropic.com)"
136.243.228.179 - - [31/Jul/2026:17:02:40 -0300] "GET /?a=3562222296 HTTP/1.1" 200 67036 "-" "Mozilla/5.0 (compatible; DataForSeoBot/1.0; +https://dataforseo.com/dataforseo-bot)"
216.73.216.198 - - [31/Jul/2026:17:02:41 -0300] "GET /?lokasie=%2Fvar%2Ftmp%2FwpcwclQN4&loknya=%2Fvar%2Ftmp HTTP/1.1" 200 67036 "-" "Mozilla/5.0 AppleWebKit/537.36 (KHTML, like Gecko; compatible; ClaudeBot/1.0; +claudebot@anthropic.com)"
216.73.216.198 - - [31/Jul/2026:17:02:44 -0300] "GET /wp-config.php?lokasie=%2Fbin%2Fgcov-tool&loknya=%2Fbin HTTP/1.1" 200 67036 "-" "Mozilla/5.0 AppleWebKit/537.36 (KHTML, like Gecko; compatible; ClaudeBot/1.0; +claudebot@anthropic.com)"
136.243.228.179 - - [31/Jul/2026:17:02:47 -0300] "GET /?a=1697506353 HTTP/1.1" 200 67036 "-" "Mozilla/5.0 (compatible; DataForSeoBot/1.0; +https://dataforseo.com/dataforseo-bot)"
216.73.216.198 - - [31/Jul/2026:17:02:47 -0300] "GET /?lokasie=%2Ftmp%2FwpcEc50wX&loknya=%2Ftmp HTTP/1.1" 200 67036 "-" "Mozilla/5.0 AppleWebKit/537.36 (KHTML, like Gecko; compatible; ClaudeBot/1.0; +claudebot@anthropic.com)"
216.73.216.198 - - [31/Jul/2026:17:02:50 -0300] "GET /?lokasie=%2Fvar%2Ftmp%2Fwpc3gwCze&loknya=%2Fvar%2Ftmp HTTP/1.1" 200 67036 "-" "Mozilla/5.0 AppleWebKit/537.36 (KHTML, like Gecko; compatible; ClaudeBot/1.0; +claudebot@anthropic.com)"
216.73.216.198 - - [31/Jul/2026:17:02:53 -0300] "GET /?lokasie=%2Fvar%2Ftmp%2FwpcgfCvhY&loknya=%2Fvar%2Ftmp HTTP/1.1" 200 67036 "-" "Mozilla/5.0 AppleWebKit/537.36 (KHTML, like Gecko; compatible; ClaudeBot/1.0; +claudebot@anthropic.com)"
136.243.228.179 - - [31/Jul/2026:17:02:54 -0300] "GET /?a=258326100 HTTP/1.1" 200 67036 "-" "Mozilla/5.0 (compatible; DataForSeoBot/1.0; +https://dataforseo.com/dataforseo-bot)"
216.73.216.198 - - [31/Jul/2026:17:02:56 -0300] "GET /?lokasie=%2Ftmp%2FwpcYjhWXX&loknya=%2Ftmp HTTP/1.1" 200 67036 "-" "Mozilla/5.0 AppleWebKit/537.36 (KHTML, like Gecko; compatible; ClaudeBot/1.0; +claudebot@anthropic.com)"
216.73.216.198 - - [31/Jul/2026:17:02:59 -0300] "GET /index.php?lokasie=%2Fproc%2F46%2Fcpuset&loknya=%2Fproc%2F46 HTTP/1.1" 200 67036 "-" "Mozilla/5.0 AppleWebKit/537.36 (KHTML, like Gecko; compatible; ClaudeBot/1.0; +claudebot@anthropic.com)"
136.243.228.179 - - [31/Jul/2026:17:02:59 -0300] "GET /?a=4137190849 HTTP/1.1" 200 67036 "-" "Mozilla/5.0 (compatible; DataForSeoBot/1.0; +https://dataforseo.com/dataforseo-bot)"
216.73.216.198 - - [31/Jul/2026:17:03:02 -0300] "GET /index.php?lokasie=%2Fproc%2F79%2Fauxv&loknya=%2Fproc%2F79 HTTP/1.1" 200 67036 "-" "Mozilla/5.0 AppleWebKit/537.36 (KHTML, like Gecko; compatible; ClaudeBot/1.0; +claudebot@anthropic.com)"
216.73.216.198 - - [31/Jul/2026:17:03:05 -0300] "GET /wp-config.php?lokasie=%2Flib%2Ffirmware%2Frp2.fw.xz&loknya=%2Flib%2Ffirmware HTTP/1.1" 200 67036 "-" "Mozilla/5.0 AppleWebKit/537.36 (KHTML, like Gecko; compatible; ClaudeBot/1.0; +claudebot@anthropic.com)"
136.243.228.179 - - [31/Jul/2026:17:03:06 -0300] "GET /?a=942408233 HTTP/1.1" 200 67036 "-" "Mozilla/5.0 (compatible; DataForSeoBot/1.0; +https://dataforseo.com/dataforseo-bot)"
216.73.216.198 - - [31/Jul/2026:17:03:08 -0300] "GET /index.php?lokasie=%2Fproc%2F60%2Fcpuset&loknya=%2Fproc%2F60 HTTP/1.1" 200 67036 "-" "Mozilla/5.0 AppleWebKit/537.36 (KHTML, like Gecko; compatible; ClaudeBot/1.0; +claudebot@anthropic.com)"
216.73.216.198 - - [31/Jul/2026:17:03:11 -0300] "GET /?lokasie=%2Fvar%2Ftmp%2Fwpc7MZYOA&loknya=%2Fvar%2Ftmp HTTP/1.1" 200 67036 "-" "Mozilla/5.0 AppleWebKit/537.36 (KHTML, like Gecko; compatible; ClaudeBot/1.0; +claudebot@anthropic.com)"
216.73.216.198 - - [31/Jul/2026:17:03:14 -0300] "GET /?lokasie=%2Ftmp%2FwpcR0jBij&loknya=%2Ftmp HTTP/1.1" 200 67036 "-" "Mozilla/5.0 AppleWebKit/537.36 (KHTML, like Gecko; compatible; ClaudeBot/1.0; +claudebot@anthropic.com)"
216.73.216.198 - - [31/Jul/2026:17:03:17 -0300] "GET /?lokasie=%2Ftmp%2FwpcNyIx7T&loknya=%2Ftmp HTTP/1.1" 200 67036 "-" "Mozilla/5.0 AppleWebKit/537.36 (KHTML, like Gecko; compatible; ClaudeBot/1.0; +claudebot@anthropic.com)"
216.73.216.198 - - [31/Jul/2026:17:03:20 -0300] "GET /?lokasie=%2Fvar%2Ftmp%2FwpcMcmmzu&loknya=%2Fvar%2Ftmp HTTP/1.1" 200 67036 "-" "Mozilla/5.0 AppleWebKit/537.36 (KHTML, like Gecko; compatible; ClaudeBot/1.0; +claudebot@anthropic.com)"
216.73.216.198 - - [31/Jul/2026:17:03:25 -0300] "GET /wp-config.php?lokasie=%2Fproc%2F74%2Fwchan&loknya=%2Fproc%2F74 HTTP/1.1" 200 67036 "-" "Mozilla/5.0 AppleWebKit/537.36 (KHTML, like Gecko; compatible; ClaudeBot/1.0; +claudebot@anthropic.com)"
216.73.216.198 - - [31/Jul/2026:17:03:27 -0300] "GET /?lokasie=%2Ftmp%2Fwpcz7lN0x&loknya=%2Ftmp HTTP/1.1" 200 67036 "-" "Mozilla/5.0 AppleWebKit/537.36 (KHTML, like Gecko; compatible; ClaudeBot/1.0; +claudebot@anthropic.com)"
216.73.216.198 - - [31/Jul/2026:17:03:30 -0300] "GET /index.php?lokasie=%2Fproc%2F893%2Fenviron&loknya=%2Fproc%2F893 HTTP/1.1" 200 67036 "-" "Mozilla/5.0 AppleWebKit/537.36 (KHTML, like Gecko; compatible; ClaudeBot/1.0; +claudebot@anthropic.com)"
216.73.216.198 - - [31/Jul/2026:17:03:33 -0300] "GET /index.php?lokasie=%2Fhome%2Fautoligchopp%2Fpublic_html%2Fwp-includes%2FID3%2Freadme.txt&loknya=%2Fhome%2Fautoligchopp%2Fpublic_html%2Fwp-includes%2FID3 HTTP/1.1" 200 67036 "-" "Mozilla/5.0 AppleWebKit/537.36 (KHTML, like Gecko; compatible; ClaudeBot/1.0; +claudebot@anthropic.com)"
216.73.216.198 - - [31/Jul/2026:17:03:36 -0300] "GET /index.php?lokasie=%2Fproc%2F893%2Fcoredump_filter&loknya=%2Fproc%2F893 HTTP/1.1" 200 67036 "-" "Mozilla/5.0 AppleWebKit/537.36 (KHTML, like Gecko; compatible; ClaudeBot/1.0; +claudebot@anthropic.com)"
216.73.216.198 - - [31/Jul/2026:17:03:39 -0300] "GET /wp-config.php?lokasie=%2Fproc%2F3190440%2Fsetgroups&loknya=%2Fproc%2F3190440 HTTP/1.1" 200 67036 "-" "Mozilla/5.0 AppleWebKit/537.36 (KHTML, like Gecko; compatible; ClaudeBot/1.0; +claudebot@anthropic.com)"
216.73.216.198 - - [31/Jul/2026:17:03:42 -0300] "GET /wp-trackback.php?lokasie=%2Flib64%2Flibsolvext.so.1&loknya=%2Flib64 HTTP/1.1" 200 67036 "-" "Mozilla/5.0 AppleWebKit/537.36 (KHTML, like Gecko; compatible; ClaudeBot/1.0; +claudebot@anthropic.com)"
216.73.216.198 - - [31/Jul/2026:17:03:45 -0300] "GET /index.php?lokasie=%2Fproc%2F2770021%2Fsetgroups&loknya=%2Fproc%2F2770021 HTTP/1.1" 200 67036 "-" "Mozilla/5.0 AppleWebKit/537.36 (KHTML, like Gecko; compatible; ClaudeBot/1.0; +claudebot@anthropic.com)"
216.73.216.198 - - [31/Jul/2026:17:03:48 -0300] "GET /wp-config.php?lokasie=%2Fproc%2F349%2Fksm_stat&loknya=%2Fproc%2F349 HTTP/1.1" 200 67036 "-" "Mozilla/5.0 AppleWebKit/537.36 (KHTML, like Gecko; compatible; ClaudeBot/1.0; +claudebot@anthropic.com)"
216.73.216.198 - - [31/Jul/2026:17:03:51 -0300] "GET /index.php?lokasie=%2Fproc%2F1434049%2Fstat&loknya=%2Fproc%2F1434049 HTTP/1.1" 200 67036 "-" "Mozilla/5.0 AppleWebKit/537.36 (KHTML, like Gecko; compatible; ClaudeBot/1.0; +claudebot@anthropic.com)"
216.73.216.198 - - [31/Jul/2026:17:03:54 -0300] "GET /wp-config.php?lokasie=%2Fproc%2F75%2Fautogroup&loknya=%2Fproc%2F75 HTTP/1.1" 200 67036 "-" "Mozilla/5.0 AppleWebKit/537.36 (KHTML, like Gecko; compatible; ClaudeBot/1.0; +claudebot@anthropic.com)"
216.73.216.198 - - [31/Jul/2026:17:03:57 -0300] "GET /index.php?lokasie=%2Fproc%2F1646%2Fnet%2Fip_tables_names&loknya=%2Fproc%2F1646%2Fnet HTTP/1.1" 200 67036 "-" "Mozilla/5.0 AppleWebKit/537.36 (KHTML, like Gecko; compatible; ClaudeBot/1.0; +claudebot@anthropic.com)"
216.73.216.198 - - [31/Jul/2026:17:04:00 -0300] "GET /?lokasie=%2Ftmp%2Fwpc1uOuxu&loknya=%2Ftmp HTTP/1.1" 200 67036 "-" "Mozilla/5.0 AppleWebKit/537.36 (KHTML, like Gecko; compatible; ClaudeBot/1.0; +claudebot@anthropic.com)"
216.73.216.198 - - [31/Jul/2026:17:04:03 -0300] "GET /index.php?lokasie=%2Fproc%2F305%2Fio&loknya=%2Fproc%2F305 HTTP/1.1" 200 67036 "-" "Mozilla/5.0 AppleWebKit/537.36 (KHTML, like Gecko; compatible; ClaudeBot/1.0; +claudebot@anthropic.com)"
136.243.228.179 - - [31/Jul/2026:17:04:05 -0300] "GET /?a=1821500128 HTTP/1.1" 200 67036 "-" "Mozilla/5.0 (compatible; DataForSeoBot/1.0; +https://dataforseo.com/dataforseo-bot)"
216.73.216.198 - - [31/Jul/2026:17:04:06 -0300] "GET /index.php?lokasie=%2Fproc%2F94340%2Fclear_refs&loknya=%2Fproc%2F94340 HTTP/1.1" 200 67036 "-" "Mozilla/5.0 AppleWebKit/537.36 (KHTML, like Gecko; compatible; ClaudeBot/1.0; +claudebot@anthropic.com)"
216.73.216.198 - - [31/Jul/2026:17:04:09 -0300] "GET /?lokasie=%2Fvar%2Ftmp%2Fwpcz0XgWk&loknya=%2Fvar%2Ftmp HTTP/1.1" 200 67036 "-" "Mozilla/5.0 AppleWebKit/537.36 (KHTML, like Gecko; compatible; ClaudeBot/1.0; +claudebot@anthropic.com)"
216.73.216.198 - - [31/Jul/2026:17:04:12 -0300] "GET /wp-config.php?lokasie=%2Fproc%2F80%2Foom_score_adj&loknya=%2Fproc%2F80 HTTP/1.1" 200 67036 "-" "Mozilla/5.0 AppleWebKit/537.36 (KHTML, like Gecko; compatible; ClaudeBot/1.0; +claudebot@anthropic.com)"
136.243.228.179 - - [31/Jul/2026:17:04:13 -0300] "GET /?a=3311974071 HTTP/1.1" 200 67036 "-" "Mozilla/5.0 (compatible; DataForSeoBot/1.0; +https://dataforseo.com/dataforseo-bot)"
136.243.228.179 - - [31/Jul/2026:17:04:15 -0300] "GET /?a=441350432 HTTP/1.1" 200 67036 "-" "Mozilla/5.0 (compatible; DataForSeoBot/1.0; +https://dataforseo.com/dataforseo-bot)"
216.73.216.198 - - [31/Jul/2026:17:04:15 -0300] "GET /index.php?lokasie=%2Fproc%2F1510137%2Ffdinfo%2F0&loknya=%2Fproc%2F1510137%2Ffdinfo HTTP/1.1" 200 67036 "-" "Mozilla/5.0 AppleWebKit/537.36 (KHTML, like Gecko; compatible; ClaudeBot/1.0; +claudebot@anthropic.com)"
216.73.216.198 - - [31/Jul/2026:17:04:18 -0300] "GET /?lokasie=%2Fsbin%2Fsshd&loknya=%2Fsbin HTTP/1.1" 200 67036 "-" "Mozilla/5.0 AppleWebKit/537.36 (KHTML, like Gecko; compatible; ClaudeBot/1.0; +claudebot@anthropic.com)"
216.73.216.198 - - [31/Jul/2026:17:04:21 -0300] "GET /?lokasie=%2Fproc%2Fself%2Fsmaps&loknya=%2Fproc%2Fself HTTP/1.1" 200 67036 "-" "Mozilla/5.0 AppleWebKit/537.36 (KHTML, like Gecko; compatible; ClaudeBot/1.0; +claudebot@anthropic.com)"
136.243.228.179 - - [31/Jul/2026:17:04:22 -0300] "GET /?a=3513844124 HTTP/1.1" 200 67036 "-" "Mozilla/5.0 (compatible; DataForSeoBot/1.0; +https://dataforseo.com/dataforseo-bot)"
136.243.228.179 - - [31/Jul/2026:17:04:31 -0300] "GET /?a=3330445139 HTTP/1.1" 200 67036 "-" "Mozilla/5.0 (compatible; DataForSeoBot/1.0; +https://dataforseo.com/dataforseo-bot)"
136.243.228.179 - - [31/Jul/2026:17:04:38 -0300] "GET /?a=3711189061 HTTP/1.1" 200 67036 "-" "Mozilla/5.0 (compatible; DataForSeoBot/1.0; +https://dataforseo.com/dataforseo-bot)"
136.243.228.179 - - [31/Jul/2026:17:04:45 -0300] "GET /?a=3006312248 HTTP/1.1" 200 67036 "-" "Mozilla/5.0 (compatible; DataForSeoBot/1.0; +https://dataforseo.com/dataforseo-bot)"
136.243.228.179 - - [31/Jul/2026:17:04:50 -0300] "GET /?a=719972191 HTTP/1.1" 200 67036 "-" "Mozilla/5.0 (compatible; DataForSeoBot/1.0; +https://dataforseo.com/dataforseo-bot)"
136.243.228.179 - - [31/Jul/2026:17:04:56 -0300] "GET /?a=2984041376 HTTP/1.1" 200 67036 "-" "Mozilla/5.0 (compatible; DataForSeoBot/1.0; +https://dataforseo.com/dataforseo-bot)"
136.243.228.179 - - [31/Jul/2026:17:05:02 -0300] "GET /?a=2569593771 HTTP/1.1" 200 67036 "-" "Mozilla/5.0 (compatible; DataForSeoBot/1.0; +https://dataforseo.com/dataforseo-bot)"
136.243.228.179 - - [31/Jul/2026:17:05:07 -0300] "GET /?a=2686530977 HTTP/1.1" 200 67036 "-" "Mozilla/5.0 (compatible; DataForSeoBot/1.0; +https://dataforseo.com/dataforseo-bot)"
136.243.228.179 - - [31/Jul/2026:17:05:12 -0300] "GET /?a=2604812728 HTTP/1.1" 200 67036 "-" "Mozilla/5.0 (compatible; DataForSeoBot/1.0; +https://dataforseo.com/dataforseo-bot)"
136.243.228.179 - - [31/Jul/2026:17:05:20 -0300] "GET /?a=3939845880 HTTP/1.1" 200 67036 "-" "Mozilla/5.0 (compatible; DataForSeoBot/1.0; +https://dataforseo.com/dataforseo-bot)"
136.243.228.179 - - [31/Jul/2026:17:05:26 -0300] "GET /?a=1672188005 HTTP/1.1" 200 67036 "-" "Mozilla/5.0 (compatible; DataForSeoBot/1.0; +https://dataforseo.com/dataforseo-bot)"
136.243.228.179 - - [31/Jul/2026:17:05:33 -0300] "GET /?a=2533949468 HTTP/1.1" 200 67036 "-" "Mozilla/5.0 (compatible; DataForSeoBot/1.0; +https://dataforseo.com/dataforseo-bot)"
216.67.230.98 - - [31/Jul/2026:17:05:34 -0300] "HEAD / HTTP/1.1" 200 - "-" "Mozilla/5.0 (X11; Linux x86_64) AppleWebKit/537.36 (KHTML, like Gecko) Chrome/131.0.0.0 Safari/537.36"
216.67.230.98 - - [31/Jul/2026:17:05:35 -0300] "GET / HTTP/1.1" 200 67036 "-" "Mozilla/5.0 (X11; Linux x86_64) AppleWebKit/537.36 (KHTML, like Gecko) Chrome/131.0.0.0 Safari/537.36"
216.67.230.98 - - [31/Jul/2026:17:05:37 -0300] "HEAD /wp-login.php HTTP/1.1" 200 - "-" "Mozilla/5.0 (X11; Linux x86_64) AppleWebKit/537.36 (KHTML, like Gecko) Chrome/131.0.0.0 Safari/537.36"
216.67.230.98 - - [31/Jul/2026:17:05:38 -0300] "GET / HTTP/1.1" 200 67036 "-" "Mozilla/5.0 (X11; Linux x86_64) AppleWebKit/537.36 (KHTML, like Gecko) Chrome/131.0.0.0 Safari/537.36"
216.67.230.98 - - [31/Jul/2026:17:05:39 -0300] "GET /wp-login.php HTTP/1.1" 200 67036 "-" "Mozilla/5.0 (X11; Linux x86_64) AppleWebKit/537.36 (KHTML, like Gecko) Chrome/131.0.0.0 Safari/537.36"
136.243.228.179 - - [31/Jul/2026:17:05:40 -0300] "GET /?a=551322243 HTTP/1.1" 200 67036 "-" "Mozilla/5.0 (compatible; DataForSeoBot/1.0; +https://dataforseo.com/dataforseo-bot)"
216.67.230.98 - - [31/Jul/2026:17:05:41 -0300] "GET /wp-login.php HTTP/1.1" 200 67036 "http://choppgermaniaautodromo.com.br/wp-admin/" "Mozilla/5.0 (X11; Linux x86_64) AppleWebKit/537.36 (KHTML, like Gecko) Chrome/131.0.0.0 Safari/537.36"
216.67.230.98 - - [31/Jul/2026:17:05:42 -0300] "POST /wp-login.php HTTP/1.1" 200 67036 "http://choppgermaniaautodromo.com.br/wp-admin/" "Mozilla/5.0 (X11; Linux x86_64) AppleWebKit/537.36 (KHTML, like Gecko) Chrome/131.0.0.0 Safari/537.36"
216.67.230.98 - - [31/Jul/2026:17:05:42 -0300] "GET /wp-admin/ HTTP/1.1" 200 174781 "http://choppgermaniaautodromo.com.br/wp-admin/" "Mozilla/5.0 (X11; Linux x86_64) AppleWebKit/537.36 (KHTML, like Gecko) Chrome/131.0.0.0 Safari/537.36"
216.67.230.98 - - [31/Jul/2026:17:05:43 -0300] "GET /wp-login.php HTTP/1.1" 200 67036 "http://choppgermaniaautodromo.com.br/wp-admin/" "Mozilla/5.0 (X11; Linux x86_64) AppleWebKit/537.36 (KHTML, like Gecko) Chrome/131.0.0.0 Safari/537.36"
136.243.228.179 - - [31/Jul/2026:17:05:44 -0300] "GET /?a=354507724 HTTP/1.1" 200 67036 "-" "Mozilla/5.0 (compatible; DataForSeoBot/1.0; +https://dataforseo.com/dataforseo-bot)"
216.67.230.98 - - [31/Jul/2026:17:05:45 -0300] "GET /wp-login.php HTTP/1.1" 200 67036 "http://choppgermaniaautodromo.com.br/wp-admin/" "Mozilla/5.0 (X11; Linux x86_64) AppleWebKit/537.36 (KHTML, like Gecko) Chrome/131.0.0.0 Safari/537.36"
216.67.230.98 - - [31/Jul/2026:17:05:46 -0300] "POST /wp-login.php HTTP/1.1" 200 67036 "http://choppgermaniaautodromo.com.br/wp-admin/" "Mozilla/5.0 (X11; Linux x86_64) AppleWebKit/537.36 (KHTML, like Gecko) Chrome/131.0.0.0 Safari/537.36"
216.67.230.98 - - [31/Jul/2026:17:05:47 -0300] "GET /wp-admin/ HTTP/1.1" 200 174781 "http://choppgermaniaautodromo.com.br/wp-admin/" "Mozilla/5.0 (X11; Linux x86_64) AppleWebKit/537.36 (KHTML, like Gecko) Chrome/131.0.0.0 Safari/537.36"
216.67.230.98 - - [31/Jul/2026:17:05:48 -0300] "GET /wp-login.php HTTP/1.1" 200 67036 "http://choppgermaniaautodromo.com.br/wp-admin/" "Mozilla/5.0 (X11; Linux x86_64) AppleWebKit/537.36 (KHTML, like Gecko) Chrome/131.0.0.0 Safari/537.36"
216.67.230.98 - - [31/Jul/2026:17:05:50 -0300] "GET /wp-login.php HTTP/1.1" 200 67036 "http://choppgermaniaautodromo.com.br/wp-admin/" "Mozilla/5.0 (X11; Linux x86_64) AppleWebKit/537.36 (KHTML, like Gecko) Chrome/131.0.0.0 Safari/537.36"
136.243.228.179 - - [31/Jul/2026:17:05:51 -0300] "GET /?a=3747456626 HTTP/1.1" 200 67036 "-" "Mozilla/5.0 (compatible; DataForSeoBot/1.0; +https://dataforseo.com/dataforseo-bot)"
216.67.230.98 - - [31/Jul/2026:17:05:51 -0300] "POST /wp-login.php HTTP/1.1" 200 67036 "http://choppgermaniaautodromo.com.br/wp-admin/" "Mozilla/5.0 (X11; Linux x86_64) AppleWebKit/537.36 (KHTML, like Gecko) Chrome/131.0.0.0 Safari/537.36"
216.67.230.98 - - [31/Jul/2026:17:05:52 -0300] "GET /wp-admin/ HTTP/1.1" 200 174781 "http://choppgermaniaautodromo.com.br/wp-admin/" "Mozilla/5.0 (X11; Linux x86_64) AppleWebKit/537.36 (KHTML, like Gecko) Chrome/131.0.0.0 Safari/537.36"
216.67.230.98 - - [31/Jul/2026:17:05:53 -0300] "GET /wp-login.php HTTP/1.1" 200 67036 "http://choppgermaniaautodromo.com.br/wp-admin/" "Mozilla/5.0 (X11; Linux x86_64) AppleWebKit/537.36 (KHTML, like Gecko) Chrome/131.0.0.0 Safari/537.36"
216.67.230.98 - - [31/Jul/2026:17:05:55 -0300] "GET /wp-signup.php HTTP/1.1" 200 67036 "-" "Mozilla/5.0 (X11; Linux x86_64) AppleWebKit/537.36 (KHTML, like Gecko) Chrome/131.0.0.0 Safari/537.36"
136.243.228.179 - - [31/Jul/2026:17:05:57 -0300] "GET /?a=748830735 HTTP/1.1" 200 67036 "-" "Mozilla/5.0 (compatible; DataForSeoBot/1.0; +https://dataforseo.com/dataforseo-bot)"
136.243.228.179 - - [31/Jul/2026:17:06:03 -0300] "GET /?a=2056097502 HTTP/1.1" 200 67036 "-" "Mozilla/5.0 (compatible; DataForSeoBot/1.0; +https://dataforseo.com/dataforseo-bot)"
216.67.230.98 - - [31/Jul/2026:17:06:19 -0300] "GET /?rest_route=/wp/v2/users/me&context=edit HTTP/1.1" 200 67036 "-" "Mozilla/5.0 (X11; Linux x86_64) AppleWebKit/537.36 (KHTML, like Gecko) Chrome/131.0.0.0 Safari/537.36"
216.67.230.98 - - [31/Jul/2026:17:06:21 -0300] "GET /wp-json/wp/v2/users/me?context=edit HTTP/1.1" 200 67036 "-" "Mozilla/5.0 (X11; Linux x86_64) AppleWebKit/537.36 (KHTML, like Gecko) Chrome/131.0.0.0 Safari/537.36"
216.67.230.98 - - [31/Jul/2026:17:06:27 -0300] "GET /wp-json/wp/v2/users/me?context=edit HTTP/1.1" 200 67036 "-" "Mozilla/5.0 (X11; Linux x86_64) AppleWebKit/537.36 (KHTML, like Gecko) Chrome/131.0.0.0 Safari/537.36"
216.67.230.98 - - [31/Jul/2026:17:06:29 -0300] "GET /?rest_route=/wp/v2/users/me&context=edit HTTP/1.1" 200 67036 "-" "Mozilla/5.0 (X11; Linux x86_64) AppleWebKit/537.36 (KHTML, like Gecko) Chrome/131.0.0.0 Safari/537.36"
216.67.230.98 - - [31/Jul/2026:17:06:36 -0300] "POST /xmlrpc.php HTTP/1.1" 200 67036 "-" "Mozilla/5.0 (X11; Linux x86_64) AppleWebKit/537.36 (KHTML, like Gecko) Chrome/131.0.0.0 Safari/537.36"
136.243.228.179 - - [31/Jul/2026:17:07:26 -0300] "GET /?a=2266953322 HTTP/1.1" 500 2482 "-" "Mozilla/5.0 (compatible; DataForSeoBot/1.0; +https://dataforseo.com/dataforseo-bot)"
136.243.228.179 - - [31/Jul/2026:17:07:32 -0300] "GET /?a=3276102557 HTTP/1.1" 500 2482 "-" "Mozilla/5.0 (compatible; DataForSeoBot/1.0; +https://dataforseo.com/dataforseo-bot)"
136.243.228.179 - - [31/Jul/2026:17:07:38 -0300] "GET /?a=298789504 HTTP/1.1" 200 67036 "-" "Mozilla/5.0 (compatible; DataForSeoBot/1.0; +https://dataforseo.com/dataforseo-bot)"
136.243.228.179 - - [31/Jul/2026:17:07:44 -0300] "GET /?a=3525398275 HTTP/1.1" 200 67036 "-" "Mozilla/5.0 (compatible; DataForSeoBot/1.0; +https://dataforseo.com/dataforseo-bot)"
136.243.228.179 - - [31/Jul/2026:17:07:50 -0300] "GET /?a=2007946541 HTTP/1.1" 200 67036 "-" "Mozilla/5.0 (compatible; DataForSeoBot/1.0; +https://dataforseo.com/dataforseo-bot)"
136.243.228.179 - - [31/Jul/2026:17:07:56 -0300] "GET /?a=3802644428 HTTP/1.1" 200 67036 "-" "Mozilla/5.0 (compatible; DataForSeoBot/1.0; +https://dataforseo.com/dataforseo-bot)"
136.243.228.179 - - [31/Jul/2026:17:08:03 -0300] "GET /?a=1267311796 HTTP/1.1" 200 67036 "-" "Mozilla/5.0 (compatible; DataForSeoBot/1.0; +https://dataforseo.com/dataforseo-bot)"
136.243.228.179 - - [31/Jul/2026:17:08:10 -0300] "GET /?a=2835334219 HTTP/1.1" 200 67036 "-" "Mozilla/5.0 (compatible; DataForSeoBot/1.0; +https://dataforseo.com/dataforseo-bot)"
136.243.228.179 - - [31/Jul/2026:17:08:15 -0300] "GET /?a=1427177117 HTTP/1.1" 200 67036 "-" "Mozilla/5.0 (compatible; DataForSeoBot/1.0; +https://dataforseo.com/dataforseo-bot)"
136.243.228.179 - - [31/Jul/2026:17:08:22 -0300] "GET /?a=1816747801 HTTP/1.1" 200 67036 "-" "Mozilla/5.0 (compatible; DataForSeoBot/1.0; +https://dataforseo.com/dataforseo-bot)"
136.243.228.179 - - [31/Jul/2026:17:08:26 -0300] "GET /?a=1823924310 HTTP/1.1" 200 67036 "-" "Mozilla/5.0 (compatible; DataForSeoBot/1.0; +https://dataforseo.com/dataforseo-bot)"
136.243.228.179 - - [31/Jul/2026:17:08:37 -0300] "GET /?a=3356748343 HTTP/1.1" 200 67036 "-" "Mozilla/5.0 (compatible; DataForSeoBot/1.0; +https://dataforseo.com/dataforseo-bot)"
136.243.228.179 - - [31/Jul/2026:17:08:44 -0300] "GET /?a=2682916217 HTTP/1.1" 200 67036 "-" "Mozilla/5.0 (compatible; DataForSeoBot/1.0; +https://dataforseo.com/dataforseo-bot)"
136.243.228.179 - - [31/Jul/2026:17:08:50 -0300] "GET /?a=3314138661 HTTP/1.1" 200 67036 "-" "Mozilla/5.0 (compatible; DataForSeoBot/1.0; +https://dataforseo.com/dataforseo-bot)"
