37.27.51.141 - - [31/Jul/2026:21:35:45 -0300] "GET /item-tag/beer/?loknya=/home/autoligchopp HTTP/1.1" 200 67036 "-" "Mozilla/5.0 (compatible; SERankingBacklinksBot/1.0; +https://seranking.com/backlinks-crawler)"
216.73.216.198 - - [31/Jul/2026:21:35:47 -0300] "GET /?path=%2F%2Fproc%2F1414324 HTTP/1.1" 200 12703 "-" "Mozilla/5.0 AppleWebKit/537.36 (KHTML, like Gecko; compatible; ClaudeBot/1.0; +claudebot@anthropic.com)"
216.73.216.198 - - [31/Jul/2026:21:35:50 -0300] "GET /?path=%2F%2Fproc%2F1058916 HTTP/1.1" 200 12703 "-" "Mozilla/5.0 AppleWebKit/537.36 (KHTML, like Gecko; compatible; ClaudeBot/1.0; +claudebot@anthropic.com)"
216.73.216.198 - - [31/Jul/2026:21:35:53 -0300] "GET /?path=%2F%2Fproc%2F122120 HTTP/1.1" 200 12701 "-" "Mozilla/5.0 AppleWebKit/537.36 (KHTML, like Gecko; compatible; ClaudeBot/1.0; +claudebot@anthropic.com)"
37.27.51.141 - - [31/Jul/2026:21:35:53 -0300] "GET /item-tag/blue/?loknya=/home/autoligchopp HTTP/1.1" 200 67036 "-" "Mozilla/5.0 (compatible; SERankingBacklinksBot/1.0; +https://seranking.com/backlinks-crawler)"
216.73.216.198 - - [31/Jul/2026:21:35:56 -0300] "GET /?path=%2F%2Fproc%2F1829830 HTTP/1.1" 200 12703 "-" "Mozilla/5.0 AppleWebKit/537.36 (KHTML, like Gecko; compatible; ClaudeBot/1.0; +claudebot@anthropic.com)"
216.73.216.198 - - [31/Jul/2026:21:35:59 -0300] "GET /?path=%2F%2Fproc%2F2674297 HTTP/1.1" 200 12703 "-" "Mozilla/5.0 AppleWebKit/537.36 (KHTML, like Gecko; compatible; ClaudeBot/1.0; +claudebot@anthropic.com)"
37.27.51.141 - - [31/Jul/2026:21:36:02 -0300] "GET /item-tag/boom/?loknya=/home/autoligchopp HTTP/1.1" 200 67036 "-" "Mozilla/5.0 (compatible; SERankingBacklinksBot/1.0; +https://seranking.com/backlinks-crawler)"
216.73.216.198 - - [31/Jul/2026:21:36:02 -0300] "GET /?path=%2F%2Fproc%2F2027215 HTTP/1.1" 200 12703 "-" "Mozilla/5.0 AppleWebKit/537.36 (KHTML, like Gecko; compatible; ClaudeBot/1.0; +claudebot@anthropic.com)"
216.73.216.198 - - [31/Jul/2026:21:36:05 -0300] "GET /?path=%2F%2Fproc%2F1416452 HTTP/1.1" 200 12703 "-" "Mozilla/5.0 AppleWebKit/537.36 (KHTML, like Gecko; compatible; ClaudeBot/1.0; +claudebot@anthropic.com)"
216.73.216.198 - - [31/Jul/2026:21:36:08 -0300] "GET /?path=%2F%2Fproc%2F1488369 HTTP/1.1" 200 12703 "-" "Mozilla/5.0 AppleWebKit/537.36 (KHTML, like Gecko; compatible; ClaudeBot/1.0; +claudebot@anthropic.com)"
37.27.51.141 - - [31/Jul/2026:21:36:10 -0300] "GET /item-tag/bosnia-and-herzegovina/page/2/ HTTP/1.1" 200 67036 "-" "Mozilla/5.0 (compatible; SERankingBacklinksBot/1.0; +https://seranking.com/backlinks-crawler)"
216.73.216.198 - - [31/Jul/2026:21:36:11 -0300] "GET /?path=%2F%2Fproc%2F1772992 HTTP/1.1" 200 12703 "-" "Mozilla/5.0 AppleWebKit/537.36 (KHTML, like Gecko; compatible; ClaudeBot/1.0; +claudebot@anthropic.com)"
216.73.216.198 - - [31/Jul/2026:21:36:14 -0300] "GET /?path=%2F%2Fproc%2F2710415 HTTP/1.1" 200 12703 "-" "Mozilla/5.0 AppleWebKit/537.36 (KHTML, like Gecko; compatible; ClaudeBot/1.0; +claudebot@anthropic.com)"
216.73.216.198 - - [31/Jul/2026:21:36:17 -0300] "GET /?path=%2F%2Fproc%2F3374268 HTTP/1.1" 200 12703 "-" "Mozilla/5.0 AppleWebKit/537.36 (KHTML, like Gecko; compatible; ClaudeBot/1.0; +claudebot@anthropic.com)"
37.27.51.141 - - [31/Jul/2026:21:36:19 -0300] "GET /item-tag/burg/?loknya=/home/autoligchopp HTTP/1.1" 200 67036 "-" "Mozilla/5.0 (compatible; SERankingBacklinksBot/1.0; +https://seranking.com/backlinks-crawler)"
216.73.216.198 - - [31/Jul/2026:21:36:20 -0300] "GET /wp-admin/?fileloc=%2Fhome%2Fautoligchopp%2Fpublic_html%2Fwp-admin%2Fload-styles.php&path=%2Fhome%2Fautoligchopp%2Fpublic_html%2Fwp-admin HTTP/1.1" 200 16077 "-" "Mozilla/5.0 AppleWebKit/537.36 (KHTML, like Gecko; compatible; ClaudeBot/1.0; +claudebot@anthropic.com)"
216.73.216.198 - - [31/Jul/2026:21:36:23 -0300] "GET /?path=%2F%2Fproc%2F2795731 HTTP/1.1" 200 12703 "-" "Mozilla/5.0 AppleWebKit/537.36 (KHTML, like Gecko; compatible; ClaudeBot/1.0; +claudebot@anthropic.com)"
216.73.216.198 - - [31/Jul/2026:21:36:26 -0300] "GET /?path=%2F%2Fproc%2F3020061 HTTP/1.1" 200 12703 "-" "Mozilla/5.0 AppleWebKit/537.36 (KHTML, like Gecko; compatible; ClaudeBot/1.0; +claudebot@anthropic.com)"
37.27.51.141 - - [31/Jul/2026:21:36:27 -0300] "GET /item-tag/can/?loknya=/home/autoligchopp/ HTTP/1.1" 200 67036 "-" "Mozilla/5.0 (compatible; SERankingBacklinksBot/1.0; +https://seranking.com/backlinks-crawler)"
216.73.216.198 - - [31/Jul/2026:21:36:29 -0300] "GET /wp-links-opml.php?path=%2Fhome%2Fgetmed HTTP/1.1" 200 12699 "-" "Mozilla/5.0 AppleWebKit/537.36 (KHTML, like Gecko; compatible; ClaudeBot/1.0; +claudebot@anthropic.com)"
216.73.216.198 - - [31/Jul/2026:21:36:32 -0300] "GET /wp-links-opml.php?path=%2Fhome%2Fcasasp HTTP/1.1" 200 12699 "-" "Mozilla/5.0 AppleWebKit/537.36 (KHTML, like Gecko; compatible; ClaudeBot/1.0; +claudebot@anthropic.com)"
216.73.216.198 - - [31/Jul/2026:21:36:35 -0300] "GET /?path=%2F%2Fproc%2F1058695 HTTP/1.1" 200 12703 "-" "Mozilla/5.0 AppleWebKit/537.36 (KHTML, like Gecko; compatible; ClaudeBot/1.0; +claudebot@anthropic.com)"
37.27.51.141 - - [31/Jul/2026:21:36:36 -0300] "GET /item-tag/cans/?loknya=/home/autoligchopp HTTP/1.1" 200 67036 "-" "Mozilla/5.0 (compatible; SERankingBacklinksBot/1.0; +https://seranking.com/backlinks-crawler)"
216.73.216.198 - - [31/Jul/2026:21:36:38 -0300] "GET /index.php?path=%2Fhome%2Fautoligchopp%2Fpublic_html%2FconfigRLD HTTP/1.1" 200 71373 "-" "Mozilla/5.0 AppleWebKit/537.36 (KHTML, like Gecko; compatible; ClaudeBot/1.0; +claudebot@anthropic.com)"
216.73.216.198 - - [31/Jul/2026:21:36:41 -0300] "GET /wp-links-opml.php?fileloc=%2Fhome%2Fautoligchopp%2Fpublic_html%2Fwp-includes%2Fclass-wp-site.php&path=%2Fhome%2Fautoligchopp%2Fpublic_html%2Fwp-includes HTTP/1.1" 200 20524 "-" "Mozilla/5.0 AppleWebKit/537.36 (KHTML, like Gecko; compatible; ClaudeBot/1.0; +claudebot@anthropic.com)"
216.73.216.198 - - [31/Jul/2026:21:36:44 -0300] "GET /?path=%2F%2Fproc%2F1888413 HTTP/1.1" 200 12703 "-" "Mozilla/5.0 AppleWebKit/537.36 (KHTML, like Gecko; compatible; ClaudeBot/1.0; +claudebot@anthropic.com)"
37.27.51.141 - - [31/Jul/2026:21:36:45 -0300] "GET /item-tag/cass/?loknya=/home/autoligchopp HTTP/1.1" 200 67036 "-" "Mozilla/5.0 (compatible; SERankingBacklinksBot/1.0; +https://seranking.com/backlinks-crawler)"
216.73.216.198 - - [31/Jul/2026:21:36:47 -0300] "GET /?path=%2F%2Fproc%2F1538371 HTTP/1.1" 200 12703 "-" "Mozilla/5.0 AppleWebKit/537.36 (KHTML, like Gecko; compatible; ClaudeBot/1.0; +claudebot@anthropic.com)"
216.73.216.198 - - [31/Jul/2026:21:36:50 -0300] "GET /?path=%2F%2Fproc%2F1772996 HTTP/1.1" 200 12703 "-" "Mozilla/5.0 AppleWebKit/537.36 (KHTML, like Gecko; compatible; ClaudeBot/1.0; +claudebot@anthropic.com)"
216.73.216.198 - - [31/Jul/2026:21:36:53 -0300] "GET /?path=%2F%2Fproc%2F3117519 HTTP/1.1" 200 12703 "-" "Mozilla/5.0 AppleWebKit/537.36 (KHTML, like Gecko; compatible; ClaudeBot/1.0; +claudebot@anthropic.com)"
37.27.51.141 - - [31/Jul/2026:21:36:54 -0300] "GET /item-tag/coke/?loknya=/home/autoligchopp HTTP/1.1" 200 67036 "-" "Mozilla/5.0 (compatible; SERankingBacklinksBot/1.0; +https://seranking.com/backlinks-crawler)"
216.73.216.198 - - [31/Jul/2026:21:36:56 -0300] "GET /?path=%2F%2Fproc%2F1039583 HTTP/1.1" 200 12703 "-" "Mozilla/5.0 AppleWebKit/537.36 (KHTML, like Gecko; compatible; ClaudeBot/1.0; +claudebot@anthropic.com)"
216.73.216.198 - - [31/Jul/2026:21:36:59 -0300] "GET /wp-links-opml.php?fileloc=%2Fhome%2Fautoligchopp%2Fpublic_html%2Fwp-includes%2Fclass-wp-block-list.php&path=%2Fhome%2Fautoligchopp%2Fpublic_html%2Fwp-includes HTTP/1.1" 200 17264 "-" "Mozilla/5.0 AppleWebKit/537.36 (KHTML, like Gecko; compatible; ClaudeBot/1.0; +claudebot@anthropic.com)"
216.73.216.198 - - [31/Jul/2026:21:37:02 -0300] "GET /wp-links-opml.php?fileloc=%2Fhome%2Fautoligchopp%2Fpublic_html%2Fwp-admin%2Foptions.php&path=%2Fhome%2Fautoligchopp%2Fpublic_html%2Fwp-admin HTTP/1.1" 200 30184 "-" "Mozilla/5.0 AppleWebKit/537.36 (KHTML, like Gecko; compatible; ClaudeBot/1.0; +claudebot@anthropic.com)"
37.27.51.141 - - [31/Jul/2026:21:37:02 -0300] "GET /item-tag/colt/?loknya=/home/autoligchopp HTTP/1.1" 200 67036 "-" "Mozilla/5.0 (compatible; SERankingBacklinksBot/1.0; +https://seranking.com/backlinks-crawler)"
216.73.216.198 - - [31/Jul/2026:21:37:05 -0300] "GET /?path=%2F%2Fproc%2F1967756 HTTP/1.1" 200 12703 "-" "Mozilla/5.0 AppleWebKit/537.36 (KHTML, like Gecko; compatible; ClaudeBot/1.0; +claudebot@anthropic.com)"
216.73.216.198 - - [31/Jul/2026:21:37:08 -0300] "GET /wp-blog-header.php?fileloc=%2Fhome%2Fautoligchopp%2Fpublic_html%2Fwp-admin%2Finstall-helper.php&path=%2Fhome%2Fautoligchopp%2Fpublic_html%2Fwp-admin HTTP/1.1" 200 19842 "-" "Mozilla/5.0 AppleWebKit/537.36 (KHTML, like Gecko; compatible; ClaudeBot/1.0; +claudebot@anthropic.com)"
216.73.216.198 - - [31/Jul/2026:21:37:11 -0300] "GET /?path=%2F%2Fproc%2F2739827 HTTP/1.1" 200 12703 "-" "Mozilla/5.0 AppleWebKit/537.36 (KHTML, like Gecko; compatible; ClaudeBot/1.0; +claudebot@anthropic.com)"
37.27.51.141 - - [31/Jul/2026:21:37:11 -0300] "GET /item-tag/cub/?loknya=/home/autoligchopp/ HTTP/1.1" 200 67036 "-" "Mozilla/5.0 (compatible; SERankingBacklinksBot/1.0; +https://seranking.com/backlinks-crawler)"
216.73.216.198 - - [31/Jul/2026:21:37:14 -0300] "GET /?path=%2F%2Fproc%2F1289021 HTTP/1.1" 200 12703 "-" "Mozilla/5.0 AppleWebKit/537.36 (KHTML, like Gecko; compatible; ClaudeBot/1.0; +claudebot@anthropic.com)"
216.73.216.198 - - [31/Jul/2026:21:37:17 -0300] "GET /?path=%2F%2Fproc%2F1414204 HTTP/1.1" 200 12703 "-" "Mozilla/5.0 AppleWebKit/537.36 (KHTML, like Gecko; compatible; ClaudeBot/1.0; +claudebot@anthropic.com)"
114.119.150.90 - - [31/Jul/2026:21:37:19 -0300] "GET /configRLD/Jump/0-toldosilvio/wp-admin/privacy-policy-guide.php HTTP/1.1" 500 - "http://choppgermaniaautodromo.com.br/configRLD/Jump/0-toldosilvio/wp-admin/" "Mozilla/5.0 (Linux; Android 7.0;) AppleWebKit/537.36 (HTML, like Gecko) Mobile Safari/537.36 (compatible; PetalBot;+https://webmaster.petalsearch.com/site/petalbot)"
37.27.51.141 - - [31/Jul/2026:21:37:19 -0300] "GET /item-tag/czfj/?loknya=/home/autoligchopp HTTP/1.1" 200 67036 "-" "Mozilla/5.0 (compatible; SERankingBacklinksBot/1.0; +https://seranking.com/backlinks-crawler)"
216.73.216.198 - - [31/Jul/2026:21:37:20 -0300] "GET /wp-links-opml.php?fileloc=%2Fhome%2Fautoligchopp%2Fpublic_html%2Fwp-includes%2Fclass-wp-roles.php&path=%2Fhome%2Fautoligchopp%2Fpublic_html%2Fwp-includes HTTP/1.1" 200 22416 "-" "Mozilla/5.0 AppleWebKit/537.36 (KHTML, like Gecko; compatible; ClaudeBot/1.0; +claudebot@anthropic.com)"
216.73.216.198 - - [31/Jul/2026:21:37:23 -0300] "GET /?path=%2F%2Fproc%2F1434090 HTTP/1.1" 200 12703 "-" "Mozilla/5.0 AppleWebKit/537.36 (KHTML, like Gecko; compatible; ClaudeBot/1.0; +claudebot@anthropic.com)"
216.73.216.198 - - [31/Jul/2026:21:37:26 -0300] "GET /?path=%2F%2Fproc%2F1460998 HTTP/1.1" 200 12703 "-" "Mozilla/5.0 AppleWebKit/537.36 (KHTML, like Gecko; compatible; ClaudeBot/1.0; +claudebot@anthropic.com)"
37.27.51.141 - - [31/Jul/2026:21:37:28 -0300] "GET /item-tag/dab/?loknya=/home/autoligchopp/ HTTP/1.1" 200 67036 "-" "Mozilla/5.0 (compatible; SERankingBacklinksBot/1.0; +https://seranking.com/backlinks-crawler)"
216.73.216.198 - - [31/Jul/2026:21:37:29 -0300] "GET /?path=%2F%2Fproc%2F1538235 HTTP/1.1" 200 12703 "-" "Mozilla/5.0 AppleWebKit/537.36 (KHTML, like Gecko; compatible; ClaudeBot/1.0; +claudebot@anthropic.com)"
216.73.216.198 - - [31/Jul/2026:21:37:32 -0300] "GET /wp-links-opml.php?path=%2Fhome%2Fsosma HTTP/1.1" 200 12697 "-" "Mozilla/5.0 AppleWebKit/537.36 (KHTML, like Gecko; compatible; ClaudeBot/1.0; +claudebot@anthropic.com)"
216.73.216.198 - - [31/Jul/2026:21:37:35 -0300] "GET /?path=%2F%2Fproc%2F3374394 HTTP/1.1" 200 12703 "-" "Mozilla/5.0 AppleWebKit/537.36 (KHTML, like Gecko; compatible; ClaudeBot/1.0; +claudebot@anthropic.com)"
37.27.51.141 - - [31/Jul/2026:21:37:36 -0300] "GET /item-tag/dart/?loknya=/home/autoligchopp HTTP/1.1" 200 67036 "-" "Mozilla/5.0 (compatible; SERankingBacklinksBot/1.0; +https://seranking.com/backlinks-crawler)"
216.73.216.198 - - [31/Jul/2026:21:37:38 -0300] "GET /?path=%2F%2Fproc%2F3057959 HTTP/1.1" 200 12703 "-" "Mozilla/5.0 AppleWebKit/537.36 (KHTML, like Gecko; compatible; ClaudeBot/1.0; +claudebot@anthropic.com)"
216.73.216.198 - - [31/Jul/2026:21:37:41 -0300] "GET /configRLD/Jump/0-scanpesquisas/wp-settings.php.php.tar.gz HTTP/1.1" 200 6390 "-" "Mozilla/5.0 AppleWebKit/537.36 (KHTML, like Gecko; compatible; ClaudeBot/1.0; +claudebot@anthropic.com)"
216.73.216.198 - - [31/Jul/2026:21:37:44 -0300] "GET /wp-blog-header.php?fileloc=%2Fhome%2Fautoligchopp%2Fpublic_html%2Fwp-admin%2Foptions-head.php&path=%2Fhome%2Fautoligchopp%2Fpublic_html%2Fwp-admin HTTP/1.1" 200 13222 "-" "Mozilla/5.0 AppleWebKit/537.36 (KHTML, like Gecko; compatible; ClaudeBot/1.0; +claudebot@anthropic.com)"
37.27.51.141 - - [31/Jul/2026:21:37:45 -0300] "GET /item-tag/duff/?loknya=/home/autoligchopp HTTP/1.1" 200 67036 "-" "Mozilla/5.0 (compatible; SERankingBacklinksBot/1.0; +https://seranking.com/backlinks-crawler)"
216.73.216.198 - - [31/Jul/2026:21:37:47 -0300] "GET /?path=%2F%2Fproc%2F1999624 HTTP/1.1" 200 12703 "-" "Mozilla/5.0 AppleWebKit/537.36 (KHTML, like Gecko; compatible; ClaudeBot/1.0; +claudebot@anthropic.com)"
216.73.216.198 - - [31/Jul/2026:21:37:50 -0300] "GET /?path=%2F%2Fproc%2F3117578 HTTP/1.1" 200 12703 "-" "Mozilla/5.0 AppleWebKit/537.36 (KHTML, like Gecko; compatible; ClaudeBot/1.0; +claudebot@anthropic.com)"
216.73.216.198 - - [31/Jul/2026:21:37:53 -0300] "GET /?path=%2F%2Fproc%2F1047970 HTTP/1.1" 200 12703 "-" "Mozilla/5.0 AppleWebKit/537.36 (KHTML, like Gecko; compatible; ClaudeBot/1.0; +claudebot@anthropic.com)"
37.27.51.141 - - [31/Jul/2026:21:37:53 -0300] "GET /item-tag/eku/?loknya=/home/autoligchopp/ HTTP/1.1" 200 67036 "-" "Mozilla/5.0 (compatible; SERankingBacklinksBot/1.0; +https://seranking.com/backlinks-crawler)"
216.73.216.198 - - [31/Jul/2026:21:37:56 -0300] "GET /wp-links-opml.php?fileloc=%2Fhome%2Fautoligchopp%2Fpublic_html%2Fwp-admin%2Fpost.php&path=%2Fhome%2Fautoligchopp%2Fpublic_html%2Fwp-admin HTTP/1.1" 200 24345 "-" "Mozilla/5.0 AppleWebKit/537.36 (KHTML, like Gecko; compatible; ClaudeBot/1.0; +claudebot@anthropic.com)"
216.73.216.198 - - [31/Jul/2026:21:37:59 -0300] "GET /wp-links-opml.php?fileloc=%2Fhome%2Fautoligchopp%2Fpublic_html%2Fwp-includes%2Fms-deprecated.php&path=%2Fhome%2Fautoligchopp%2Fpublic_html%2Fwp-includes HTTP/1.1" 200 36613 "-" "Mozilla/5.0 AppleWebKit/537.36 (KHTML, like Gecko; compatible; ClaudeBot/1.0; +claudebot@anthropic.com)"
37.27.51.141 - - [31/Jul/2026:21:38:06 -0300] "GET /item-tag/emu/?loknya=/home/autoligchopp/ HTTP/1.1" 200 67036 "-" "Mozilla/5.0 (compatible; SERankingBacklinksBot/1.0; +https://seranking.com/backlinks-crawler)"
37.27.51.141 - - [31/Jul/2026:21:38:10 -0300] "GET /item-tag/ipa/?loknya=/home/autoligchopp/ HTTP/1.1" 200 67036 "-" "Mozilla/5.0 (compatible; SERankingBacklinksBot/1.0; +https://seranking.com/backlinks-crawler)"
37.27.51.141 - - [31/Jul/2026:21:38:19 -0300] "GET /item-tag/keg/?loknya=/home/autoligchopp/ HTTP/1.1" 200 67036 "-" "Mozilla/5.0 (compatible; SERankingBacklinksBot/1.0; +https://seranking.com/backlinks-crawler)"
91.186.255.250 - - [31/Jul/2026:21:38:22 -0300] "GET / HTTP/1.1" 200 67036 "-" "Mozilla/5.0 (Windows NT 10.0; Win64; x64) AppleWebKit/537.36 (KHTML, like Gecko) Chrome/120.0.0.0 Safari/537.36"
153.67.127.33 - - [31/Jul/2026:21:38:27 -0300] "GET /wp-login.php HTTP/1.1" 200 67036 "-" "Mozilla/5.0 (Windows NT 10.0; Win64; x64) AppleWebKit/537.36 (KHTML, like Gecko) Chrome/120.0.0.0 Safari/537.36"
37.27.51.141 - - [31/Jul/2026:21:38:27 -0300] "GET /item-tag/men/?loknya=/home/autoligchopp/ HTTP/1.1" 200 67036 "-" "Mozilla/5.0 (compatible; SERankingBacklinksBot/1.0; +https://seranking.com/backlinks-crawler)"
37.27.51.141 - - [31/Jul/2026:21:38:35 -0300] "GET /item-tag/moy/?loknya=/home/autoligchopp/ HTTP/1.1" 200 67036 "-" "Mozilla/5.0 (compatible; SERankingBacklinksBot/1.0; +https://seranking.com/backlinks-crawler)"
37.27.51.141 - - [31/Jul/2026:21:38:44 -0300] "GET /item-tag/n-a/?loknya=/home/autoligchopp/ HTTP/1.1" 200 67036 "-" "Mozilla/5.0 (compatible; SERankingBacklinksBot/1.0; +https://seranking.com/backlinks-crawler)"
143.92.134.215 - - [31/Jul/2026:21:38:49 -0300] "POST /wp-login.php HTTP/1.1" 200 67036 "http://choppgermaniaautodromo.com.br/wp-login.php" "Mozilla/5.0 (Windows NT 10.0; Win64; x64) AppleWebKit/537.36 (KHTML, like Gecko) Chrome/120.0.0.0 Safari/537.36"
201.81.232.146 - - [31/Jul/2026:21:38:59 -0300] "POST /wp-login.php HTTP/1.1" 200 67036 "http://choppgermaniaautodromo.com.br/wp-login.php" "Mozilla/5.0 (Windows NT 10.0; Win64; x64) AppleWebKit/537.36 (KHTML, like Gecko) Chrome/120.0.0.0 Safari/537.36"
188.48.214.148 - - [31/Jul/2026:21:39:05 -0300] "POST /xmlrpc.php HTTP/1.1" 200 67036 "-" "WordPress/5.0; http://choppgermaniaautodromo.com.br"
37.27.51.141 - - [31/Jul/2026:21:39:06 -0300] "GET /item-tag/pan/?loknya=/home/autoligchopp/ HTTP/1.1" 200 67036 "-" "Mozilla/5.0 (compatible; SERankingBacklinksBot/1.0; +https://seranking.com/backlinks-crawler)"
37.27.51.141 - - [31/Jul/2026:21:39:21 -0300] "GET /item-tag/red/?loknya=/home/autoligchopp/ HTTP/1.1" 200 67036 "-" "Mozilla/5.0 (compatible; SERankingBacklinksBot/1.0; +https://seranking.com/backlinks-crawler)"
118.100.235.59 - - [31/Jul/2026:21:39:24 -0300] "GET / HTTP/1.1" 200 67036 "-" "Mozilla/5.0 (Windows NT 10.0; Win64; x64) AppleWebKit/537.36 (KHTML, like Gecko) Chrome/120.0.0.0 Safari/537.36"
37.27.51.141 - - [31/Jul/2026:21:39:25 -0300] "GET /item-tag/sab/?loknya=/home/autoligchopp/ HTTP/1.1" 200 67036 "-" "Mozilla/5.0 (compatible; SERankingBacklinksBot/1.0; +https://seranking.com/backlinks-crawler)"
99.245.102.45 - - [31/Jul/2026:21:39:30 -0300] "GET /wp-login.php HTTP/1.1" 200 67036 "-" "Mozilla/5.0 (Windows NT 10.0; Win64; x64) AppleWebKit/537.36 (KHTML, like Gecko) Chrome/120.0.0.0 Safari/537.36"
114.119.133.53 - - [31/Jul/2026:21:39:46 -0300] "GET /configRLD/Jump/0-toldosilvio/wp-admin/press-this.php HTTP/1.1" 500 - "http://choppgermaniaautodromo.com.br/configRLD/Jump/0-toldosilvio/wp-admin/" "Mozilla/5.0 (Linux; Android 7.0;) AppleWebKit/537.36 (HTML, like Gecko) Mobile Safari/537.36 (compatible; PetalBot;+https://webmaster.petalsearch.com/site/petalbot)"
216.73.216.198 - - [31/Jul/2026:21:39:49 -0300] "GET /?path=%2F%2Fproc%2F2559661 HTTP/1.1" 200 12703 "-" "Mozilla/5.0 AppleWebKit/537.36 (KHTML, like Gecko; compatible; ClaudeBot/1.0; +claudebot@anthropic.com)"
154.255.70.76 - - [31/Jul/2026:21:39:50 -0300] "POST /wp-login.php HTTP/1.1" 200 67036 "http://choppgermaniaautodromo.com.br/wp-login.php" "Mozilla/5.0 (Windows NT 10.0; Win64; x64) AppleWebKit/537.36 (KHTML, like Gecko) Chrome/120.0.0.0 Safari/537.36"
190.22.161.193 - - [31/Jul/2026:21:40:08 -0300] "POST /wp-login.php HTTP/1.1" 200 67036 "http://choppgermaniaautodromo.com.br/wp-login.php" "Mozilla/5.0 (Windows NT 10.0; Win64; x64) AppleWebKit/537.36 (KHTML, like Gecko) Chrome/120.0.0.0 Safari/537.36"
89.237.203.180 - - [31/Jul/2026:21:40:12 -0300] "POST /xmlrpc.php HTTP/1.1" 200 67036 "-" "WordPress/5.0; http://choppgermaniaautodromo.com.br"
190.235.10.150 - - [31/Jul/2026:21:40:34 -0300] "GET / HTTP/1.1" 200 67036 "-" "Mozilla/5.0 (Windows NT 10.0; Win64; x64) AppleWebKit/537.36 (KHTML, like Gecko) Chrome/120.0.0.0 Safari/537.36"
124.156.204.51 - - [31/Jul/2026:21:43:23 -0300] "GET /?path=/home/autoligchopp HTTP/1.1" 200 78283 "-" "Mozilla/5.0 (iPhone; CPU iPhone OS 13_2_3 like Mac OS X) AppleWebKit/605.1.15 (KHTML, like Gecko) Version/13.0.3 Mobile/15E148 Safari/604.1"
216.73.216.198 - - [31/Jul/2026:21:54:11 -0300] "GET /?a=1803392521 HTTP/1.1" 200 67036 "-" "Mozilla/5.0 AppleWebKit/537.36 (KHTML, like Gecko; compatible; ClaudeBot/1.0; +claudebot@anthropic.com)"
216.73.216.198 - - [31/Jul/2026:21:54:23 -0300] "GET /?a=2550619423 HTTP/1.1" 200 67036 "-" "Mozilla/5.0 AppleWebKit/537.36 (KHTML, like Gecko; compatible; ClaudeBot/1.0; +claudebot@anthropic.com)"
216.73.216.198 - - [31/Jul/2026:21:54:33 -0300] "GET /?fileloc=%2F%2Fusr%2Finclude%2FFlexLexer.h&path=%2F%2Fusr%2Finclude HTTP/1.1" 200 19329 "-" "Mozilla/5.0 AppleWebKit/537.36 (KHTML, like Gecko; compatible; ClaudeBot/1.0; +claudebot@anthropic.com)"
148.163.68.217 - - [31/Jul/2026:21:54:44 -0300] "GET /.env HTTP/1.1" 200 67036 "-" "Mozilla/5.0 (Linux; U; Android 4.4.2; en-US; HM NOTE 1W Build/KOT49H) AppleWebKit/534.30 (KHTML, like Gecko) Version/4.0 UCBrowser/11.0.5.850 U3/0.8.0 Mobile Safari/534.30"
216.73.216.198 - - [31/Jul/2026:21:54:45 -0300] "GET /?fileloc=%2F%2Fusr%2Finclude%2Fldap.h&path=%2F%2Fusr%2Finclude HTTP/1.1" 200 87551 "-" "Mozilla/5.0 AppleWebKit/537.36 (KHTML, like Gecko; compatible; ClaudeBot/1.0; +claudebot@anthropic.com)"
148.163.68.217 - - [31/Jul/2026:21:54:47 -0300] "POST / HTTP/1.1" 500 12812 "-" "Mozilla/5.0 (Linux; U; Android 4.4.2; en-US; HM NOTE 1W Build/KOT49H) AppleWebKit/534.30 (KHTML, like Gecko) Version/4.0 UCBrowser/11.0.5.850 U3/0.8.0 Mobile Safari/534.30"
148.163.68.217 - - [31/Jul/2026:21:54:52 -0300] "GET /vendor/phpunit/phpunit/src/Util/PHP/eval-stdin.php HTTP/1.1" 200 67036 "-" "python-requests/2.25.1"
216.73.216.198 - - [31/Jul/2026:21:54:57 -0300] "GET /wp-config.php?fileloc=%2Fhome%2Fautoligchopp%2Fpublic_html%2Fwp-includes%2Fclass-wp-text-diff-renderer-inline.php&path=%2Fhome%2Fautoligchopp%2Fpublic_html%2Fwp-includes HTTP/1.1" 200 13533 "-" "Mozilla/5.0 AppleWebKit/537.36 (KHTML, like Gecko; compatible; ClaudeBot/1.0; +claudebot@anthropic.com)"
216.73.216.198 - - [31/Jul/2026:21:55:04 -0300] "GET /index.php?fileloc=%2Fhome%2Fautoligchopp%2Fpublic_html%2Fwp-admin%2Fcss%2Fadmin-menu-rtl.css&path=%2Fhome%2Fautoligchopp%2Fpublic_html%2Fwp-admin%2Fcss HTTP/1.1" 200 31444 "-" "Mozilla/5.0 AppleWebKit/537.36 (KHTML, like Gecko; compatible; ClaudeBot/1.0; +claudebot@anthropic.com)"
114.119.140.166 - - [31/Jul/2026:21:55:14 -0300] "GET /configRLD/Jump/0-toldosilvio/wp-admin/js/ HTTP/1.1" 200 18805 "http://choppgermaniaautodromo.com.br/configRLD/Jump/0-toldosilvio/wp-admin/" "Mozilla/5.0 (Linux; Android 7.0;) AppleWebKit/537.36 (HTML, like Gecko) Mobile Safari/537.36 (compatible; PetalBot;+https://webmaster.petalsearch.com/site/petalbot)"
216.73.216.198 - - [31/Jul/2026:21:55:17 -0300] "GET /configRLD/Jump/0-cards/wp-includes/blocks/audio/?C=N&O=D HTTP/1.1" 200 3115 "-" "Mozilla/5.0 AppleWebKit/537.36 (KHTML, like Gecko; compatible; ClaudeBot/1.0; +claudebot@anthropic.com)"
216.73.216.198 - - [31/Jul/2026:21:55:29 -0300] "GET /configRLD/Jump/0-cards/wp-includes/blocks/archives/?C=N&O=D HTTP/1.1" 200 1669 "-" "Mozilla/5.0 AppleWebKit/537.36 (KHTML, like Gecko; compatible; ClaudeBot/1.0; +claudebot@anthropic.com)"
216.73.216.198 - - [31/Jul/2026:21:55:42 -0300] "GET /?a=1549229746 HTTP/1.1" 200 67036 "-" "Mozilla/5.0 AppleWebKit/537.36 (KHTML, like Gecko; compatible; ClaudeBot/1.0; +claudebot@anthropic.com)"
216.73.216.198 - - [31/Jul/2026:21:55:54 -0300] "GET /?a=1591772991 HTTP/1.1" 200 67036 "-" "Mozilla/5.0 AppleWebKit/537.36 (KHTML, like Gecko; compatible; ClaudeBot/1.0; +claudebot@anthropic.com)"
216.73.216.198 - - [31/Jul/2026:21:56:04 -0300] "GET /?fileloc=%2F%2Fusr%2Finclude%2Fulimit.h&path=%2F%2Fusr%2Finclude HTTP/1.1" 200 13894 "-" "Mozilla/5.0 AppleWebKit/537.36 (KHTML, like Gecko; compatible; ClaudeBot/1.0; +claudebot@anthropic.com)"
216.73.216.198 - - [31/Jul/2026:21:56:16 -0300] "GET /?fileloc=%2F%2Fusr%2Finclude%2Fsetjmp.h&path=%2F%2Fusr%2Finclude HTTP/1.1" 200 15587 "-" "Mozilla/5.0 AppleWebKit/537.36 (KHTML, like Gecko; compatible; ClaudeBot/1.0; +claudebot@anthropic.com)"
114.119.133.53 - - [31/Jul/2026:21:56:40 -0300] "GET /configRLD/Jump/0-toldosilvio/wp-admin/export.php HTTP/1.1" 500 - "http://choppgermaniaautodromo.com.br/configRLD/Jump/0-toldosilvio/wp-admin/" "Mozilla/5.0 (Linux; Android 7.0;) AppleWebKit/537.36 (HTML, like Gecko) Mobile Safari/537.36 (compatible; PetalBot;+https://webmaster.petalsearch.com/site/petalbot)"
216.73.216.198 - - [31/Jul/2026:21:56:57 -0300] "GET /configRLD/Jump/0-bgservicos/wp-includes/css/dist/preferences/style.min.css HTTP/1.1" 200 410 "-" "Mozilla/5.0 AppleWebKit/537.36 (KHTML, like Gecko; compatible; ClaudeBot/1.0; +claudebot@anthropic.com)"
216.73.216.198 - - [31/Jul/2026:21:57:09 -0300] "GET /index.php?a=1065630041 HTTP/1.1" 200 67036 "-" "Mozilla/5.0 AppleWebKit/537.36 (KHTML, like Gecko; compatible; ClaudeBot/1.0; +claudebot@anthropic.com)"
216.73.216.198 - - [31/Jul/2026:21:57:21 -0300] "GET /configRLD/Jump/0-cards/wp-includes/blocks/navigation-link.php HTTP/1.1" 500 - "-" "Mozilla/5.0 AppleWebKit/537.36 (KHTML, like Gecko; compatible; ClaudeBot/1.0; +claudebot@anthropic.com)"
216.73.216.198 - - [31/Jul/2026:21:57:54 -0300] "GET /wp-trackback.php?path=%2Fhome%2Fautoligchopp%2Fpublic_html%2Fwp-content%2Fspeedycache-config HTTP/1.1" 200 19499 "-" "Mozilla/5.0 AppleWebKit/537.36 (KHTML, like Gecko; compatible; ClaudeBot/1.0; +claudebot@anthropic.com)"
216.73.216.198 - - [31/Jul/2026:21:58:06 -0300] "GET /wp-mail.php?fileloc=%2Fhome%2Fautoligchopp%2Fpublic_html%2Fwp-includes%2Fabilities-api.php&path=%2Fhome%2Fautoligchopp%2Fpublic_html%2Fwp-includes HTTP/1.1" 200 38712 "-" "Mozilla/5.0 AppleWebKit/537.36 (KHTML, like Gecko; compatible; ClaudeBot/1.0; +claudebot@anthropic.com)"
216.73.216.198 - - [31/Jul/2026:21:58:18 -0300] "GET /wp-config.php?fileloc=%2Fhome%2Fautoligchopp%2Fpublic_html%2Fwp-admin%2Fcss%2Fcustomize-nav-menus-rtl.css&path=%2Fhome%2Fautoligchopp%2Fpublic_html%2Fwp-admin%2Fcss HTTP/1.1" 200 35573 "-" "Mozilla/5.0 AppleWebKit/537.36 (KHTML, like Gecko; compatible; ClaudeBot/1.0; +claudebot@anthropic.com)"
114.119.134.196 - - [31/Jul/2026:21:58:57 -0300] "GET /configRLD/Jump/0-toldosilvio/wp-admin/edit-link-form.php HTTP/1.1" 500 - "http://choppgermaniaautodromo.com.br/configRLD/Jump/0-toldosilvio/wp-admin/" "Mozilla/5.0 (Linux; Android 7.0;) AppleWebKit/537.36 (HTML, like Gecko) Mobile Safari/537.36 (compatible; PetalBot;+https://webmaster.petalsearch.com/site/petalbot)"
216.73.216.198 - - [31/Jul/2026:21:59:55 -0300] "GET /?path=%2F%2Fproc%2F1416366 HTTP/1.1" 200 12703 "-" "Mozilla/5.0 AppleWebKit/537.36 (KHTML, like Gecko; compatible; ClaudeBot/1.0; +claudebot@anthropic.com)"
216.73.216.198 - - [31/Jul/2026:22:00:07 -0300] "GET /?path=%2F%2Fproc%2F1662843 HTTP/1.1" 200 12703 "-" "Mozilla/5.0 AppleWebKit/537.36 (KHTML, like Gecko; compatible; ClaudeBot/1.0; +claudebot@anthropic.com)"
216.73.216.198 - - [31/Jul/2026:22:00:19 -0300] "GET /wp-mail.php?fileloc=%2Fhome%2Fautoligchopp%2Fpublic_html%2Fwp-admin%2Fcustom-background.php&path=%2Fhome%2Fautoligchopp%2Fpublic_html%2Fwp-admin HTTP/1.1" 200 13032 "-" "Mozilla/5.0 AppleWebKit/537.36 (KHTML, like Gecko; compatible; ClaudeBot/1.0; +claudebot@anthropic.com)"
216.73.216.198 - - [31/Jul/2026:22:00:42 -0300] "GET /wp-login.php?fileloc=%2Fhome%2Fautoligchopp%2Fpublic_html%2Fwp-includes%2Fclass-wp-navigation-fallback.php&path=%2Fhome%2Fautoligchopp%2Fpublic_html%2Fwp-includes HTTP/1.1" 200 22784 "-" "Mozilla/5.0 AppleWebKit/537.36 (KHTML, like Gecko; compatible; ClaudeBot/1.0; +claudebot@anthropic.com)"
216.73.216.198 - - [31/Jul/2026:22:00:52 -0300] "GET /wp-admin/update-core.php?fileloc=%2Fhome%2Fautoligchopp%2Fpublic_html%2Fwp-admin%2Frevision.php&path=%2Fhome%2Fautoligchopp%2Fpublic_html%2Fwp-admin HTTP/1.1" 200 19582 "-" "Mozilla/5.0 AppleWebKit/537.36 (KHTML, like Gecko; compatible; ClaudeBot/1.0; +claudebot@anthropic.com)"
216.73.216.198 - - [31/Jul/2026:22:01:04 -0300] "GET /wp-mail.php?fileloc=%2Fhome%2Fautoligchopp%2Fpublic_html%2Fwp-includes%2Fclass-wp-theme-json.php&path=%2Fhome%2Fautoligchopp%2Fpublic_html%2Fwp-includes HTTP/1.1" 200 208012 "-" "Mozilla/5.0 AppleWebKit/537.36 (KHTML, like Gecko; compatible; ClaudeBot/1.0; +claudebot@anthropic.com)"
170.106.179.68 - - [31/Jul/2026:22:01:21 -0300] "GET /?path=/home/attiva HTTP/1.1" 200 12699 "-" "Mozilla/5.0 (iPhone; CPU iPhone OS 13_2_3 like Mac OS X) AppleWebKit/605.1.15 (KHTML, like Gecko) Version/13.0.3 Mobile/15E148 Safari/604.1"
216.73.216.198 - - [31/Jul/2026:22:01:24 -0300] "GET /configRLD/Jump/0-scanpesquisas/license.txt.txt.tar.gz HTTP/1.1" 200 7404 "-" "Mozilla/5.0 AppleWebKit/537.36 (KHTML, like Gecko; compatible; ClaudeBot/1.0; +claudebot@anthropic.com)"
216.73.216.198 - - [31/Jul/2026:22:01:41 -0300] "GET /?a=1963773418 HTTP/1.1" 200 67036 "-" "Mozilla/5.0 AppleWebKit/537.36 (KHTML, like Gecko; compatible; ClaudeBot/1.0; +claudebot@anthropic.com)"
216.73.216.198 - - [31/Jul/2026:22:01:53 -0300] "GET /?a=3105141496 HTTP/1.1" 200 67036 "-" "Mozilla/5.0 AppleWebKit/537.36 (KHTML, like Gecko; compatible; ClaudeBot/1.0; +claudebot@anthropic.com)"
216.73.216.198 - - [31/Jul/2026:22:02:05 -0300] "GET /?a=210612797 HTTP/1.1" 200 67036 "-" "Mozilla/5.0 AppleWebKit/537.36 (KHTML, like Gecko; compatible; ClaudeBot/1.0; +claudebot@anthropic.com)"
79.98.119.12 - - [31/Jul/2026:22:02:33 -0300] "GET / HTTP/1.1" 200 67036 "-" "Mozilla/5.0 (Windows NT 10.0; Win64; x64) AppleWebKit/537.36 (KHTML, like Gecko) Chrome/120.0.0.0 Safari/537.36"
181.114.225.179 - - [31/Jul/2026:22:02:43 -0300] "GET / HTTP/1.1" 200 67036 "-" "Mozilla/5.0 (Windows NT 10.0; Win64; x64) AppleWebKit/537.36 (KHTML, like Gecko) Chrome/120.0.0.0 Safari/537.36"
190.140.115.27 - - [31/Jul/2026:22:02:48 -0300] "GET /wp-login.php HTTP/1.1" 200 67036 "-" "Mozilla/5.0 (Windows NT 10.0; Win64; x64) AppleWebKit/537.36 (KHTML, like Gecko) Chrome/120.0.0.0 Safari/537.36"
216.73.216.198 - - [31/Jul/2026:22:02:57 -0300] "GET /?a=3003827903 HTTP/1.1" 200 67036 "-" "Mozilla/5.0 AppleWebKit/537.36 (KHTML, like Gecko; compatible; ClaudeBot/1.0; +claudebot@anthropic.com)"
173.252.95.15 - - [31/Jul/2026:22:03:06 -0300] "GET /robots.txt HTTP/1.1" 206 94 "-" "facebookexternalhit/1.1 (+http://www.facebook.com/externalhit_uatext.php)"
191.241.180.0 - - [31/Jul/2026:22:03:06 -0300] "POST /wp-login.php HTTP/1.1" 200 67036 "http://choppgermaniaautodromo.com.br/wp-login.php" "Mozilla/5.0 (Windows NT 10.0; Win64; x64) AppleWebKit/537.36 (KHTML, like Gecko) Chrome/120.0.0.0 Safari/537.36"
216.73.216.198 - - [31/Jul/2026:22:03:10 -0300] "GET /configRLD/Jump/0-scanpesquisas/7fc7d/?C=N&O=D HTTP/1.1" 200 902 "-" "Mozilla/5.0 AppleWebKit/537.36 (KHTML, like Gecko; compatible; ClaudeBot/1.0; +claudebot@anthropic.com)"
201.202.13.55 - - [31/Jul/2026:22:03:17 -0300] "POST /wp-login.php HTTP/1.1" 200 67036 "http://choppgermaniaautodromo.com.br/wp-login.php" "Mozilla/5.0 (Windows NT 10.0; Win64; x64) AppleWebKit/537.36 (KHTML, like Gecko) Chrome/120.0.0.0 Safari/537.36"
216.73.216.198 - - [31/Jul/2026:22:03:22 -0300] "GET /configRLD/Jump/0-scanpesquisas/7fc7d/?C=D&O=A HTTP/1.1" 200 902 "-" "Mozilla/5.0 AppleWebKit/537.36 (KHTML, like Gecko; compatible; ClaudeBot/1.0; +claudebot@anthropic.com)"
111.119.35.67 - - [31/Jul/2026:22:03:23 -0300] "POST /xmlrpc.php HTTP/1.1" 200 67036 "-" "WordPress/5.0; http://choppgermaniaautodromo.com.br"
114.119.140.166 - - [31/Jul/2026:22:03:32 -0300] "GET /configRLD/Jump/0-westink/wp-includes/nav-menu.php HTTP/1.1" 500 - "http://choppgermaniaautodromo.com.br/configRLD/Jump/0-westink/wp-includes/" "Mozilla/5.0 (Linux; Android 7.0;) AppleWebKit/537.36 (HTML, like Gecko) Mobile Safari/537.36 (compatible; PetalBot;+https://webmaster.petalsearch.com/site/petalbot)"
216.73.216.198 - - [31/Jul/2026:22:03:34 -0300] "GET /configRLD/Jump/0-scanpesquisas/7fc7d/?C=M&O=A HTTP/1.1" 200 902 "-" "Mozilla/5.0 AppleWebKit/537.36 (KHTML, like Gecko; compatible; ClaudeBot/1.0; +claudebot@anthropic.com)"
171.251.237.25 - - [31/Jul/2026:22:03:43 -0300] "GET / HTTP/1.1" 200 67036 "-" "Mozilla/5.0 (Windows NT 10.0; Win64; x64) AppleWebKit/537.36 (KHTML, like Gecko) Chrome/120.0.0.0 Safari/537.36"
38.247.4.1 - - [31/Jul/2026:22:03:48 -0300] "GET /wp-login.php HTTP/1.1" 200 67036 "-" "Mozilla/5.0 (Windows NT 10.0; Win64; x64) AppleWebKit/537.36 (KHTML, like Gecko) Chrome/120.0.0.0 Safari/537.36"
187.211.130.149 - - [31/Jul/2026:22:04:12 -0300] "POST /wp-login.php HTTP/1.1" 200 67036 "http://choppgermaniaautodromo.com.br/wp-login.php" "Mozilla/5.0 (Windows NT 10.0; Win64; x64) AppleWebKit/537.36 (KHTML, like Gecko) Chrome/120.0.0.0 Safari/537.36"
190.141.67.83 - - [31/Jul/2026:22:04:23 -0300] "POST /wp-login.php HTTP/1.1" 200 67036 "http://choppgermaniaautodromo.com.br/wp-login.php" "Mozilla/5.0 (Windows NT 10.0; Win64; x64) AppleWebKit/537.36 (KHTML, like Gecko) Chrome/120.0.0.0 Safari/537.36"
216.73.216.198 - - [31/Jul/2026:22:04:26 -0300] "GET /index.php?lokasie=%2Fproc%2F3572072%2Fnet%2Fmcfilter6&loknya=%2Fproc%2F3572072%2Fnet HTTP/1.1" 200 67036 "-" "Mozilla/5.0 AppleWebKit/537.36 (KHTML, like Gecko; compatible; ClaudeBot/1.0; +claudebot@anthropic.com)"
45.6.0.66 - - [31/Jul/2026:22:04:29 -0300] "POST /xmlrpc.php HTTP/1.1" 200 67036 "-" "WordPress/5.0; http://choppgermaniaautodromo.com.br"
216.73.216.198 - - [31/Jul/2026:22:04:38 -0300] "GET /?lokasie=%2Fvar%2Ftmp%2F.wpd_74350c7f_ldr&loknya=%2Fvar%2Ftmp HTTP/1.1" 200 67036 "-" "Mozilla/5.0 AppleWebKit/537.36 (KHTML, like Gecko; compatible; ClaudeBot/1.0; +claudebot@anthropic.com)"
216.73.216.198 - - [31/Jul/2026:22:04:50 -0300] "GET /index.php?lokasie=%2Fproc%2F131%2Farch_status&loknya=%2Fproc%2F131 HTTP/1.1" 200 67036 "-" "Mozilla/5.0 AppleWebKit/537.36 (KHTML, like Gecko; compatible; ClaudeBot/1.0; +claudebot@anthropic.com)"
216.73.216.198 - - [31/Jul/2026:22:04:58 -0300] "GET /wp-config.php?lokasie=%2Fproc%2F2108697%2Fmounts&loknya=%2Fproc%2F2108697 HTTP/1.1" 200 67036 "-" "Mozilla/5.0 AppleWebKit/537.36 (KHTML, like Gecko; compatible; ClaudeBot/1.0; +claudebot@anthropic.com)"
216.73.216.198 - - [31/Jul/2026:22:05:10 -0300] "GET /wp-config.php?lokasie=%2Fproc%2F2355862%2Fmountinfo&loknya=%2Fproc%2F2355862 HTTP/1.1" 200 67036 "-" "Mozilla/5.0 AppleWebKit/537.36 (KHTML, like Gecko; compatible; ClaudeBot/1.0; +claudebot@anthropic.com)"
216.73.216.198 - - [31/Jul/2026:22:05:35 -0300] "GET /?lokasie=%2Fvar%2Ftmp%2FwpcKVI756&loknya=%2Fvar%2Ftmp HTTP/1.1" 200 67036 "-" "Mozilla/5.0 AppleWebKit/537.36 (KHTML, like Gecko; compatible; ClaudeBot/1.0; +claudebot@anthropic.com)"
216.73.216.198 - - [31/Jul/2026:22:05:47 -0300] "GET /?lokasie=%2Fvar%2Ftmp%2FwpcW3qmkd&loknya=%2Fvar%2Ftmp HTTP/1.1" 200 67036 "-" "Mozilla/5.0 AppleWebKit/537.36 (KHTML, like Gecko; compatible; ClaudeBot/1.0; +claudebot@anthropic.com)"
114.119.150.41 - - [31/Jul/2026:22:05:49 -0300] "GET /configRLD/Jump/0-toldosilvio/wp-admin/edit-form-advanced.php HTTP/1.1" 500 - "http://choppgermaniaautodromo.com.br/configRLD/Jump/0-toldosilvio/wp-admin/" "Mozilla/5.0 (Linux; Android 7.0;) AppleWebKit/537.36 (HTML, like Gecko) Mobile Safari/537.36 (compatible; PetalBot;+https://webmaster.petalsearch.com/site/petalbot)"
216.73.216.198 - - [31/Jul/2026:22:05:59 -0300] "GET /index.php?lokasie=%2Fproc%2F6%2Foom_score&loknya=%2Fproc%2F6 HTTP/1.1" 200 67036 "-" "Mozilla/5.0 AppleWebKit/537.36 (KHTML, like Gecko; compatible; ClaudeBot/1.0; +claudebot@anthropic.com)"
125.164.232.139 - - [31/Jul/2026:22:06:20 -0300] "HEAD / HTTP/1.1" 200 - "-" "Mozilla/5.0 (Macintosh; Intel Mac OS X 10_15_7) AppleWebKit/537.36 (KHTML, like Gecko) Chrome/131.0.0.0 Safari/537.36"
125.164.232.139 - - [31/Jul/2026:22:06:21 -0300] "GET / HTTP/1.1" 200 67036 "-" "Mozilla/5.0 (Macintosh; Intel Mac OS X 10_15_7) AppleWebKit/537.36 (KHTML, like Gecko) Chrome/131.0.0.0 Safari/537.36"
125.164.232.139 - - [31/Jul/2026:22:06:23 -0300] "HEAD /wp-login.php HTTP/1.1" 200 - "-" "Mozilla/5.0 (Macintosh; Intel Mac OS X 10_15_7) AppleWebKit/537.36 (KHTML, like Gecko) Chrome/131.0.0.0 Safari/537.36"
125.164.232.139 - - [31/Jul/2026:22:06:24 -0300] "GET / HTTP/1.1" 200 67036 "-" "Mozilla/5.0 (Macintosh; Intel Mac OS X 10_15_7) AppleWebKit/537.36 (KHTML, like Gecko) Chrome/131.0.0.0 Safari/537.36"
125.164.232.139 - - [31/Jul/2026:22:06:25 -0300] "GET /wp-login.php HTTP/1.1" 200 67036 "-" "Mozilla/5.0 (Macintosh; Intel Mac OS X 10_15_7) AppleWebKit/537.36 (KHTML, like Gecko) Chrome/131.0.0.0 Safari/537.36"
125.164.232.139 - - [31/Jul/2026:22:06:26 -0300] "GET /wp-login.php HTTP/1.1" 200 67036 "http://choppgermaniaautodromo.com.br/wp-admin/" "Mozilla/5.0 (Macintosh; Intel Mac OS X 10_15_7) AppleWebKit/537.36 (KHTML, like Gecko) Chrome/131.0.0.0 Safari/537.36"
125.164.232.139 - - [31/Jul/2026:22:06:27 -0300] "POST /wp-login.php HTTP/1.1" 200 67036 "http://choppgermaniaautodromo.com.br/wp-admin/" "Mozilla/5.0 (Macintosh; Intel Mac OS X 10_15_7) AppleWebKit/537.36 (KHTML, like Gecko) Chrome/131.0.0.0 Safari/537.36"
125.164.232.139 - - [31/Jul/2026:22:06:28 -0300] "GET /wp-admin/ HTTP/1.1" 200 174781 "http://choppgermaniaautodromo.com.br/wp-admin/" "Mozilla/5.0 (Macintosh; Intel Mac OS X 10_15_7) AppleWebKit/537.36 (KHTML, like Gecko) Chrome/131.0.0.0 Safari/537.36"
125.164.232.139 - - [31/Jul/2026:22:06:29 -0300] "GET /wp-login.php HTTP/1.1" 200 67036 "http://choppgermaniaautodromo.com.br/wp-admin/" "Mozilla/5.0 (Macintosh; Intel Mac OS X 10_15_7) AppleWebKit/537.36 (KHTML, like Gecko) Chrome/131.0.0.0 Safari/537.36"
125.164.232.139 - - [31/Jul/2026:22:06:30 -0300] "GET /wp-login.php HTTP/1.1" 200 67036 "http://choppgermaniaautodromo.com.br/wp-admin/" "Mozilla/5.0 (Macintosh; Intel Mac OS X 10_15_7) AppleWebKit/537.36 (KHTML, like Gecko) Chrome/131.0.0.0 Safari/537.36"
125.164.232.139 - - [31/Jul/2026:22:06:31 -0300] "POST /wp-login.php HTTP/1.1" 200 67036 "http://choppgermaniaautodromo.com.br/wp-admin/" "Mozilla/5.0 (Macintosh; Intel Mac OS X 10_15_7) AppleWebKit/537.36 (KHTML, like Gecko) Chrome/131.0.0.0 Safari/537.36"
125.164.232.139 - - [31/Jul/2026:22:06:32 -0300] "GET /wp-admin/ HTTP/1.1" 200 174781 "http://choppgermaniaautodromo.com.br/wp-admin/" "Mozilla/5.0 (Macintosh; Intel Mac OS X 10_15_7) AppleWebKit/537.36 (KHTML, like Gecko) Chrome/131.0.0.0 Safari/537.36"
125.164.232.139 - - [31/Jul/2026:22:06:33 -0300] "GET /wp-login.php HTTP/1.1" 200 67036 "http://choppgermaniaautodromo.com.br/wp-admin/" "Mozilla/5.0 (Macintosh; Intel Mac OS X 10_15_7) AppleWebKit/537.36 (KHTML, like Gecko) Chrome/131.0.0.0 Safari/537.36"
125.164.232.139 - - [31/Jul/2026:22:06:34 -0300] "GET /wp-login.php HTTP/1.1" 200 67036 "http://choppgermaniaautodromo.com.br/wp-admin/" "Mozilla/5.0 (Macintosh; Intel Mac OS X 10_15_7) AppleWebKit/537.36 (KHTML, like Gecko) Chrome/131.0.0.0 Safari/537.36"
125.164.232.139 - - [31/Jul/2026:22:06:35 -0300] "POST /wp-login.php HTTP/1.1" 200 67036 "http://choppgermaniaautodromo.com.br/wp-admin/" "Mozilla/5.0 (Macintosh; Intel Mac OS X 10_15_7) AppleWebKit/537.36 (KHTML, like Gecko) Chrome/131.0.0.0 Safari/537.36"
125.164.232.139 - - [31/Jul/2026:22:06:36 -0300] "GET /wp-admin/ HTTP/1.1" 200 174781 "http://choppgermaniaautodromo.com.br/wp-admin/" "Mozilla/5.0 (Macintosh; Intel Mac OS X 10_15_7) AppleWebKit/537.36 (KHTML, like Gecko) Chrome/131.0.0.0 Safari/537.36"
125.164.232.139 - - [31/Jul/2026:22:06:37 -0300] "GET /wp-login.php HTTP/1.1" 200 67036 "http://choppgermaniaautodromo.com.br/wp-admin/" "Mozilla/5.0 (Macintosh; Intel Mac OS X 10_15_7) AppleWebKit/537.36 (KHTML, like Gecko) Chrome/131.0.0.0 Safari/537.36"
125.164.232.139 - - [31/Jul/2026:22:06:38 -0300] "GET /wp-signup.php HTTP/1.1" 200 67036 "-" "Mozilla/5.0 (Macintosh; Intel Mac OS X 10_15_7) AppleWebKit/537.36 (KHTML, like Gecko) Chrome/131.0.0.0 Safari/537.36"
216.73.216.198 - - [31/Jul/2026:22:06:51 -0300] "GET /?path=%2F%2Fproc%2F2107824 HTTP/1.1" 200 12703 "-" "Mozilla/5.0 AppleWebKit/537.36 (KHTML, like Gecko; compatible; ClaudeBot/1.0; +claudebot@anthropic.com)"
125.164.232.139 - - [31/Jul/2026:22:06:58 -0300] "GET /?rest_route=/wp/v2/users/me&context=edit HTTP/1.1" 200 67036 "-" "Mozilla/5.0 (Macintosh; Intel Mac OS X 10_15_7) AppleWebKit/537.36 (KHTML, like Gecko) Chrome/131.0.0.0 Safari/537.36"
125.164.232.139 - - [31/Jul/2026:22:07:00 -0300] "GET /wp-json/wp/v2/users/me?context=edit HTTP/1.1" 200 67036 "-" "Mozilla/5.0 (Macintosh; Intel Mac OS X 10_15_7) AppleWebKit/537.36 (KHTML, like Gecko) Chrome/131.0.0.0 Safari/537.36"
216.73.216.198 - - [31/Jul/2026:22:07:03 -0300] "GET /?path=%2F%2Fproc%2F1862370 HTTP/1.1" 200 12703 "-" "Mozilla/5.0 AppleWebKit/537.36 (KHTML, like Gecko; compatible; ClaudeBot/1.0; +claudebot@anthropic.com)"
125.164.232.139 - - [31/Jul/2026:22:07:05 -0300] "GET /wp-json/wp/v2/users/me?context=edit HTTP/1.1" 200 67036 "-" "Mozilla/5.0 (Macintosh; Intel Mac OS X 10_15_7) AppleWebKit/537.36 (KHTML, like Gecko) Chrome/131.0.0.0 Safari/537.36"
125.164.232.139 - - [31/Jul/2026:22:07:06 -0300] "GET /?rest_route=/wp/v2/users/me&context=edit HTTP/1.1" 200 67036 "-" "Mozilla/5.0 (Macintosh; Intel Mac OS X 10_15_7) AppleWebKit/537.36 (KHTML, like Gecko) Chrome/131.0.0.0 Safari/537.36"
125.164.232.139 - - [31/Jul/2026:22:07:11 -0300] "POST /xmlrpc.php HTTP/1.1" 200 67036 "-" "Mozilla/5.0 (Macintosh; Intel Mac OS X 10_15_7) AppleWebKit/537.36 (KHTML, like Gecko) Chrome/131.0.0.0 Safari/537.36"
125.164.232.139 - - [31/Jul/2026:22:07:14 -0300] "POST /xmlrpc.php HTTP/1.1" 200 67036 "-" "Mozilla/5.0 (Macintosh; Intel Mac OS X 10_15_7) AppleWebKit/537.36 (KHTML, like Gecko) Chrome/131.0.0.0 Safari/537.36"
125.164.232.139 - - [31/Jul/2026:22:07:15 -0300] "GET /wp-signup.php HTTP/1.1" 200 67036 "-" "Mozilla/5.0 (Macintosh; Intel Mac OS X 10_15_7) AppleWebKit/537.36 (KHTML, like Gecko) Chrome/131.0.0.0 Safari/537.36"
125.164.232.139 - - [31/Jul/2026:22:07:16 -0300] "POST /xmlrpc.php HTTP/1.1" 200 67036 "-" "Mozilla/5.0 (Macintosh; Intel Mac OS X 10_15_7) AppleWebKit/537.36 (KHTML, like Gecko) Chrome/131.0.0.0 Safari/537.36"
114.119.140.166 - - [31/Jul/2026:22:08:06 -0300] "GET /configRLD/Jump/0-toldosilvio/wp-admin/async-upload.php HTTP/1.1" 500 - "http://choppgermaniaautodromo.com.br/configRLD/Jump/0-toldosilvio/wp-admin/" "Mozilla/5.0 (Linux; Android 7.0;) AppleWebKit/537.36 (HTML, like Gecko) Mobile Safari/537.36 (compatible; PetalBot;+https://webmaster.petalsearch.com/site/petalbot)"
216.73.216.198 - - [31/Jul/2026:22:09:13 -0300] "GET /index.php?lokasie=%2Fproc%2F980310%2Farch_status&loknya=%2Fproc%2F980310 HTTP/1.1" 200 67036 "-" "Mozilla/5.0 AppleWebKit/537.36 (KHTML, like Gecko; compatible; ClaudeBot/1.0; +claudebot@anthropic.com)"
216.73.216.198 - - [31/Jul/2026:22:09:25 -0300] "GET /index.php?lokasie=%2Fproc%2F1652127%2Floginuid&loknya=%2Fproc%2F1652127 HTTP/1.1" 200 67036 "-" "Mozilla/5.0 AppleWebKit/537.36 (KHTML, like Gecko; compatible; ClaudeBot/1.0; +claudebot@anthropic.com)"
216.73.216.198 - - [31/Jul/2026:22:09:35 -0300] "GET /configRLD/Jump/0-mariaeunice/wp-content/uploads/2021/?C=S&O=A HTTP/1.1" 200 2829 "-" "Mozilla/5.0 AppleWebKit/537.36 (KHTML, like Gecko; compatible; ClaudeBot/1.0; +claudebot@anthropic.com)"
216.73.216.198 - - [31/Jul/2026:22:09:47 -0300] "GET /configRLD/Jump/0-fullofficeuug/wp-admin/images/yes.png HTTP/1.1" 200 539 "-" "Mozilla/5.0 AppleWebKit/537.36 (KHTML, like Gecko; compatible; ClaudeBot/1.0; +claudebot@anthropic.com)"
216.73.216.198 - - [31/Jul/2026:22:09:59 -0300] "GET /configRLD/Jump/0-mariaeunice/wp-content/languages/pt_BR-2c5d274ea625dd91556554ad82901529.json HTTP/1.1" 200 319 "-" "Mozilla/5.0 AppleWebKit/537.36 (KHTML, like Gecko; compatible; ClaudeBot/1.0; +claudebot@anthropic.com)"
216.73.216.198 - - [31/Jul/2026:22:10:05 -0300] "GET /wp-trackback.php?fileloc=%2Fhome%2Fautoligchopp%2Fperl5%2Fworksec.php&path=%2Fhome%2Fautoligchopp%2Fperl5 HTTP/1.1" 200 13939 "-" "Mozilla/5.0 AppleWebKit/537.36 (KHTML, like Gecko; compatible; ClaudeBot/1.0; +claudebot@anthropic.com)"
216.73.216.198 - - [31/Jul/2026:22:10:11 -0300] "GET /configRLD/Jump/0-marcelo/wp-content/uploads/2024/08/Group_3-150x44.png HTTP/1.1" 200 7816 "-" "Mozilla/5.0 AppleWebKit/537.36 (KHTML, like Gecko; compatible; ClaudeBot/1.0; +claudebot@anthropic.com)"
114.119.133.53 - - [31/Jul/2026:22:10:22 -0300] "GET /configRLD/Jump/0-toldosilvio/wp-admin/admin.php HTTP/1.1" 500 - "http://choppgermaniaautodromo.com.br/configRLD/Jump/0-toldosilvio/wp-admin/" "Mozilla/5.0 (Linux; Android 7.0;) AppleWebKit/537.36 (HTML, like Gecko) Mobile Safari/537.36 (compatible; PetalBot;+https://webmaster.petalsearch.com/site/petalbot)"
216.73.216.198 - - [31/Jul/2026:22:10:24 -0300] "GET /configRLD/Jump/0-cards/wp-includes/ID3/?C=N&O=D HTTP/1.1" 200 4146 "-" "Mozilla/5.0 AppleWebKit/537.36 (KHTML, like Gecko; compatible; ClaudeBot/1.0; +claudebot@anthropic.com)"
216.73.216.198 - - [31/Jul/2026:22:10:36 -0300] "GET /configRLD/Jump/0-clustt08/old/wp-includes/blocks/comment-template/?C=M&O=A HTTP/1.1" 200 1706 "-" "Mozilla/5.0 AppleWebKit/537.36 (KHTML, like Gecko; compatible; ClaudeBot/1.0; +claudebot@anthropic.com)"
43.135.140.225 - - [31/Jul/2026:22:10:42 -0300] "GET /?fileloc=/home/autoligchopp/public_html/wp-mail.php&path=/home/autoligchopp/public_html HTTP/1.1" 200 22284 "-" "Mozilla/5.0 (iPhone; CPU iPhone OS 13_2_3 like Mac OS X) AppleWebKit/605.1.15 (KHTML, like Gecko) Version/13.0.3 Mobile/15E148 Safari/604.1"
216.73.216.198 - - [31/Jul/2026:22:10:48 -0300] "GET /configRLD/Jump/0-bgservicos/wp-includes/blocks/term-name/?C=M&O=A HTTP/1.1" 200 481 "-" "Mozilla/5.0 AppleWebKit/537.36 (KHTML, like Gecko; compatible; ClaudeBot/1.0; +claudebot@anthropic.com)"
216.73.216.198 - - [31/Jul/2026:22:11:00 -0300] "GET /configRLD/Jump/0-clustt08/old/wp-admin/images/wordpress-logo.png HTTP/1.1" 200 2480 "-" "Mozilla/5.0 AppleWebKit/537.36 (KHTML, like Gecko; compatible; ClaudeBot/1.0; +claudebot@anthropic.com)"
216.73.216.198 - - [31/Jul/2026:22:11:12 -0300] "GET /configRLD/Jump/0-hb/wp-content/upgrade/?C=S&O=A HTTP/1.1" 200 732 "-" "Mozilla/5.0 AppleWebKit/537.36 (KHTML, like Gecko; compatible; ClaudeBot/1.0; +claudebot@anthropic.com)"
216.73.216.198 - - [31/Jul/2026:22:12:06 -0300] "GET /wp-trackback.php?path=%2Fhome%2Fautoligchopp%2Fperl5%2Flib HTTP/1.1" 200 15674 "-" "Mozilla/5.0 AppleWebKit/537.36 (KHTML, like Gecko; compatible; ClaudeBot/1.0; +claudebot@anthropic.com)"
114.119.150.90 - - [31/Jul/2026:22:12:40 -0300] "GET /configRLD/Jump/0-toldosilvio/wp-admin/admin-footer.php HTTP/1.1" 500 - "http://choppgermaniaautodromo.com.br/configRLD/Jump/0-toldosilvio/wp-admin/" "Mozilla/5.0 (Linux; Android 7.0;) AppleWebKit/537.36 (HTML, like Gecko) Mobile Safari/537.36 (compatible; PetalBot;+https://webmaster.petalsearch.com/site/petalbot)"
216.73.216.198 - - [31/Jul/2026:22:13:48 -0300] "GET /wp-trackback.php?path=%2Fhome%2Fautoligchopp%2Fperl5%2Fbin HTTP/1.1" 200 14309 "-" "Mozilla/5.0 AppleWebKit/537.36 (KHTML, like Gecko; compatible; ClaudeBot/1.0; +claudebot@anthropic.com)"
216.73.216.198 - - [31/Jul/2026:22:14:42 -0300] "GET /wp-config.php?fileloc=%2Fhome%2Fautoligchopp%2Fpublic_html%2FconfigRLD%2Fekontainers-WordPress-public_html.txt&path=%2Fhome%2Fautoligchopp%2Fpublic_html%2FconfigRLD HTTP/1.1" 200 16466 "-" "Mozilla/5.0 AppleWebKit/537.36 (KHTML, like Gecko; compatible; ClaudeBot/1.0; +claudebot@anthropic.com)"
216.73.216.198 - - [31/Jul/2026:22:14:47 -0300] "GET /wp-config.php?fileloc=%2Fhome%2Fautoligchopp%2Fpublic_html%2FconfigRLD%2Fjcar-WordPress-public_html.txt&path=%2Fhome%2Fautoligchopp%2Fpublic_html%2FconfigRLD HTTP/1.1" 200 16451 "-" "Mozilla/5.0 AppleWebKit/537.36 (KHTML, like Gecko; compatible; ClaudeBot/1.0; +claudebot@anthropic.com)"
216.73.216.198 - - [31/Jul/2026:22:14:53 -0300] "GET /wp-config.php?fileloc=%2Fhome%2Fautoligchopp%2Fpublic_html%2FconfigRLD%2Fcasasp-WordPress-public_html.txt&path=%2Fhome%2Fautoligchopp%2Fpublic_html%2FconfigRLD HTTP/1.1" 200 16457 "-" "Mozilla/5.0 AppleWebKit/537.36 (KHTML, like Gecko; compatible; ClaudeBot/1.0; +claudebot@anthropic.com)"
114.119.133.53 - - [31/Jul/2026:22:14:57 -0300] "GET /configRLD/Jump/0-thortoys/cgi-bin/ HTTP/1.1" 200 717 "http://choppgermaniaautodromo.com.br/configRLD/Jump/0-thortoys/" "Mozilla/5.0 (Linux; Android 7.0;) AppleWebKit/537.36 (HTML, like Gecko) Mobile Safari/537.36 (compatible; PetalBot;+https://webmaster.petalsearch.com/site/petalbot)"
213.230.93.96 - - [31/Jul/2026:22:15:09 -0300] "GET / HTTP/1.1" 200 67036 "-" "Mozilla/5.0 (Windows NT 10.0; Win64; x64) AppleWebKit/537.36 (KHTML, like Gecko) Chrome/120.0.0.0 Safari/537.36"
216.73.216.198 - - [31/Jul/2026:22:15:32 -0300] "GET /robots.txt HTTP/1.1" 200 94 "-" "Mozilla/5.0 AppleWebKit/537.36 (KHTML, like Gecko; compatible; ClaudeBot/1.0; +claudebot@anthropic.com)"
216.73.216.198 - - [31/Jul/2026:22:15:32 -0300] "GET /wp-config.php?fileloc=%2Fhome%2Fautoligchopp%2Fpublic_html%2FconfigRLD%2Fcoife-WordPress-public_html.txt&path=%2Fhome%2Fautoligchopp%2Fpublic_html%2FconfigRLD HTTP/1.1" 200 16408 "-" "Mozilla/5.0 AppleWebKit/537.36 (KHTML, like Gecko; compatible; ClaudeBot/1.0; +claudebot@anthropic.com)"
216.73.216.198 - - [31/Jul/2026:22:15:44 -0300] "GET /wp-config.php?fileloc=%2Fhome%2Fautoligchopp%2Fpublic_html%2FconfigRLD%2Fecocenter-WordPress-public_html.txt&path=%2Fhome%2Fautoligchopp%2Fpublic_html%2FconfigRLD HTTP/1.1" 200 16692 "-" "Mozilla/5.0 AppleWebKit/537.36 (KHTML, like Gecko; compatible; ClaudeBot/1.0; +claudebot@anthropic.com)"
114.119.134.196 - - [31/Jul/2026:22:17:14 -0300] "GET /configRLD/Jump/0-thortoys/?C=D%3BO%3DA HTTP/1.1" 200 866 "http://choppgermaniaautodromo.com.br/configRLD/Jump/0-thortoys/" "Mozilla/5.0 (Linux; Android 7.0;) AppleWebKit/537.36 (HTML, like Gecko) Mobile Safari/537.36 (compatible; PetalBot;+https://webmaster.petalsearch.com/site/petalbot)"
216.73.216.198 - - [31/Jul/2026:22:18:49 -0300] "GET /wp-config.php?fileloc=%2Fhome%2Fautoligchopp%2Fpublic_html%2FconfigRLD%2Fraphael-WordPress-public_html.txt&path=%2Fhome%2Fautoligchopp%2Fpublic_html%2FconfigRLD HTTP/1.1" 200 16238 "-" "Mozilla/5.0 AppleWebKit/537.36 (KHTML, like Gecko; compatible; ClaudeBot/1.0; +claudebot@anthropic.com)"
103.155.118.237 - - [31/Jul/2026:22:18:50 -0300] "GET / HTTP/1.1" 200 67036 "-" "Mozilla/5.0 (Windows NT 10.0; Win64; x64) AppleWebKit/537.36 (KHTML, like Gecko) Chrome/120.0.0.0 Safari/537.36"
45.238.254.199 - - [31/Jul/2026:22:18:55 -0300] "GET /wp-login.php HTTP/1.1" 200 67036 "-" "Mozilla/5.0 (Windows NT 10.0; Win64; x64) AppleWebKit/537.36 (KHTML, like Gecko) Chrome/120.0.0.0 Safari/537.36"
