216.73.216.198 - - [31/Jul/2026:21:25:59 -0300] "GET /?fileloc=%2F%2Fproc%2F105%2Foom_score_adj&path=%2F%2Fproc%2F105 HTTP/1.1" 200 12292 "-" "Mozilla/5.0 AppleWebKit/537.36 (KHTML, like Gecko; compatible; ClaudeBot/1.0; +claudebot@anthropic.com)"
37.27.51.141 - - [31/Jul/2026:21:26:01 -0300] "GET /item-tag/20g/?loknya=/home/autoligchopp HTTP/1.1" 200 67036 "-" "Mozilla/5.0 (compatible; SERankingBacklinksBot/1.0; +https://seranking.com/backlinks-crawler)"
216.73.216.198 - - [31/Jul/2026:21:26:02 -0300] "GET /?fileloc=%2F%2Fproc%2F287130%2Floginuid&path=%2F%2Fproc%2F287130 HTTP/1.1" 200 12294 "-" "Mozilla/5.0 AppleWebKit/537.36 (KHTML, like Gecko; compatible; ClaudeBot/1.0; +claudebot@anthropic.com)"
216.73.216.198 - - [31/Jul/2026:21:26:05 -0300] "GET /?fileloc=%2F%2Fproc%2F287220%2Fio&path=%2F%2Fproc%2F287220 HTTP/1.1" 200 12288 "-" "Mozilla/5.0 AppleWebKit/537.36 (KHTML, like Gecko; compatible; ClaudeBot/1.0; +claudebot@anthropic.com)"
216.73.216.198 - - [31/Jul/2026:21:26:08 -0300] "GET /?fileloc=%2F%2Fproc%2F21%2Foom_score_adj&path=%2F%2Fproc%2F21 HTTP/1.1" 200 12289 "-" "Mozilla/5.0 AppleWebKit/537.36 (KHTML, like Gecko; compatible; ClaudeBot/1.0; +claudebot@anthropic.com)"
216.73.216.198 - - [31/Jul/2026:21:26:11 -0300] "GET /?fileloc=%2F%2Fproc%2F287220%2Farch_status&path=%2F%2Fproc%2F287220 HTTP/1.1" 200 12297 "-" "Mozilla/5.0 AppleWebKit/537.36 (KHTML, like Gecko; compatible; ClaudeBot/1.0; +claudebot@anthropic.com)"
216.73.216.198 - - [31/Jul/2026:21:26:14 -0300] "GET /?fileloc=%2F%2Fproc%2F105%2Fwchan&path=%2F%2Fproc%2F105 HTTP/1.1" 200 12283 "-" "Mozilla/5.0 AppleWebKit/537.36 (KHTML, like Gecko; compatible; ClaudeBot/1.0; +claudebot@anthropic.com)"
216.73.216.198 - - [31/Jul/2026:21:26:17 -0300] "GET /?fileloc=%2F%2Fproc%2F105%2Fnuma_maps&path=%2F%2Fproc%2F105 HTTP/1.1" 200 12286 "-" "Mozilla/5.0 AppleWebKit/537.36 (KHTML, like Gecko; compatible; ClaudeBot/1.0; +claudebot@anthropic.com)"
37.27.51.141 - - [31/Jul/2026:21:26:18 -0300] "GET /item-tag/55g/?loknya=/home/autoligchopp HTTP/1.1" 200 67036 "-" "Mozilla/5.0 (compatible; SERankingBacklinksBot/1.0; +https://seranking.com/backlinks-crawler)"
102.102.96.239 - - [31/Jul/2026:21:26:18 -0300] "POST /wp-login.php HTTP/1.1" 200 67036 "http://choppgermaniaautodromo.com.br/wp-login.php" "Mozilla/5.0 (Windows NT 10.0; Win64; x64) AppleWebKit/537.36 (KHTML, like Gecko) Chrome/120.0.0.0 Safari/537.36"
216.73.216.198 - - [31/Jul/2026:21:26:20 -0300] "GET /?fileloc=%2F%2Fproc%2F21%2Fwchan&path=%2F%2Fproc%2F21 HTTP/1.1" 200 12280 "-" "Mozilla/5.0 AppleWebKit/537.36 (KHTML, like Gecko; compatible; ClaudeBot/1.0; +claudebot@anthropic.com)"
37.27.51.141 - - [31/Jul/2026:21:26:22 -0300] "GET /order/status?loknya=/home/autoligchopp/ HTTP/1.1" 200 67036 "-" "Mozilla/5.0 (compatible; SERankingBacklinksBot/1.0; +https://seranking.com/backlinks-crawler)"
216.73.216.198 - - [31/Jul/2026:21:26:23 -0300] "GET /?fileloc=%2F%2Fproc%2F21%2Fnuma_maps&path=%2F%2Fproc%2F21 HTTP/1.1" 200 12283 "-" "Mozilla/5.0 AppleWebKit/537.36 (KHTML, like Gecko; compatible; ClaudeBot/1.0; +claudebot@anthropic.com)"
216.73.216.198 - - [31/Jul/2026:21:26:26 -0300] "GET /?fileloc=%2F%2Fproc%2F287130%2Fsched&path=%2F%2Fproc%2F287130 HTTP/1.1" 200 12291 "-" "Mozilla/5.0 AppleWebKit/537.36 (KHTML, like Gecko; compatible; ClaudeBot/1.0; +claudebot@anthropic.com)"
161.65.238.160 - - [31/Jul/2026:21:26:29 -0300] "POST /wp-login.php HTTP/1.1" 200 67036 "http://choppgermaniaautodromo.com.br/wp-login.php" "Mozilla/5.0 (Windows NT 10.0; Win64; x64) AppleWebKit/537.36 (KHTML, like Gecko) Chrome/120.0.0.0 Safari/537.36"
216.73.216.198 - - [31/Jul/2026:21:26:29 -0300] "GET /?fileloc=%2F%2Fproc%2F287130%2Fsmaps_rollup&path=%2F%2Fproc%2F287130 HTTP/1.1" 200 12298 "-" "Mozilla/5.0 AppleWebKit/537.36 (KHTML, like Gecko; compatible; ClaudeBot/1.0; +claudebot@anthropic.com)"
37.27.51.141 - - [31/Jul/2026:21:26:30 -0300] "GET /t-shirts/food?loknya=/home/autoligchopp HTTP/1.1" 200 67036 "-" "Mozilla/5.0 (compatible; SERankingBacklinksBot/1.0; +https://seranking.com/backlinks-crawler)"
216.73.216.198 - - [31/Jul/2026:21:26:32 -0300] "GET /?fileloc=%2F%2Fproc%2F287130%2Foom_adj&path=%2F%2Fproc%2F287130 HTTP/1.1" 200 12293 "-" "Mozilla/5.0 AppleWebKit/537.36 (KHTML, like Gecko; compatible; ClaudeBot/1.0; +claudebot@anthropic.com)"
73.33.61.18 - - [31/Jul/2026:21:26:34 -0300] "POST /xmlrpc.php HTTP/1.1" 200 67036 "-" "WordPress/5.0; http://choppgermaniaautodromo.com.br"
216.73.216.198 - - [31/Jul/2026:21:26:35 -0300] "GET /wp-trackback.php?fileloc=%2Fhome%2Fautoligchopp%2Ferror_log&path=%2Fhome%2Fautoligchopp HTTP/1.1" 200 13898 "-" "Mozilla/5.0 AppleWebKit/537.36 (KHTML, like Gecko; compatible; ClaudeBot/1.0; +claudebot@anthropic.com)"
216.73.216.198 - - [31/Jul/2026:21:26:39 -0300] "GET /?path=%2F%2Fproc%2F1510237 HTTP/1.1" 200 12703 "-" "Mozilla/5.0 AppleWebKit/537.36 (KHTML, like Gecko; compatible; ClaudeBot/1.0; +claudebot@anthropic.com)"
216.73.216.198 - - [31/Jul/2026:21:26:42 -0300] "GET /wp-blog-header.php?fileloc=%2Fhome%2Fautoligchopp%2Fpublic_html%2Fwp-admin%2Fpost.php&path=%2Fhome%2Fautoligchopp%2Fpublic_html%2Fwp-admin HTTP/1.1" 200 24345 "-" "Mozilla/5.0 AppleWebKit/537.36 (KHTML, like Gecko; compatible; ClaudeBot/1.0; +claudebot@anthropic.com)"
37.27.51.141 - - [31/Jul/2026:21:26:43 -0300] "GET /item-tag/62g/?loknya=/home/autoligchopp HTTP/1.1" 200 67036 "-" "Mozilla/5.0 (compatible; SERankingBacklinksBot/1.0; +https://seranking.com/backlinks-crawler)"
216.73.216.198 - - [31/Jul/2026:21:26:45 -0300] "GET /?path=%2F%2Fproc%2F2570624 HTTP/1.1" 200 12703 "-" "Mozilla/5.0 AppleWebKit/537.36 (KHTML, like Gecko; compatible; ClaudeBot/1.0; +claudebot@anthropic.com)"
216.73.216.198 - - [31/Jul/2026:21:26:48 -0300] "GET /?path=%2F%2Fproc%2F2108424 HTTP/1.1" 200 12703 "-" "Mozilla/5.0 AppleWebKit/537.36 (KHTML, like Gecko; compatible; ClaudeBot/1.0; +claudebot@anthropic.com)"
95.178.86.237 - - [31/Jul/2026:21:26:49 -0300] "GET / HTTP/1.1" 200 67036 "-" "Mozilla/5.0 (Windows NT 10.0; Win64; x64) AppleWebKit/537.36 (KHTML, like Gecko) Chrome/120.0.0.0 Safari/537.36"
216.73.216.198 - - [31/Jul/2026:21:26:51 -0300] "GET /?path=%2F%2Fproc%2F2254301 HTTP/1.1" 200 12703 "-" "Mozilla/5.0 AppleWebKit/537.36 (KHTML, like Gecko; compatible; ClaudeBot/1.0; +claudebot@anthropic.com)"
37.27.51.141 - - [31/Jul/2026:21:26:51 -0300] "GET /item-tag/65g/?loknya=/home/autoligchopp HTTP/1.1" 200 67036 "-" "Mozilla/5.0 (compatible; SERankingBacklinksBot/1.0; +https://seranking.com/backlinks-crawler)"
216.73.216.198 - - [31/Jul/2026:21:26:54 -0300] "GET /?path=%2F%2Fproc%2F3386668 HTTP/1.1" 200 12703 "-" "Mozilla/5.0 AppleWebKit/537.36 (KHTML, like Gecko; compatible; ClaudeBot/1.0; +claudebot@anthropic.com)"
76.34.123.22 - - [31/Jul/2026:21:26:54 -0300] "GET /wp-login.php HTTP/1.1" 200 67036 "-" "Mozilla/5.0 (Windows NT 10.0; Win64; x64) AppleWebKit/537.36 (KHTML, like Gecko) Chrome/120.0.0.0 Safari/537.36"
37.27.51.141 - - [31/Jul/2026:21:26:55 -0300] "GET /tag-directory?loknya=/home/autoligchopp HTTP/1.1" 200 67036 "-" "Mozilla/5.0 (compatible; SERankingBacklinksBot/1.0; +https://seranking.com/backlinks-crawler)"
216.73.216.198 - - [31/Jul/2026:21:26:57 -0300] "GET /?path=%2F%2Fproc%2F2461810 HTTP/1.1" 200 12703 "-" "Mozilla/5.0 AppleWebKit/537.36 (KHTML, like Gecko; compatible; ClaudeBot/1.0; +claudebot@anthropic.com)"
216.73.216.198 - - [31/Jul/2026:21:27:00 -0300] "GET /?path=%2F%2Fproc%2F2254409 HTTP/1.1" 200 12703 "-" "Mozilla/5.0 AppleWebKit/537.36 (KHTML, like Gecko; compatible; ClaudeBot/1.0; +claudebot@anthropic.com)"
216.73.216.198 - - [31/Jul/2026:21:27:03 -0300] "GET /?path=%2F%2Fproc%2F179508 HTTP/1.1" 200 12701 "-" "Mozilla/5.0 AppleWebKit/537.36 (KHTML, like Gecko; compatible; ClaudeBot/1.0; +claudebot@anthropic.com)"
216.73.216.198 - - [31/Jul/2026:21:27:06 -0300] "GET /?path=%2F%2Fproc%2F3057770 HTTP/1.1" 200 12703 "-" "Mozilla/5.0 AppleWebKit/537.36 (KHTML, like Gecko; compatible; ClaudeBot/1.0; +claudebot@anthropic.com)"
37.27.51.141 - - [31/Jul/2026:21:27:08 -0300] "GET /item-tag/all/?loknya=/home/autoligchopp HTTP/1.1" 200 67036 "-" "Mozilla/5.0 (compatible; SERankingBacklinksBot/1.0; +https://seranking.com/backlinks-crawler)"
216.73.216.198 - - [31/Jul/2026:21:27:09 -0300] "GET /?path=%2F%2Fproc%2F1288412 HTTP/1.1" 200 12703 "-" "Mozilla/5.0 AppleWebKit/537.36 (KHTML, like Gecko; compatible; ClaudeBot/1.0; +claudebot@anthropic.com)"
37.27.51.141 - - [31/Jul/2026:21:27:12 -0300] "GET /throw-pillows?loknya=/home/autoligchopp HTTP/1.1" 200 67036 "-" "Mozilla/5.0 (compatible; SERankingBacklinksBot/1.0; +https://seranking.com/backlinks-crawler)"
216.73.216.198 - - [31/Jul/2026:21:27:12 -0300] "GET /?path=%2F%2Fproc%2F2108886 HTTP/1.1" 200 12703 "-" "Mozilla/5.0 AppleWebKit/537.36 (KHTML, like Gecko; compatible; ClaudeBot/1.0; +claudebot@anthropic.com)"
216.73.216.198 - - [31/Jul/2026:21:27:15 -0300] "GET /?path=%2F%2Fproc%2F2559480 HTTP/1.1" 200 12703 "-" "Mozilla/5.0 AppleWebKit/537.36 (KHTML, like Gecko; compatible; ClaudeBot/1.0; +claudebot@anthropic.com)"
190.114.36.112 - - [31/Jul/2026:21:27:13 -0300] "POST /wp-login.php HTTP/1.1" 200 67036 "http://choppgermaniaautodromo.com.br/wp-login.php" "Mozilla/5.0 (Windows NT 10.0; Win64; x64) AppleWebKit/537.36 (KHTML, like Gecko) Chrome/120.0.0.0 Safari/537.36"
216.73.216.198 - - [31/Jul/2026:21:27:18 -0300] "GET /?path=%2F%2Fproc%2F2108869 HTTP/1.1" 200 12703 "-" "Mozilla/5.0 AppleWebKit/537.36 (KHTML, like Gecko; compatible; ClaudeBot/1.0; +claudebot@anthropic.com)"
37.27.51.141 - - [31/Jul/2026:21:27:20 -0300] "GET /users/sign_in?loknya=/home/autoligchopp HTTP/1.1" 200 67036 "-" "Mozilla/5.0 (compatible; SERankingBacklinksBot/1.0; +https://seranking.com/backlinks-crawler)"
216.73.216.198 - - [31/Jul/2026:21:27:21 -0300] "GET /?path=%2F%2Fproc%2F2770056 HTTP/1.1" 200 12703 "-" "Mozilla/5.0 AppleWebKit/537.36 (KHTML, like Gecko; compatible; ClaudeBot/1.0; +claudebot@anthropic.com)"
216.73.216.198 - - [31/Jul/2026:21:27:24 -0300] "GET /?path=%2F%2Fproc%2F2383513 HTTP/1.1" 200 12703 "-" "Mozilla/5.0 AppleWebKit/537.36 (KHTML, like Gecko; compatible; ClaudeBot/1.0; +claudebot@anthropic.com)"
164.163.75.130 - - [31/Jul/2026:21:27:24 -0300] "POST /wp-login.php HTTP/1.1" 200 67036 "http://choppgermaniaautodromo.com.br/wp-login.php" "Mozilla/5.0 (Windows NT 10.0; Win64; x64) AppleWebKit/537.36 (KHTML, like Gecko) Chrome/120.0.0.0 Safari/537.36"
216.73.216.198 - - [31/Jul/2026:21:27:27 -0300] "GET /?path=%2F%2Fproc%2F2739845 HTTP/1.1" 200 12703 "-" "Mozilla/5.0 AppleWebKit/537.36 (KHTML, like Gecko; compatible; ClaudeBot/1.0; +claudebot@anthropic.com)"
85.113.105.85 - - [31/Jul/2026:21:27:29 -0300] "POST /xmlrpc.php HTTP/1.1" 200 67036 "-" "WordPress/5.0; http://choppgermaniaautodromo.com.br"
216.73.216.198 - - [31/Jul/2026:21:27:30 -0300] "GET /?path=%2F%2Fproc%2F2921235 HTTP/1.1" 200 12703 "-" "Mozilla/5.0 AppleWebKit/537.36 (KHTML, like Gecko; compatible; ClaudeBot/1.0; +claudebot@anthropic.com)"
37.27.51.141 - - [31/Jul/2026:21:27:32 -0300] "GET /item-tag/can/?loknya=/home/autoligchopp HTTP/1.1" 200 67036 "-" "Mozilla/5.0 (compatible; SERankingBacklinksBot/1.0; +https://seranking.com/backlinks-crawler)"
216.73.216.198 - - [31/Jul/2026:21:27:33 -0300] "GET /?path=%2F%2Fproc%2F1288487 HTTP/1.1" 200 12703 "-" "Mozilla/5.0 AppleWebKit/537.36 (KHTML, like Gecko; compatible; ClaudeBot/1.0; +claudebot@anthropic.com)"
216.73.216.198 - - [31/Jul/2026:21:27:36 -0300] "GET /?path=%2F%2Fproc%2F2770052 HTTP/1.1" 200 12703 "-" "Mozilla/5.0 AppleWebKit/537.36 (KHTML, like Gecko; compatible; ClaudeBot/1.0; +claudebot@anthropic.com)"
37.27.51.141 - - [31/Jul/2026:21:27:36 -0300] "GET /users/sign_up?loknya=/home/autoligchopp HTTP/1.1" 200 67036 "-" "Mozilla/5.0 (compatible; SERankingBacklinksBot/1.0; +https://seranking.com/backlinks-crawler)"
216.73.216.198 - - [31/Jul/2026:21:27:39 -0300] "GET /?path=%2F%2Fproc%2F2383493 HTTP/1.1" 200 12703 "-" "Mozilla/5.0 AppleWebKit/537.36 (KHTML, like Gecko; compatible; ClaudeBot/1.0; +claudebot@anthropic.com)"
37.27.51.141 - - [31/Jul/2026:21:27:40 -0300] "GET /item-tag/cub/?loknya=/home/autoligchopp HTTP/1.1" 200 67036 "-" "Mozilla/5.0 (compatible; SERankingBacklinksBot/1.0; +https://seranking.com/backlinks-crawler)"
216.73.216.198 - - [31/Jul/2026:21:27:42 -0300] "GET /?path=%2F%2Fproc%2F1862247 HTTP/1.1" 200 12703 "-" "Mozilla/5.0 AppleWebKit/537.36 (KHTML, like Gecko; compatible; ClaudeBot/1.0; +claudebot@anthropic.com)"
123.253.50.226 - - [31/Jul/2026:21:27:43 -0300] "GET / HTTP/1.1" 200 67036 "-" "Mozilla/5.0 (Windows NT 10.0; Win64; x64) AppleWebKit/537.36 (KHTML, like Gecko) Chrome/120.0.0.0 Safari/537.36"
216.73.216.198 - - [31/Jul/2026:21:27:45 -0300] "GET /?path=%2F%2Fproc%2F1510262 HTTP/1.1" 200 12703 "-" "Mozilla/5.0 AppleWebKit/537.36 (KHTML, like Gecko; compatible; ClaudeBot/1.0; +claudebot@anthropic.com)"
167.60.217.12 - - [31/Jul/2026:21:27:48 -0300] "GET /wp-login.php HTTP/1.1" 200 67036 "-" "Mozilla/5.0 (Windows NT 10.0; Win64; x64) AppleWebKit/537.36 (KHTML, like Gecko) Chrome/120.0.0.0 Safari/537.36"
216.73.216.198 - - [31/Jul/2026:21:27:48 -0300] "GET /?path=%2F%2Fproc%2F1543781 HTTP/1.1" 200 12703 "-" "Mozilla/5.0 AppleWebKit/537.36 (KHTML, like Gecko; compatible; ClaudeBot/1.0; +claudebot@anthropic.com)"
216.73.216.198 - - [31/Jul/2026:21:27:51 -0300] "GET /?path=%2F%2Fproc%2F2090714 HTTP/1.1" 200 12703 "-" "Mozilla/5.0 AppleWebKit/537.36 (KHTML, like Gecko; compatible; ClaudeBot/1.0; +claudebot@anthropic.com)"
37.27.51.141 - - [31/Jul/2026:21:27:53 -0300] "GET /item-tag/dab/?loknya=/home/autoligchopp HTTP/1.1" 200 67036 "-" "Mozilla/5.0 (compatible; SERankingBacklinksBot/1.0; +https://seranking.com/backlinks-crawler)"
216.73.216.198 - - [31/Jul/2026:21:27:54 -0300] "GET /?path=%2F%2Fproc%2F1289039 HTTP/1.1" 200 12703 "-" "Mozilla/5.0 AppleWebKit/537.36 (KHTML, like Gecko; compatible; ClaudeBot/1.0; +claudebot@anthropic.com)"
216.73.216.198 - - [31/Jul/2026:21:27:57 -0300] "GET /?path=%2F%2Fproc%2F3295292 HTTP/1.1" 200 12703 "-" "Mozilla/5.0 AppleWebKit/537.36 (KHTML, like Gecko; compatible; ClaudeBot/1.0; +claudebot@anthropic.com)"
216.73.216.198 - - [31/Jul/2026:21:28:00 -0300] "GET /?path=%2F%2Fproc%2F3174769 HTTP/1.1" 200 12703 "-" "Mozilla/5.0 AppleWebKit/537.36 (KHTML, like Gecko; compatible; ClaudeBot/1.0; +claudebot@anthropic.com)"
37.27.51.141 - - [31/Jul/2026:21:28:01 -0300] "GET /item-tag/eku/?loknya=/home/autoligchopp HTTP/1.1" 200 67036 "-" "Mozilla/5.0 (compatible; SERankingBacklinksBot/1.0; +https://seranking.com/backlinks-crawler)"
190.179.196.15 - - [31/Jul/2026:21:28:09 -0300] "POST /wp-login.php HTTP/1.1" 200 67036 "http://choppgermaniaautodromo.com.br/wp-login.php" "Mozilla/5.0 (Windows NT 10.0; Win64; x64) AppleWebKit/537.36 (KHTML, like Gecko) Chrome/120.0.0.0 Safari/537.36"
114.119.150.41 - - [31/Jul/2026:21:28:10 -0300] "GET /configRLD/Jump/0-toldosilvio/wp-admin/themes.php HTTP/1.1" 500 - "http://choppgermaniaautodromo.com.br/configRLD/Jump/0-toldosilvio/wp-admin/" "Mozilla/5.0 (Linux; Android 7.0;) AppleWebKit/537.36 (HTML, like Gecko) Mobile Safari/537.36 (compatible; PetalBot;+https://webmaster.petalsearch.com/site/petalbot)"
37.27.51.141 - - [31/Jul/2026:21:28:14 -0300] "GET /item-tag/emu/?loknya=/home/autoligchopp HTTP/1.1" 200 67036 "-" "Mozilla/5.0 (compatible; SERankingBacklinksBot/1.0; +https://seranking.com/backlinks-crawler)"
216.73.216.198 - - [31/Jul/2026:21:28:15 -0300] "GET /wp-mail.php?fileloc=%2Fhome%2Fautoligchopp%2Fpublic_html%2Fwp-admin%2Fprivacy.php&path=%2Fhome%2Fautoligchopp%2Fpublic_html%2Fwp-admin HTTP/1.1" 200 16220 "-" "Mozilla/5.0 AppleWebKit/537.36 (KHTML, like Gecko; compatible; ClaudeBot/1.0; +claudebot@anthropic.com)"
216.73.216.198 - - [31/Jul/2026:21:28:18 -0300] "GET /?path=%2F%2Fproc%2F2288464 HTTP/1.1" 200 12703 "-" "Mozilla/5.0 AppleWebKit/537.36 (KHTML, like Gecko; compatible; ClaudeBot/1.0; +claudebot@anthropic.com)"
37.27.51.141 - - [31/Jul/2026:21:28:18 -0300] "GET /item-tag/ipa/?loknya=/home/autoligchopp HTTP/1.1" 200 67036 "-" "Mozilla/5.0 (compatible; SERankingBacklinksBot/1.0; +https://seranking.com/backlinks-crawler)"
179.60.72.12 - - [31/Jul/2026:21:28:19 -0300] "POST /wp-login.php HTTP/1.1" 200 67036 "http://choppgermaniaautodromo.com.br/wp-login.php" "Mozilla/5.0 (Windows NT 10.0; Win64; x64) AppleWebKit/537.36 (KHTML, like Gecko) Chrome/120.0.0.0 Safari/537.36"
216.73.216.198 - - [31/Jul/2026:21:28:21 -0300] "GET /?path=%2F%2Fproc%2F1414124 HTTP/1.1" 200 12703 "-" "Mozilla/5.0 AppleWebKit/537.36 (KHTML, like Gecko; compatible; ClaudeBot/1.0; +claudebot@anthropic.com)"
216.73.216.198 - - [31/Jul/2026:21:28:24 -0300] "GET /?path=%2F%2Fproc%2F3271744 HTTP/1.1" 200 12703 "-" "Mozilla/5.0 AppleWebKit/537.36 (KHTML, like Gecko; compatible; ClaudeBot/1.0; +claudebot@anthropic.com)"
186.209.75.181 - - [31/Jul/2026:21:28:24 -0300] "POST /xmlrpc.php HTTP/1.1" 200 67036 "-" "WordPress/5.0; http://choppgermaniaautodromo.com.br"
37.27.51.141 - - [31/Jul/2026:21:28:26 -0300] "GET /item-tag/kb/?loknya=/home/autoligchopp/ HTTP/1.1" 200 67036 "-" "Mozilla/5.0 (compatible; SERankingBacklinksBot/1.0; +https://seranking.com/backlinks-crawler)"
216.73.216.198 - - [31/Jul/2026:21:28:27 -0300] "GET /?path=%2F%2Fproc%2F3174729 HTTP/1.1" 200 12703 "-" "Mozilla/5.0 AppleWebKit/537.36 (KHTML, like Gecko; compatible; ClaudeBot/1.0; +claudebot@anthropic.com)"
216.73.216.198 - - [31/Jul/2026:21:28:30 -0300] "GET /?path=%2F%2Fproc%2F2795985 HTTP/1.1" 200 12703 "-" "Mozilla/5.0 AppleWebKit/537.36 (KHTML, like Gecko; compatible; ClaudeBot/1.0; +claudebot@anthropic.com)"
216.73.216.198 - - [31/Jul/2026:21:28:33 -0300] "GET /?path=%2F%2Fproc%2F2396176 HTTP/1.1" 200 12703 "-" "Mozilla/5.0 AppleWebKit/537.36 (KHTML, like Gecko; compatible; ClaudeBot/1.0; +claudebot@anthropic.com)"
37.27.51.141 - - [31/Jul/2026:21:28:35 -0300] "GET /item-tag/keg/?loknya=/home/autoligchopp HTTP/1.1" 200 67036 "-" "Mozilla/5.0 (compatible; SERankingBacklinksBot/1.0; +https://seranking.com/backlinks-crawler)"
216.73.216.198 - - [31/Jul/2026:21:28:36 -0300] "GET /?path=%2F%2Fproc%2F3271749 HTTP/1.1" 200 12703 "-" "Mozilla/5.0 AppleWebKit/537.36 (KHTML, like Gecko; compatible; ClaudeBot/1.0; +claudebot@anthropic.com)"
216.73.216.198 - - [31/Jul/2026:21:28:39 -0300] "GET /?path=%2F%2Fproc%2F2570612 HTTP/1.1" 200 12703 "-" "Mozilla/5.0 AppleWebKit/537.36 (KHTML, like Gecko; compatible; ClaudeBot/1.0; +claudebot@anthropic.com)"
216.73.216.198 - - [31/Jul/2026:21:28:42 -0300] "GET /?path=%2F%2Fproc%2F1223317 HTTP/1.1" 200 12703 "-" "Mozilla/5.0 AppleWebKit/537.36 (KHTML, like Gecko; compatible; ClaudeBot/1.0; +claudebot@anthropic.com)"
37.27.51.141 - - [31/Jul/2026:21:28:43 -0300] "GET /item-tag/men/?loknya=/home/autoligchopp HTTP/1.1" 200 67036 "-" "Mozilla/5.0 (compatible; SERankingBacklinksBot/1.0; +https://seranking.com/backlinks-crawler)"
216.73.216.198 - - [31/Jul/2026:21:28:45 -0300] "GET /?path=%2F%2Fproc%2F2148904 HTTP/1.1" 200 12703 "-" "Mozilla/5.0 AppleWebKit/537.36 (KHTML, like Gecko; compatible; ClaudeBot/1.0; +claudebot@anthropic.com)"
151.0.53.215 - - [31/Jul/2026:21:28:45 -0300] "GET / HTTP/1.1" 200 67036 "-" "Mozilla/5.0 (Windows NT 10.0; Win64; x64) AppleWebKit/537.36 (KHTML, like Gecko) Chrome/120.0.0.0 Safari/537.36"
216.73.216.198 - - [31/Jul/2026:21:28:48 -0300] "GET /?path=%2F%2Fproc%2F345956 HTTP/1.1" 200 12701 "-" "Mozilla/5.0 AppleWebKit/537.36 (KHTML, like Gecko; compatible; ClaudeBot/1.0; +claudebot@anthropic.com)"
177.116.123.182 - - [31/Jul/2026:21:28:50 -0300] "GET /wp-login.php HTTP/1.1" 200 67036 "-" "Mozilla/5.0 (Windows NT 10.0; Win64; x64) AppleWebKit/537.36 (KHTML, like Gecko) Chrome/120.0.0.0 Safari/537.36"
216.73.216.198 - - [31/Jul/2026:21:28:51 -0300] "GET /?path=%2F%2Fproc%2F3390484 HTTP/1.1" 200 12703 "-" "Mozilla/5.0 AppleWebKit/537.36 (KHTML, like Gecko; compatible; ClaudeBot/1.0; +claudebot@anthropic.com)"
37.27.51.141 - - [31/Jul/2026:21:28:52 -0300] "GET /item-tag/moy/?loknya=/home/autoligchopp HTTP/1.1" 200 67036 "-" "Mozilla/5.0 (compatible; SERankingBacklinksBot/1.0; +https://seranking.com/backlinks-crawler)"
216.73.216.198 - - [31/Jul/2026:21:28:54 -0300] "GET /?path=%2F%2Fproc%2F1874550 HTTP/1.1" 200 12703 "-" "Mozilla/5.0 AppleWebKit/537.36 (KHTML, like Gecko; compatible; ClaudeBot/1.0; +claudebot@anthropic.com)"
216.73.216.198 - - [31/Jul/2026:21:28:57 -0300] "GET /?path=%2F%2Fproc%2F2839242 HTTP/1.1" 200 12703 "-" "Mozilla/5.0 AppleWebKit/537.36 (KHTML, like Gecko; compatible; ClaudeBot/1.0; +claudebot@anthropic.com)"
216.73.216.198 - - [31/Jul/2026:21:29:00 -0300] "GET /?path=%2F%2Fproc%2F2212672 HTTP/1.1" 200 12703 "-" "Mozilla/5.0 AppleWebKit/537.36 (KHTML, like Gecko; compatible; ClaudeBot/1.0; +claudebot@anthropic.com)"
37.27.51.141 - - [31/Jul/2026:21:29:00 -0300] "GET /item-tag/n-a/?loknya=/home/autoligchopp HTTP/1.1" 200 67036 "-" "Mozilla/5.0 (compatible; SERankingBacklinksBot/1.0; +https://seranking.com/backlinks-crawler)"
216.73.216.198 - - [31/Jul/2026:21:29:03 -0300] "GET /?path=%2F%2Fproc%2F2571106 HTTP/1.1" 200 12703 "-" "Mozilla/5.0 AppleWebKit/537.36 (KHTML, like Gecko; compatible; ClaudeBot/1.0; +claudebot@anthropic.com)"
216.73.216.198 - - [31/Jul/2026:21:29:06 -0300] "GET /?path=%2F%2Fproc%2F1029516 HTTP/1.1" 200 12703 "-" "Mozilla/5.0 AppleWebKit/537.36 (KHTML, like Gecko; compatible; ClaudeBot/1.0; +claudebot@anthropic.com)"
216.73.216.198 - - [31/Jul/2026:21:29:09 -0300] "GET /?path=%2F%2Fproc%2F2288632 HTTP/1.1" 200 12703 "-" "Mozilla/5.0 AppleWebKit/537.36 (KHTML, like Gecko; compatible; ClaudeBot/1.0; +claudebot@anthropic.com)"
216.73.216.198 - - [31/Jul/2026:21:29:12 -0300] "GET /index.php?fileloc=%2Fhome%2Fautoligchopp%2Fpublic_html%2Fwp-includes%2Fregistration-functions.php&path=%2Fhome%2Fautoligchopp%2Fpublic_html%2Fwp-includes HTTP/1.1" 200 12722 "-" "Mozilla/5.0 AppleWebKit/537.36 (KHTML, like Gecko; compatible; ClaudeBot/1.0; +claudebot@anthropic.com)"
37.27.51.141 - - [31/Jul/2026:21:29:13 -0300] "GET /item-tag/ob/?loknya=/home/autoligchopp/ HTTP/1.1" 200 67036 "-" "Mozilla/5.0 (compatible; SERankingBacklinksBot/1.0; +https://seranking.com/backlinks-crawler)"
216.73.216.198 - - [31/Jul/2026:21:29:15 -0300] "GET /index.php?fileloc=%2Fhome%2Fautoligchopp%2Fpublic_html%2Fwp-includes%2Fclass-smtp.php&path=%2Fhome%2Fautoligchopp%2Fpublic_html%2Fwp-includes HTTP/1.1" 200 12987 "-" "Mozilla/5.0 AppleWebKit/537.36 (KHTML, like Gecko; compatible; ClaudeBot/1.0; +claudebot@anthropic.com)"
129.224.206.239 - - [31/Jul/2026:21:29:15 -0300] "POST /wp-login.php HTTP/1.1" 200 67036 "http://choppgermaniaautodromo.com.br/wp-login.php" "Mozilla/5.0 (Windows NT 10.0; Win64; x64) AppleWebKit/537.36 (KHTML, like Gecko) Chrome/120.0.0.0 Safari/537.36"
216.73.216.198 - - [31/Jul/2026:21:29:18 -0300] "GET /?path=%2F%2Fproc%2F1169938 HTTP/1.1" 200 12703 "-" "Mozilla/5.0 AppleWebKit/537.36 (KHTML, like Gecko; compatible; ClaudeBot/1.0; +claudebot@anthropic.com)"
216.73.216.198 - - [31/Jul/2026:21:29:21 -0300] "GET /?path=%2F%2Fproc%2F1681808 HTTP/1.1" 200 12703 "-" "Mozilla/5.0 AppleWebKit/537.36 (KHTML, like Gecko; compatible; ClaudeBot/1.0; +claudebot@anthropic.com)"
37.27.51.141 - - [31/Jul/2026:21:29:21 -0300] "GET /item-tag/ov/?loknya=/home/autoligchopp/ HTTP/1.1" 200 67036 "-" "Mozilla/5.0 (compatible; SERankingBacklinksBot/1.0; +https://seranking.com/backlinks-crawler)"
216.73.216.198 - - [31/Jul/2026:21:29:24 -0300] "GET /?path=%2F%2Fproc%2F102562 HTTP/1.1" 200 12701 "-" "Mozilla/5.0 AppleWebKit/537.36 (KHTML, like Gecko; compatible; ClaudeBot/1.0; +claudebot@anthropic.com)"
37.27.51.141 - - [31/Jul/2026:21:29:25 -0300] "GET /item-tag/pan/?loknya=/home/autoligchopp HTTP/1.1" 200 67036 "-" "Mozilla/5.0 (compatible; SERankingBacklinksBot/1.0; +https://seranking.com/backlinks-crawler)"
216.73.216.198 - - [31/Jul/2026:21:29:27 -0300] "GET /?path=%2F%2Fproc%2F3141758 HTTP/1.1" 200 12703 "-" "Mozilla/5.0 AppleWebKit/537.36 (KHTML, like Gecko; compatible; ClaudeBot/1.0; +claudebot@anthropic.com)"
216.73.216.198 - - [31/Jul/2026:21:29:30 -0300] "GET /wp-config.php?path=%2Fhome%2Fjforte HTTP/1.1" 200 12699 "-" "Mozilla/5.0 AppleWebKit/537.36 (KHTML, like Gecko; compatible; ClaudeBot/1.0; +claudebot@anthropic.com)"
216.73.216.198 - - [31/Jul/2026:21:29:33 -0300] "GET /?path=%2F%2Fproc%2F3141825 HTTP/1.1" 200 12703 "-" "Mozilla/5.0 AppleWebKit/537.36 (KHTML, like Gecko; compatible; ClaudeBot/1.0; +claudebot@anthropic.com)"
37.27.51.141 - - [31/Jul/2026:21:29:33 -0300] "GET /item-tag/red/?loknya=/home/autoligchopp HTTP/1.1" 200 67036 "-" "Mozilla/5.0 (compatible; SERankingBacklinksBot/1.0; +https://seranking.com/backlinks-crawler)"
216.73.216.198 - - [31/Jul/2026:21:29:36 -0300] "GET /?path=%2F%2Fproc%2F1039611 HTTP/1.1" 200 12703 "-" "Mozilla/5.0 AppleWebKit/537.36 (KHTML, like Gecko; compatible; ClaudeBot/1.0; +claudebot@anthropic.com)"
216.73.216.198 - - [31/Jul/2026:21:29:39 -0300] "GET /index.php?fileloc=%2Fhome%2Fautoligchopp%2Fpublic_html%2Fwp-includes%2Fpost-template.php&path=%2Fhome%2Fautoligchopp%2Fpublic_html%2Fwp-includes HTTP/1.1" 200 89557 "-" "Mozilla/5.0 AppleWebKit/537.36 (KHTML, like Gecko; compatible; ClaudeBot/1.0; +claudebot@anthropic.com)"
154.216.221.133 - - [31/Jul/2026:21:29:38 -0300] "POST /xmlrpc.php HTTP/1.1" 200 67036 "-" "WordPress/5.0; http://choppgermaniaautodromo.com.br"
216.73.216.198 - - [31/Jul/2026:21:29:42 -0300] "GET /wp-trackback.php?path=%2Fhome%2Fautoligchopp%2Fperl5 HTTP/1.1" 200 16930 "-" "Mozilla/5.0 AppleWebKit/537.36 (KHTML, like Gecko; compatible; ClaudeBot/1.0; +claudebot@anthropic.com)"
216.73.216.198 - - [31/Jul/2026:21:29:45 -0300] "GET /?path=%2F%2Fproc%2F1891468 HTTP/1.1" 200 12703 "-" "Mozilla/5.0 AppleWebKit/537.36 (KHTML, like Gecko; compatible; ClaudeBot/1.0; +claudebot@anthropic.com)"
37.27.51.141 - - [31/Jul/2026:21:29:46 -0300] "GET /item-tag/sab/?loknya=/home/autoligchopp HTTP/1.1" 200 67036 "-" "Mozilla/5.0 (compatible; SERankingBacklinksBot/1.0; +https://seranking.com/backlinks-crawler)"
216.73.216.198 - - [31/Jul/2026:21:29:49 -0300] "GET /wp-config.php?fileloc=%2Fhome%2Fautoligchopp%2Fpublic_html%2FconfigRLD%2Fclinicagenesis-OpenCart-shop-public_html.txt&path=%2Fhome%2Fautoligchopp%2Fpublic_html%2FconfigRLD HTTP/1.1" 200 79197 "-" "Mozilla/5.0 AppleWebKit/537.36 (KHTML, like Gecko; compatible; ClaudeBot/1.0; +claudebot@anthropic.com)"
37.27.51.141 - - [31/Jul/2026:21:29:50 -0300] "GET /item-tag/sad/?loknya=/home/autoligchopp HTTP/1.1" 200 67036 "-" "Mozilla/5.0 (compatible; SERankingBacklinksBot/1.0; +https://seranking.com/backlinks-crawler)"
216.73.216.198 - - [31/Jul/2026:21:29:52 -0300] "GET /wp-config.php?fileloc=%2Fhome%2Fautoligchopp%2Fpublic_html%2FconfigRLD%2Fscanpesquisas-WordPress-public_html.txt&path=%2Fhome%2Fautoligchopp%2Fpublic_html%2FconfigRLD HTTP/1.1" 200 16413 "-" "Mozilla/5.0 AppleWebKit/537.36 (KHTML, like Gecko; compatible; ClaudeBot/1.0; +claudebot@anthropic.com)"
216.73.216.198 - - [31/Jul/2026:21:29:55 -0300] "GET /wp-config.php?fileloc=%2Fhome%2Fautoligchopp%2Fpublic_html%2FconfigRLD%2Fchammascorretora-WordPress-public_html.txt&path=%2Fhome%2Fautoligchopp%2Fpublic_html%2FconfigRLD HTTP/1.1" 200 20263 "-" "Mozilla/5.0 AppleWebKit/537.36 (KHTML, like Gecko; compatible; ClaudeBot/1.0; +claudebot@anthropic.com)"
216.73.216.198 - - [31/Jul/2026:21:29:58 -0300] "GET /wp-config.php?fileloc=%2Fhome%2Fautoligchopp%2Fpublic_html%2FconfigRLD%2Fclinicagenesis-WordPress-public_html.txt&path=%2Fhome%2Fautoligchopp%2Fpublic_html%2FconfigRLD HTTP/1.1" 200 16090 "-" "Mozilla/5.0 AppleWebKit/537.36 (KHTML, like Gecko; compatible; ClaudeBot/1.0; +claudebot@anthropic.com)"
37.27.51.141 - - [31/Jul/2026:21:29:58 -0300] "GET /item-tag/sba/?loknya=/home/autoligchopp HTTP/1.1" 200 67036 "-" "Mozilla/5.0 (compatible; SERankingBacklinksBot/1.0; +https://seranking.com/backlinks-crawler)"
216.73.216.198 - - [31/Jul/2026:21:30:01 -0300] "GET /wp-config.php?fileloc=%2Fhome%2Fautoligchopp%2Fpublic_html%2FconfigRLD%2Fligchoppjaba-WordPress-site.txt&path=%2Fhome%2Fautoligchopp%2Fpublic_html%2FconfigRLD HTTP/1.1" 200 16236 "-" "Mozilla/5.0 AppleWebKit/537.36 (KHTML, like Gecko; compatible; ClaudeBot/1.0; +claudebot@anthropic.com)"
216.73.216.198 - - [31/Jul/2026:21:30:04 -0300] "GET /wp-config.php?fileloc=%2Fhome%2Fautoligchopp%2Fpublic_html%2FconfigRLD%2Fmagnosauter-WordPress-public_html.txt&path=%2Fhome%2Fautoligchopp%2Fpublic_html%2FconfigRLD HTTP/1.1" 200 20401 "-" "Mozilla/5.0 AppleWebKit/537.36 (KHTML, like Gecko; compatible; ClaudeBot/1.0; +claudebot@anthropic.com)"
37.27.51.141 - - [31/Jul/2026:21:30:06 -0300] "GET /item-tag/tin/?loknya=/home/autoligchopp HTTP/1.1" 200 67036 "-" "Mozilla/5.0 (compatible; SERankingBacklinksBot/1.0; +https://seranking.com/backlinks-crawler)"
43.159.34.167 - - [31/Jul/2026:21:30:07 -0300] "GET /?sad=out HTTP/1.1" 200 67036 "-" "Mozilla/5.0 (iPhone; CPU iPhone OS 13_2_3 like Mac OS X) AppleWebKit/605.1.15 (KHTML, like Gecko) Version/13.0.3 Mobile/15E148 Safari/604.1"
216.73.216.198 - - [31/Jul/2026:21:30:07 -0300] "GET /wp-config.php?fileloc=%2Fhome%2Fautoligchopp%2Fpublic_html%2FconfigRLD%2Fglof-WordPress-public_html.txt&path=%2Fhome%2Fautoligchopp%2Fpublic_html%2FconfigRLD HTTP/1.1" 200 16622 "-" "Mozilla/5.0 AppleWebKit/537.36 (KHTML, like Gecko; compatible; ClaudeBot/1.0; +claudebot@anthropic.com)"
216.73.216.198 - - [31/Jul/2026:21:30:10 -0300] "GET /wp-config.php?fileloc=%2Fhome%2Fautoligchopp%2Fpublic_html%2FconfigRLD%2Fjoliveirauug-WordPress-public_html.txt&path=%2Fhome%2Fautoligchopp%2Fpublic_html%2FconfigRLD HTTP/1.1" 200 16409 "-" "Mozilla/5.0 AppleWebKit/537.36 (KHTML, like Gecko; compatible; ClaudeBot/1.0; +claudebot@anthropic.com)"
216.73.216.198 - - [31/Jul/2026:21:30:13 -0300] "GET /wp-config.php?fileloc=%2Fhome%2Fautoligchopp%2Fpublic_html%2FconfigRLD%2Ftonygesso-WordPress-public_html.txt&path=%2Fhome%2Fautoligchopp%2Fpublic_html%2FconfigRLD HTTP/1.1" 200 15960 "-" "Mozilla/5.0 AppleWebKit/537.36 (KHTML, like Gecko; compatible; ClaudeBot/1.0; +claudebot@anthropic.com)"
37.27.51.141 - - [31/Jul/2026:21:30:15 -0300] "GET /item-tag/usa/?loknya=/home/autoligchopp HTTP/1.1" 200 67036 "-" "Mozilla/5.0 (compatible; SERankingBacklinksBot/1.0; +https://seranking.com/backlinks-crawler)"
216.73.216.198 - - [31/Jul/2026:21:30:16 -0300] "GET /wp-config.php?fileloc=%2Fhome%2Fautoligchopp%2Fpublic_html%2FconfigRLD%2Flpgetmedsaude-WordPress-public_html.txt&path=%2Fhome%2Fautoligchopp%2Fpublic_html%2FconfigRLD HTTP/1.1" 200 16147 "-" "Mozilla/5.0 AppleWebKit/537.36 (KHTML, like Gecko; compatible; ClaudeBot/1.0; +claudebot@anthropic.com)"
216.73.216.198 - - [31/Jul/2026:21:30:19 -0300] "GET /wp-config.php?fileloc=%2Fhome%2Fautoligchopp%2Fpublic_html%2FconfigRLD%2Fpasswd.txt&path=%2Fhome%2Fautoligchopp%2Fpublic_html%2FconfigRLD HTTP/1.1" 200 27591 "-" "Mozilla/5.0 AppleWebKit/537.36 (KHTML, like Gecko; compatible; ClaudeBot/1.0; +claudebot@anthropic.com)"
216.73.216.198 - - [31/Jul/2026:21:30:22 -0300] "GET /wp-config.php?fileloc=%2Fhome%2Fautoligchopp%2Fpublic_html%2FconfigRLD%2Fgalpao-WordPress-public_html.txt&path=%2Fhome%2Fautoligchopp%2Fpublic_html%2FconfigRLD HTTP/1.1" 200 16646 "-" "Mozilla/5.0 AppleWebKit/537.36 (KHTML, like Gecko; compatible; ClaudeBot/1.0; +claudebot@anthropic.com)"
216.73.216.198 - - [31/Jul/2026:21:30:25 -0300] "GET /wp-config.php?fileloc=%2Fhome%2Fautoligchopp%2Fpublic_html%2FconfigRLD%2Fgjpengenharia-WordPress-public_html.txt&path=%2Fhome%2Fautoligchopp%2Fpublic_html%2FconfigRLD HTTP/1.1" 200 16093 "-" "Mozilla/5.0 AppleWebKit/537.36 (KHTML, like Gecko; compatible; ClaudeBot/1.0; +claudebot@anthropic.com)"
37.27.51.141 - - [31/Jul/2026:21:30:27 -0300] "GET /item-tag/xxx/?loknya=/home/autoligchopp HTTP/1.1" 200 67036 "-" "Mozilla/5.0 (compatible; SERankingBacklinksBot/1.0; +https://seranking.com/backlinks-crawler)"
216.73.216.198 - - [31/Jul/2026:21:30:28 -0300] "GET /wp-config.php?fileloc=%2Fhome%2Fautoligchopp%2Fpublic_html%2FconfigRLD%2Fsemiramis-WordPress-public_html.txt&path=%2Fhome%2Fautoligchopp%2Fpublic_html%2FconfigRLD HTTP/1.1" 200 16460 "-" "Mozilla/5.0 AppleWebKit/537.36 (KHTML, like Gecko; compatible; ClaudeBot/1.0; +claudebot@anthropic.com)"
114.119.140.166 - - [31/Jul/2026:21:30:28 -0300] "GET /configRLD/Jump/0-toldosilvio/wp-admin/term.php HTTP/1.1" 500 - "http://choppgermaniaautodromo.com.br/configRLD/Jump/0-toldosilvio/wp-admin/" "Mozilla/5.0 (Linux; Android 7.0;) AppleWebKit/537.36 (HTML, like Gecko) Mobile Safari/537.36 (compatible; PetalBot;+https://webmaster.petalsearch.com/site/petalbot)"
216.73.216.198 - - [31/Jul/2026:21:30:31 -0300] "GET /wp-config.php?fileloc=%2Fhome%2Fautoligchopp%2Fpublic_html%2FconfigRLD%2Fsuporte-WordPress-public_html.txt&path=%2Fhome%2Fautoligchopp%2Fpublic_html%2FconfigRLD HTTP/1.1" 200 16394 "-" "Mozilla/5.0 AppleWebKit/537.36 (KHTML, like Gecko; compatible; ClaudeBot/1.0; +claudebot@anthropic.com)"
137.184.102.131 - - [31/Jul/2026:21:30:34 -0300] "GET /wp-login.php HTTP/1.1" 200 67036 "-" "Mozilla/5.0 (X11; Linux x86_64) AppleWebKit/537.36 (KHTML, like Gecko) Chrome/150.0.0.0 Safari/537.36"
216.73.216.198 - - [31/Jul/2026:21:30:34 -0300] "GET /wp-config.php?fileloc=%2Fhome%2Fautoligchopp%2Fpublic_html%2FconfigRLD%2Fbgservicos-WordPress-old-public_html.txt&path=%2Fhome%2Fautoligchopp%2Fpublic_html%2FconfigRLD HTTP/1.1" 200 16214 "-" "Mozilla/5.0 AppleWebKit/537.36 (KHTML, like Gecko; compatible; ClaudeBot/1.0; +claudebot@anthropic.com)"
37.27.51.141 - - [31/Jul/2026:21:30:35 -0300] "GET /item-tag/yes/?loknya=/home/autoligchopp HTTP/1.1" 200 67036 "-" "Mozilla/5.0 (compatible; SERankingBacklinksBot/1.0; +https://seranking.com/backlinks-crawler)"
216.73.216.198 - - [31/Jul/2026:21:30:37 -0300] "GET /wp-config.php?fileloc=%2Fhome%2Fautoligchopp%2Fpublic_html%2FconfigRLD%2Fautoligchopp-WordPress-public_html.txt&path=%2Fhome%2Fautoligchopp%2Fpublic_html%2FconfigRLD HTTP/1.1" 200 16454 "-" "Mozilla/5.0 AppleWebKit/537.36 (KHTML, like Gecko; compatible; ClaudeBot/1.0; +claudebot@anthropic.com)"
37.27.51.141 - - [31/Jul/2026:21:30:39 -0300] "GET /item/schous-pils-beer-can-norway-steel/ HTTP/1.1" 200 67036 "-" "Mozilla/5.0 (compatible; SERankingBacklinksBot/1.0; +https://seranking.com/backlinks-crawler)"
216.73.216.198 - - [31/Jul/2026:21:30:40 -0300] "GET /wp-config.php?fileloc=%2Fhome%2Fautoligchopp%2Fpublic_html%2FconfigRLD%2Fjforte-WordPress-public_html.txt&path=%2Fhome%2Fautoligchopp%2Fpublic_html%2FconfigRLD HTTP/1.1" 200 16518 "-" "Mozilla/5.0 AppleWebKit/537.36 (KHTML, like Gecko; compatible; ClaudeBot/1.0; +claudebot@anthropic.com)"
137.184.102.131 - - [31/Jul/2026:21:30:40 -0300] "GET /xmlrpc.php HTTP/1.1" 200 67036 "-" "Mozilla/5.0 (X11; Linux x86_64) AppleWebKit/537.36 (KHTML, like Gecko) Chrome/150.0.0.0 Safari/537.36"
216.73.216.198 - - [31/Jul/2026:21:30:43 -0300] "GET /wp-config.php?fileloc=%2Fhome%2Fautoligchopp%2Fpublic_html%2FconfigRLD%2Fmaosdeouro-WordPress-public_html.txt&path=%2Fhome%2Fautoligchopp%2Fpublic_html%2FconfigRLD HTTP/1.1" 200 16483 "-" "Mozilla/5.0 AppleWebKit/537.36 (KHTML, like Gecko; compatible; ClaudeBot/1.0; +claudebot@anthropic.com)"
37.27.51.141 - - [31/Jul/2026:21:30:43 -0300] "GET /item-tag/1981/?loknya=/home/autoligchopp HTTP/1.1" 200 67036 "-" "Mozilla/5.0 (compatible; SERankingBacklinksBot/1.0; +https://seranking.com/backlinks-crawler)"
216.73.216.198 - - [31/Jul/2026:21:30:46 -0300] "GET /wp-config.php?fileloc=%2Fhome%2Fautoligchopp%2Fpublic_html%2FconfigRLD%2Ftony-WordPress-public_html.txt&path=%2Fhome%2Fautoligchopp%2Fpublic_html%2FconfigRLD HTTP/1.1" 200 16073 "-" "Mozilla/5.0 AppleWebKit/537.36 (KHTML, like Gecko; compatible; ClaudeBot/1.0; +claudebot@anthropic.com)"
216.73.216.198 - - [31/Jul/2026:21:30:49 -0300] "GET /wp-config.php?fileloc=%2Fhome%2Fautoligchopp%2Fpublic_html%2FconfigRLD%2Fpjacortinas-WordPress-public_html.txt&path=%2Fhome%2Fautoligchopp%2Fpublic_html%2FconfigRLD HTTP/1.1" 200 16466 "-" "Mozilla/5.0 AppleWebKit/537.36 (KHTML, like Gecko; compatible; ClaudeBot/1.0; +claudebot@anthropic.com)"
216.73.216.198 - - [31/Jul/2026:21:30:52 -0300] "GET /wp-config.php?fileloc=%2Fhome%2Fautoligchopp%2Fpublic_html%2FconfigRLD%2Fgrupolubru-WordPress-public_html.txt&path=%2Fhome%2Fautoligchopp%2Fpublic_html%2FconfigRLD HTTP/1.1" 200 16564 "-" "Mozilla/5.0 AppleWebKit/537.36 (KHTML, like Gecko; compatible; ClaudeBot/1.0; +claudebot@anthropic.com)"
37.27.51.141 - - [31/Jul/2026:21:30:52 -0300] "GET /t-shirts?loknya=/home/autoligchopp HTTP/1.1" 200 67036 "-" "Mozilla/5.0 (compatible; SERankingBacklinksBot/1.0; +https://seranking.com/backlinks-crawler)"
216.73.216.198 - - [31/Jul/2026:21:30:55 -0300] "GET /wp-config.php?fileloc=%2Fhome%2Fautoligchopp%2Fpublic_html%2FconfigRLD%2Fdecorcryl-WordPress-public_html.txt&path=%2Fhome%2Fautoligchopp%2Fpublic_html%2FconfigRLD HTTP/1.1" 200 16473 "-" "Mozilla/5.0 AppleWebKit/537.36 (KHTML, like Gecko; compatible; ClaudeBot/1.0; +claudebot@anthropic.com)"
37.27.51.141 - - [31/Jul/2026:21:30:56 -0300] "GET /item-tag/returns-accepted/page/3/ HTTP/1.1" 200 67036 "-" "Mozilla/5.0 (compatible; SERankingBacklinksBot/1.0; +https://seranking.com/backlinks-crawler)"
37.27.51.141 - - [31/Jul/2026:21:31:00 -0300] "GET /t-shirts/food?loknya=/home/autoligchopp/ HTTP/1.1" 200 67036 "-" "Mozilla/5.0 (compatible; SERankingBacklinksBot/1.0; +https://seranking.com/backlinks-crawler)"
37.27.51.141 - - [31/Jul/2026:21:31:12 -0300] "GET /item-tag/1982/?loknya=/home/autoligchopp HTTP/1.1" 200 67036 "-" "Mozilla/5.0 (compatible; SERankingBacklinksBot/1.0; +https://seranking.com/backlinks-crawler)"
37.27.51.141 - - [31/Jul/2026:21:31:16 -0300] "GET /tag-directory?loknya=/home/autoligchopp/ HTTP/1.1" 200 67036 "-" "Mozilla/5.0 (compatible; SERankingBacklinksBot/1.0; +https://seranking.com/backlinks-crawler)"
37.27.51.141 - - [31/Jul/2026:21:31:29 -0300] "GET /item-tag/1984/?loknya=/home/autoligchopp HTTP/1.1" 200 67036 "-" "Mozilla/5.0 (compatible; SERankingBacklinksBot/1.0; +https://seranking.com/backlinks-crawler)"
37.27.51.141 - - [31/Jul/2026:21:31:33 -0300] "GET /throw-pillows?loknya=/home/autoligchopp/ HTTP/1.1" 200 67036 "-" "Mozilla/5.0 (compatible; SERankingBacklinksBot/1.0; +https://seranking.com/backlinks-crawler)"
37.27.51.141 - - [31/Jul/2026:21:31:45 -0300] "GET /item-tag/1994/?loknya=/home/autoligchopp HTTP/1.1" 200 67036 "-" "Mozilla/5.0 (compatible; SERankingBacklinksBot/1.0; +https://seranking.com/backlinks-crawler)"
37.27.51.141 - - [31/Jul/2026:21:31:49 -0300] "GET /users/sign_in?loknya=/home/autoligchopp/ HTTP/1.1" 200 67036 "-" "Mozilla/5.0 (compatible; SERankingBacklinksBot/1.0; +https://seranking.com/backlinks-crawler)"
173.252.70.54 - - [31/Jul/2026:21:32:00 -0300] "GET /robots.txt HTTP/1.1" 206 94 "-" "facebookexternalhit/1.1 (+http://www.facebook.com/externalhit_uatext.php)"
37.27.51.141 - - [31/Jul/2026:21:32:01 -0300] "GET /item-tag/2003/?loknya=/home/autoligchopp HTTP/1.1" 200 67036 "-" "Mozilla/5.0 (compatible; SERankingBacklinksBot/1.0; +https://seranking.com/backlinks-crawler)"
37.27.51.141 - - [31/Jul/2026:21:32:05 -0300] "GET /users/sign_up?loknya=/home/autoligchopp/ HTTP/1.1" 200 67036 "-" "Mozilla/5.0 (compatible; SERankingBacklinksBot/1.0; +https://seranking.com/backlinks-crawler)"
37.27.51.141 - - [31/Jul/2026:21:32:18 -0300] "GET /item-tag/2005/?loknya=/home/autoligchopp HTTP/1.1" 200 67036 "-" "Mozilla/5.0 (compatible; SERankingBacklinksBot/1.0; +https://seranking.com/backlinks-crawler)"
37.27.51.141 - - [31/Jul/2026:21:32:26 -0300] "GET /item-tag/2010/?loknya=/home/autoligchopp HTTP/1.1" 200 67036 "-" "Mozilla/5.0 (compatible; SERankingBacklinksBot/1.0; +https://seranking.com/backlinks-crawler)"
37.27.51.141 - - [31/Jul/2026:21:32:35 -0300] "GET /item-tag/2011/?loknya=/home/autoligchopp HTTP/1.1" 200 67036 "-" "Mozilla/5.0 (compatible; SERankingBacklinksBot/1.0; +https://seranking.com/backlinks-crawler)"
114.119.134.155 - - [31/Jul/2026:21:32:45 -0300] "GET /configRLD/Jump/0-toldosilvio/wp-admin/setup-config.php HTTP/1.1" 500 - "http://choppgermaniaautodromo.com.br/configRLD/Jump/0-toldosilvio/wp-admin/" "Mozilla/5.0 (Linux; Android 7.0;) AppleWebKit/537.36 (HTML, like Gecko) Mobile Safari/537.36 (compatible; PetalBot;+https://webmaster.petalsearch.com/site/petalbot)"
37.27.51.141 - - [31/Jul/2026:21:32:47 -0300] "GET /item-tag/2012/?loknya=/home/autoligchopp HTTP/1.1" 200 67036 "-" "Mozilla/5.0 (compatible; SERankingBacklinksBot/1.0; +https://seranking.com/backlinks-crawler)"
37.27.51.141 - - [31/Jul/2026:21:32:51 -0300] "GET /item-tag/2013/?loknya=/home/autoligchopp HTTP/1.1" 200 67036 "-" "Mozilla/5.0 (compatible; SERankingBacklinksBot/1.0; +https://seranking.com/backlinks-crawler)"
216.73.216.198 - - [31/Jul/2026:21:32:55 -0300] "GET /wp-links-opml.php?path=%2Fhome%2Fautoligchopp%2Fpublic_html%2Fwp-includes%2Fjs HTTP/1.1" 200 191875 "-" "Mozilla/5.0 AppleWebKit/537.36 (KHTML, like Gecko; compatible; ClaudeBot/1.0; +claudebot@anthropic.com)"
216.73.216.198 - - [31/Jul/2026:21:32:58 -0300] "GET /wp-links-opml.php?path=%2Fhome%2Fstemasecurity HTTP/1.1" 200 12713 "-" "Mozilla/5.0 AppleWebKit/537.36 (KHTML, like Gecko; compatible; ClaudeBot/1.0; +claudebot@anthropic.com)"
37.27.51.141 - - [31/Jul/2026:21:32:59 -0300] "GET /item-tag/2014/?loknya=/home/autoligchopp HTTP/1.1" 200 67036 "-" "Mozilla/5.0 (compatible; SERankingBacklinksBot/1.0; +https://seranking.com/backlinks-crawler)"
216.73.216.198 - - [31/Jul/2026:21:33:01 -0300] "GET /wp-links-opml.php?path=%2Fhome%2Fvortech HTTP/1.1" 200 12701 "-" "Mozilla/5.0 AppleWebKit/537.36 (KHTML, like Gecko; compatible; ClaudeBot/1.0; +claudebot@anthropic.com)"
216.73.216.198 - - [31/Jul/2026:21:33:04 -0300] "GET /wp-links-opml.php?path=%2Fhome%2Fgramasmendonca HTTP/1.1" 200 12715 "-" "Mozilla/5.0 AppleWebKit/537.36 (KHTML, like Gecko; compatible; ClaudeBot/1.0; +claudebot@anthropic.com)"
216.73.216.198 - - [31/Jul/2026:21:33:07 -0300] "GET /wp-links-opml.php?fileloc=%2Fhome%2Fautoligchopp%2Fpublic_html%2Fwp-includes%2Fclass-wp-customize-setting.php&path=%2Fhome%2Fautoligchopp%2Fpublic_html%2Fwp-includes HTTP/1.1" 200 44444 "-" "Mozilla/5.0 AppleWebKit/537.36 (KHTML, like Gecko; compatible; ClaudeBot/1.0; +claudebot@anthropic.com)"
37.27.51.141 - - [31/Jul/2026:21:33:12 -0300] "GET /item-tag/2015/?loknya=/home/autoligchopp HTTP/1.1" 200 67036 "-" "Mozilla/5.0 (compatible; SERankingBacklinksBot/1.0; +https://seranking.com/backlinks-crawler)"
37.27.51.141 - - [31/Jul/2026:21:33:16 -0300] "GET /item-tag/2016/?loknya=/home/autoligchopp HTTP/1.1" 200 67036 "-" "Mozilla/5.0 (compatible; SERankingBacklinksBot/1.0; +https://seranking.com/backlinks-crawler)"
37.27.51.141 - - [31/Jul/2026:21:33:28 -0300] "GET /item-tag/2017/?loknya=/home/autoligchopp HTTP/1.1" 200 67036 "-" "Mozilla/5.0 (compatible; SERankingBacklinksBot/1.0; +https://seranking.com/backlinks-crawler)"
37.27.51.141 - - [31/Jul/2026:21:33:32 -0300] "GET /item-tag/2018/?loknya=/home/autoligchopp HTTP/1.1" 200 67036 "-" "Mozilla/5.0 (compatible; SERankingBacklinksBot/1.0; +https://seranking.com/backlinks-crawler)"
37.27.51.141 - - [31/Jul/2026:21:33:41 -0300] "GET /item-tag/2019/?loknya=/home/autoligchopp HTTP/1.1" 200 67036 "-" "Mozilla/5.0 (compatible; SERankingBacklinksBot/1.0; +https://seranking.com/backlinks-crawler)"
37.27.51.141 - - [31/Jul/2026:21:33:49 -0300] "GET /item-tag/2020/?loknya=/home/autoligchopp HTTP/1.1" 200 67036 "-" "Mozilla/5.0 (compatible; SERankingBacklinksBot/1.0; +https://seranking.com/backlinks-crawler)"
216.73.216.198 - - [31/Jul/2026:21:33:55 -0300] "GET /wp-links-opml.php?path=%2Fhome%2Fsamurai HTTP/1.1" 200 12701 "-" "Mozilla/5.0 AppleWebKit/537.36 (KHTML, like Gecko; compatible; ClaudeBot/1.0; +claudebot@anthropic.com)"
37.27.51.141 - - [31/Jul/2026:21:33:58 -0300] "GET /item-tag/2021/?loknya=/home/autoligchopp HTTP/1.1" 200 67036 "-" "Mozilla/5.0 (compatible; SERankingBacklinksBot/1.0; +https://seranking.com/backlinks-crawler)"
216.73.216.198 - - [31/Jul/2026:21:33:59 -0300] "GET /?path=%2F%2Fproc%2F2940551 HTTP/1.1" 200 12703 "-" "Mozilla/5.0 AppleWebKit/537.36 (KHTML, like Gecko; compatible; ClaudeBot/1.0; +claudebot@anthropic.com)"
216.73.216.198 - - [31/Jul/2026:21:34:02 -0300] "GET /?path=%2F%2Fproc%2F3117541 HTTP/1.1" 200 12703 "-" "Mozilla/5.0 AppleWebKit/537.36 (KHTML, like Gecko; compatible; ClaudeBot/1.0; +claudebot@anthropic.com)"
216.73.216.198 - - [31/Jul/2026:21:34:06 -0300] "GET /?path=%2F%2Fproc%2F3295126 HTTP/1.1" 200 12703 "-" "Mozilla/5.0 AppleWebKit/537.36 (KHTML, like Gecko; compatible; ClaudeBot/1.0; +claudebot@anthropic.com)"
216.73.216.198 - - [31/Jul/2026:21:34:09 -0300] "GET /?path=%2F%2Fproc%2F1874460 HTTP/1.1" 200 12703 "-" "Mozilla/5.0 AppleWebKit/537.36 (KHTML, like Gecko; compatible; ClaudeBot/1.0; +claudebot@anthropic.com)"
37.27.51.141 - - [31/Jul/2026:21:34:10 -0300] "GET /item-tag/2022/?loknya=/home/autoligchopp HTTP/1.1" 200 67036 "-" "Mozilla/5.0 (compatible; SERankingBacklinksBot/1.0; +https://seranking.com/backlinks-crawler)"
216.73.216.198 - - [31/Jul/2026:21:34:12 -0300] "GET /?path=%2F%2Fproc%2F2609161 HTTP/1.1" 200 12703 "-" "Mozilla/5.0 AppleWebKit/537.36 (KHTML, like Gecko; compatible; ClaudeBot/1.0; +claudebot@anthropic.com)"
37.27.51.141 - - [31/Jul/2026:21:34:14 -0300] "GET /item-tag/2023/?loknya=/home/autoligchopp HTTP/1.1" 200 67036 "-" "Mozilla/5.0 (compatible; SERankingBacklinksBot/1.0; +https://seranking.com/backlinks-crawler)"
216.73.216.198 - - [31/Jul/2026:21:34:15 -0300] "GET /wp-links-opml.php?fileloc=%2Fhome%2Fautoligchopp%2Fpublic_html%2Fwp-admin%2Fupload.php&path=%2Fhome%2Fautoligchopp%2Fpublic_html%2Fwp-admin HTTP/1.1" 200 31854 "-" "Mozilla/5.0 AppleWebKit/537.36 (KHTML, like Gecko; compatible; ClaudeBot/1.0; +claudebot@anthropic.com)"
216.73.216.198 - - [31/Jul/2026:21:34:18 -0300] "GET /wp-mail.php?path=%2Fhome%2Fsemiramis HTTP/1.1" 200 12705 "-" "Mozilla/5.0 AppleWebKit/537.36 (KHTML, like Gecko; compatible; ClaudeBot/1.0; +claudebot@anthropic.com)"
37.27.51.141 - - [31/Jul/2026:21:34:22 -0300] "GET /item-tag/2024/?loknya=/home/autoligchopp HTTP/1.1" 200 67036 "-" "Mozilla/5.0 (compatible; SERankingBacklinksBot/1.0; +https://seranking.com/backlinks-crawler)"
37.27.51.141 - - [31/Jul/2026:21:34:35 -0300] "GET /item-tag/2025/?loknya=/home/autoligchopp HTTP/1.1" 200 67036 "-" "Mozilla/5.0 (compatible; SERankingBacklinksBot/1.0; +https://seranking.com/backlinks-crawler)"
37.27.51.141 - - [31/Jul/2026:21:34:39 -0300] "GET /item-tag/2026/?loknya=/home/autoligchopp HTTP/1.1" 200 67036 "-" "Mozilla/5.0 (compatible; SERankingBacklinksBot/1.0; +https://seranking.com/backlinks-crawler)"
37.27.51.141 - - [31/Jul/2026:21:34:47 -0300] "GET /item-tag/2027/?loknya=/home/autoligchopp HTTP/1.1" 200 67036 "-" "Mozilla/5.0 (compatible; SERankingBacklinksBot/1.0; +https://seranking.com/backlinks-crawler)"
37.27.51.141 - - [31/Jul/2026:21:34:59 -0300] "GET /item-tag/20g/?loknya=/home/autoligchopp/ HTTP/1.1" 200 67036 "-" "Mozilla/5.0 (compatible; SERankingBacklinksBot/1.0; +https://seranking.com/backlinks-crawler)"
114.119.150.90 - - [31/Jul/2026:21:35:02 -0300] "GET /configRLD/Jump/0-toldosilvio/wp-admin/privacy.php HTTP/1.1" 500 - "http://choppgermaniaautodromo.com.br/configRLD/Jump/0-toldosilvio/wp-admin/" "Mozilla/5.0 (Linux; Android 7.0;) AppleWebKit/537.36 (HTML, like Gecko) Mobile Safari/537.36 (compatible; PetalBot;+https://webmaster.petalsearch.com/site/petalbot)"
37.27.51.141 - - [31/Jul/2026:21:35:08 -0300] "GET /item-tag/55g/?loknya=/home/autoligchopp/ HTTP/1.1" 200 67036 "-" "Mozilla/5.0 (compatible; SERankingBacklinksBot/1.0; +https://seranking.com/backlinks-crawler)"
37.27.51.141 - - [31/Jul/2026:21:35:16 -0300] "GET /item-tag/62g/?loknya=/home/autoligchopp/ HTTP/1.1" 200 67036 "-" "Mozilla/5.0 (compatible; SERankingBacklinksBot/1.0; +https://seranking.com/backlinks-crawler)"
37.27.51.141 - - [31/Jul/2026:21:35:20 -0300] "GET /item-tag/65g/?loknya=/home/autoligchopp/ HTTP/1.1" 200 67036 "-" "Mozilla/5.0 (compatible; SERankingBacklinksBot/1.0; +https://seranking.com/backlinks-crawler)"
216.73.216.198 - - [31/Jul/2026:21:35:26 -0300] "GET /?path=%2F%2Fproc%2F1488227 HTTP/1.1" 200 12703 "-" "Mozilla/5.0 AppleWebKit/537.36 (KHTML, like Gecko; compatible; ClaudeBot/1.0; +claudebot@anthropic.com)"
216.73.216.198 - - [31/Jul/2026:21:35:28 -0300] "GET /?path=%2F%2Fproc%2F2153939 HTTP/1.1" 200 12703 "-" "Mozilla/5.0 AppleWebKit/537.36 (KHTML, like Gecko; compatible; ClaudeBot/1.0; +claudebot@anthropic.com)"
216.73.216.198 - - [31/Jul/2026:21:35:31 -0300] "GET /wp-links-opml.php?fileloc=%2Fhome%2Fautoligchopp%2Fpublic_html%2Fwp-includes%2Ffeed.php&path=%2Fhome%2Fautoligchopp%2Fpublic_html%2Fwp-includes HTTP/1.1" 200 39987 "-" "Mozilla/5.0 AppleWebKit/537.36 (KHTML, like Gecko; compatible; ClaudeBot/1.0; +claudebot@anthropic.com)"
37.27.51.141 - - [31/Jul/2026:21:35:32 -0300] "GET /item-tag/all/?loknya=/home/autoligchopp/ HTTP/1.1" 200 67036 "-" "Mozilla/5.0 (compatible; SERankingBacklinksBot/1.0; +https://seranking.com/backlinks-crawler)"
216.73.216.198 - - [31/Jul/2026:21:35:35 -0300] "GET /wp-links-opml.php?path=%2Fhome%2Fautoligchopp%2Fpublic_html%2Fwp-content%2Fbackuply HTTP/1.1" 200 25352 "-" "Mozilla/5.0 AppleWebKit/537.36 (KHTML, like Gecko; compatible; ClaudeBot/1.0; +claudebot@anthropic.com)"
37.27.51.141 - - [31/Jul/2026:21:35:36 -0300] "GET /item-tag/apps/?loknya=/home/autoligchopp HTTP/1.1" 200 67036 "-" "Mozilla/5.0 (compatible; SERankingBacklinksBot/1.0; +https://seranking.com/backlinks-crawler)"
216.73.216.198 - - [31/Jul/2026:21:35:37 -0300] "GET /wp-links-opml.php?fileloc=%2Fhome%2Fautoligchopp%2Fpublic_html%2Fwp-includes%2Fclass-wp-phpmailer.php&path=%2Fhome%2Fautoligchopp%2Fpublic_html%2Fwp-includes HTTP/1.1" 200 17573 "-" "Mozilla/5.0 AppleWebKit/537.36 (KHTML, like Gecko; compatible; ClaudeBot/1.0; +claudebot@anthropic.com)"
216.73.216.198 - - [31/Jul/2026:21:35:44 -0300] "GET /wp-mail.php?path=%2Fhome%2Fsolarnovo HTTP/1.1" 200 12705 "-" "Mozilla/5.0 AppleWebKit/537.36 (KHTML, like Gecko; compatible; ClaudeBot/1.0; +claudebot@anthropic.com)"
