216.73.216.198 - - [31/Jul/2026:14:59:15 -0300] "GET /?a=1166290248 HTTP/1.1" 200 67036 "-" "Mozilla/5.0 AppleWebKit/537.36 (KHTML, like Gecko; compatible; ClaudeBot/1.0; +claudebot@anthropic.com)"
37.27.51.141 - - [31/Jul/2026:14:59:16 -0300] "GET /item-tag/hike/page/2/ HTTP/1.1" 200 67036 "-" "Mozilla/5.0 (compatible; SERankingBacklinksBot/1.0; +https://seranking.com/backlinks-crawler)"
37.27.51.141 - - [31/Jul/2026:14:59:20 -0300] "GET /item-tag/ipa/?loknya=/ HTTP/1.1" 200 67036 "-" "Mozilla/5.0 (compatible; SERankingBacklinksBot/1.0; +https://seranking.com/backlinks-crawler)"
216.73.216.198 - - [31/Jul/2026:14:59:22 -0300] "GET /?a=483331223 HTTP/1.1" 200 67036 "-" "Mozilla/5.0 AppleWebKit/537.36 (KHTML, like Gecko; compatible; ClaudeBot/1.0; +claudebot@anthropic.com)"
37.27.51.141 - - [31/Jul/2026:14:59:32 -0300] "GET /item-tag/keg/?loknya=/ HTTP/1.1" 200 67036 "-" "Mozilla/5.0 (compatible; SERankingBacklinksBot/1.0; +https://seranking.com/backlinks-crawler)"
216.73.216.198 - - [31/Jul/2026:14:59:34 -0300] "GET /?a=3486733296 HTTP/1.1" 200 67036 "-" "Mozilla/5.0 AppleWebKit/537.36 (KHTML, like Gecko; compatible; ClaudeBot/1.0; +claudebot@anthropic.com)"
37.27.51.141 - - [31/Jul/2026:14:59:36 -0300] "GET /item-tag/men/?loknya=/ HTTP/1.1" 200 67036 "-" "Mozilla/5.0 (compatible; SERankingBacklinksBot/1.0; +https://seranking.com/backlinks-crawler)"
216.73.216.198 - - [31/Jul/2026:14:59:46 -0300] "GET /?a=2857880213 HTTP/1.1" 200 67036 "-" "Mozilla/5.0 AppleWebKit/537.36 (KHTML, like Gecko; compatible; ClaudeBot/1.0; +claudebot@anthropic.com)"
37.27.51.141 - - [31/Jul/2026:14:59:48 -0300] "GET /item-tag/moy/?loknya=/ HTTP/1.1" 200 67036 "-" "Mozilla/5.0 (compatible; SERankingBacklinksBot/1.0; +https://seranking.com/backlinks-crawler)"
216.73.216.198 - - [31/Jul/2026:14:59:54 -0300] "GET /?a=3254151846 HTTP/1.1" 200 67036 "-" "Mozilla/5.0 AppleWebKit/537.36 (KHTML, like Gecko; compatible; ClaudeBot/1.0; +claudebot@anthropic.com)"
37.27.51.141 - - [31/Jul/2026:14:59:56 -0300] "GET /item-tag/n-a/?loknya=/ HTTP/1.1" 200 67036 "-" "Mozilla/5.0 (compatible; SERankingBacklinksBot/1.0; +https://seranking.com/backlinks-crawler)"
37.27.51.141 - - [31/Jul/2026:15:00:00 -0300] "GET /item-tag/pan/?loknya=/ HTTP/1.1" 200 67036 "-" "Mozilla/5.0 (compatible; SERankingBacklinksBot/1.0; +https://seranking.com/backlinks-crawler)"
216.73.216.198 - - [31/Jul/2026:15:00:06 -0300] "GET /?a=2965419747 HTTP/1.1" 200 67036 "-" "Mozilla/5.0 AppleWebKit/537.36 (KHTML, like Gecko; compatible; ClaudeBot/1.0; +claudebot@anthropic.com)"
37.27.51.141 - - [31/Jul/2026:15:00:09 -0300] "GET /item-tag/red/?loknya=/ HTTP/1.1" 200 67036 "-" "Mozilla/5.0 (compatible; SERankingBacklinksBot/1.0; +https://seranking.com/backlinks-crawler)"
37.27.51.141 - - [31/Jul/2026:15:00:17 -0300] "GET /item-tag/sab/?loknya=/ HTTP/1.1" 200 67036 "-" "Mozilla/5.0 (compatible; SERankingBacklinksBot/1.0; +https://seranking.com/backlinks-crawler)"
216.73.216.198 - - [31/Jul/2026:15:00:19 -0300] "GET /?a=3034329916 HTTP/1.1" 200 67036 "-" "Mozilla/5.0 AppleWebKit/537.36 (KHTML, like Gecko; compatible; ClaudeBot/1.0; +claudebot@anthropic.com)"
37.27.51.141 - - [31/Jul/2026:15:00:29 -0300] "GET /item-tag/sad/?loknya=/ HTTP/1.1" 200 67036 "-" "Mozilla/5.0 (compatible; SERankingBacklinksBot/1.0; +https://seranking.com/backlinks-crawler)"
216.73.216.198 - - [31/Jul/2026:15:00:32 -0300] "GET /?a=3403055260 HTTP/1.1" 200 67036 "-" "Mozilla/5.0 AppleWebKit/537.36 (KHTML, like Gecko; compatible; ClaudeBot/1.0; +claudebot@anthropic.com)"
37.27.51.141 - - [31/Jul/2026:15:00:37 -0300] "GET /item-tag/sba/?loknya=/ HTTP/1.1" 200 67036 "-" "Mozilla/5.0 (compatible; SERankingBacklinksBot/1.0; +https://seranking.com/backlinks-crawler)"
37.27.51.141 - - [31/Jul/2026:15:00:41 -0300] "GET /item-tag/skol/page/2/ HTTP/1.1" 200 67036 "-" "Mozilla/5.0 (compatible; SERankingBacklinksBot/1.0; +https://seranking.com/backlinks-crawler)"
216.73.216.198 - - [31/Jul/2026:15:00:44 -0300] "GET /?a=3954474020 HTTP/1.1" 200 67036 "-" "Mozilla/5.0 AppleWebKit/537.36 (KHTML, like Gecko; compatible; ClaudeBot/1.0; +claudebot@anthropic.com)"
37.27.51.141 - - [31/Jul/2026:15:00:53 -0300] "GET /item-tag/skol/page/3/ HTTP/1.1" 200 67036 "-" "Mozilla/5.0 (compatible; SERankingBacklinksBot/1.0; +https://seranking.com/backlinks-crawler)"
216.73.216.198 - - [31/Jul/2026:15:00:56 -0300] "GET /?a=2704405551 HTTP/1.1" 200 67036 "-" "Mozilla/5.0 AppleWebKit/537.36 (KHTML, like Gecko; compatible; ClaudeBot/1.0; +claudebot@anthropic.com)"
37.27.51.141 - - [31/Jul/2026:15:00:57 -0300] "GET /item-tag/skol/page/4/ HTTP/1.1" 200 67036 "-" "Mozilla/5.0 (compatible; SERankingBacklinksBot/1.0; +https://seranking.com/backlinks-crawler)"
37.27.51.141 - - [31/Jul/2026:15:01:06 -0300] "GET /item-tag/skol/page/8/ HTTP/1.1" 200 67036 "-" "Mozilla/5.0 (compatible; SERankingBacklinksBot/1.0; +https://seranking.com/backlinks-crawler)"
37.27.51.141 - - [31/Jul/2026:15:01:14 -0300] "GET /item-tag/tin/?loknya=/ HTTP/1.1" 200 67036 "-" "Mozilla/5.0 (compatible; SERankingBacklinksBot/1.0; +https://seranking.com/backlinks-crawler)"
114.119.140.166 - - [31/Jul/2026:15:01:20 -0300] "GET /configRLD/Jump/0-toldosilvio/wp-admin/user-new.php HTTP/1.1" 500 - "http://choppgermaniaautodromo.com.br/configRLD/Jump/0-toldosilvio/wp-admin/" "Mozilla/5.0 (Linux; Android 7.0;) AppleWebKit/537.36 (HTML, like Gecko) Mobile Safari/537.36 (compatible; PetalBot;+https://webmaster.petalsearch.com/site/petalbot)"
37.27.51.141 - - [31/Jul/2026:15:01:22 -0300] "GET /item-tag/usa/?loknya=/ HTTP/1.1" 200 67036 "-" "Mozilla/5.0 (compatible; SERankingBacklinksBot/1.0; +https://seranking.com/backlinks-crawler)"
37.27.51.141 - - [31/Jul/2026:15:01:35 -0300] "GET /item-tag/xxx/?loknya=/ HTTP/1.1" 200 67036 "-" "Mozilla/5.0 (compatible; SERankingBacklinksBot/1.0; +https://seranking.com/backlinks-crawler)"
37.27.51.141 - - [31/Jul/2026:15:01:39 -0300] "GET /item-tag/yes/?loknya=/ HTTP/1.1" 200 67036 "-" "Mozilla/5.0 (compatible; SERankingBacklinksBot/1.0; +https://seranking.com/backlinks-crawler)"
37.27.51.141 - - [31/Jul/2026:15:01:47 -0300] "GET /item-tag/yes/page/12/ HTTP/1.1" 200 67036 "-" "Mozilla/5.0 (compatible; SERankingBacklinksBot/1.0; +https://seranking.com/backlinks-crawler)"
37.27.51.141 - - [31/Jul/2026:15:01:55 -0300] "GET /phone-case?loknya=/home HTTP/1.1" 200 67036 "-" "Mozilla/5.0 (compatible; SERankingBacklinksBot/1.0; +https://seranking.com/backlinks-crawler)"
216.73.216.198 - - [31/Jul/2026:15:02:06 -0300] "GET /?a=741828388 HTTP/1.1" 200 67036 "-" "Mozilla/5.0 AppleWebKit/537.36 (KHTML, like Gecko; compatible; ClaudeBot/1.0; +claudebot@anthropic.com)"
37.27.51.141 - - [31/Jul/2026:15:02:08 -0300] "GET /item-tag/1960s/page/2/ HTTP/1.1" 200 67036 "-" "Mozilla/5.0 (compatible; SERankingBacklinksBot/1.0; +https://seranking.com/backlinks-crawler)"
37.27.51.141 - - [31/Jul/2026:15:02:12 -0300] "GET /tapestries?loknya=/home HTTP/1.1" 200 67036 "-" "Mozilla/5.0 (compatible; SERankingBacklinksBot/1.0; +https://seranking.com/backlinks-crawler)"
37.27.51.141 - - [31/Jul/2026:15:02:16 -0300] "GET /item-tag/1960s/page/3/ HTTP/1.1" 200 67036 "-" "Mozilla/5.0 (compatible; SERankingBacklinksBot/1.0; +https://seranking.com/backlinks-crawler)"
216.73.216.198 - - [31/Jul/2026:15:02:19 -0300] "GET /?a=1328005787 HTTP/1.1" 200 67036 "-" "Mozilla/5.0 AppleWebKit/537.36 (KHTML, like Gecko; compatible; ClaudeBot/1.0; +claudebot@anthropic.com)"
37.27.51.141 - - [31/Jul/2026:15:02:28 -0300] "GET /item-tag/1960s/page/4/ HTTP/1.1" 200 67036 "-" "Mozilla/5.0 (compatible; SERankingBacklinksBot/1.0; +https://seranking.com/backlinks-crawler)"
216.73.216.198 - - [31/Jul/2026:15:02:30 -0300] "GET /?a=3926879139 HTTP/1.1" 200 67036 "-" "Mozilla/5.0 AppleWebKit/537.36 (KHTML, like Gecko; compatible; ClaudeBot/1.0; +claudebot@anthropic.com)"
37.27.51.141 - - [31/Jul/2026:15:02:36 -0300] "GET /item-tag/1960s/page/6/ HTTP/1.1" 200 67036 "-" "Mozilla/5.0 (compatible; SERankingBacklinksBot/1.0; +https://seranking.com/backlinks-crawler)"
216.73.216.198 - - [31/Jul/2026:15:02:40 -0300] "GET /?lokasie=%2Fproc%2F1029267%2Fcgroup&loknya=%2Fproc%2F1029267 HTTP/1.1" 200 67036 "-" "Mozilla/5.0 AppleWebKit/537.36 (KHTML, like Gecko; compatible; ClaudeBot/1.0; +claudebot@anthropic.com)"
37.27.51.141 - - [31/Jul/2026:15:02:44 -0300] "GET /item-tag/1970s/page/2/ HTTP/1.1" 200 67036 "-" "Mozilla/5.0 (compatible; SERankingBacklinksBot/1.0; +https://seranking.com/backlinks-crawler)"
216.73.216.198 - - [31/Jul/2026:15:02:52 -0300] "GET /?lokasie=%2Fproc%2F2528620%2Fcomm&loknya=%2Fproc%2F2528620 HTTP/1.1" 200 67036 "-" "Mozilla/5.0 AppleWebKit/537.36 (KHTML, like Gecko; compatible; ClaudeBot/1.0; +claudebot@anthropic.com)"
37.27.51.141 - - [31/Jul/2026:15:02:53 -0300] "GET /item-tag/1970s/page/3/ HTTP/1.1" 200 67036 "-" "Mozilla/5.0 (compatible; SERankingBacklinksBot/1.0; +https://seranking.com/backlinks-crawler)"
216.73.216.198 - - [31/Jul/2026:15:03:04 -0300] "GET /?a=4269796660 HTTP/1.1" 200 67036 "-" "Mozilla/5.0 AppleWebKit/537.36 (KHTML, like Gecko; compatible; ClaudeBot/1.0; +claudebot@anthropic.com)"
37.27.51.141 - - [31/Jul/2026:15:03:05 -0300] "GET /item-tag/1970s/page/4/ HTTP/1.1" 200 67036 "-" "Mozilla/5.0 (compatible; SERankingBacklinksBot/1.0; +https://seranking.com/backlinks-crawler)"
43.159.148.221 - - [31/Jul/2026:15:03:10 -0300] "GET /?path=/home/adminuni HTTP/1.1" 200 12703 "-" "Mozilla/5.0 (iPhone; CPU iPhone OS 13_2_3 like Mac OS X) AppleWebKit/605.1.15 (KHTML, like Gecko) Version/13.0.3 Mobile/15E148 Safari/604.1"
37.27.51.141 - - [31/Jul/2026:15:03:13 -0300] "GET /item-tag/1980s/page/2/ HTTP/1.1" 200 67036 "-" "Mozilla/5.0 (compatible; SERankingBacklinksBot/1.0; +https://seranking.com/backlinks-crawler)"
216.73.216.198 - - [31/Jul/2026:15:03:16 -0300] "GET /?a=3053865304 HTTP/1.1" 200 67036 "-" "Mozilla/5.0 AppleWebKit/537.36 (KHTML, like Gecko; compatible; ClaudeBot/1.0; +claudebot@anthropic.com)"
37.27.51.141 - - [31/Jul/2026:15:03:22 -0300] "GET /item-tag/1980s/page/3/ HTTP/1.1" 200 67036 "-" "Mozilla/5.0 (compatible; SERankingBacklinksBot/1.0; +https://seranking.com/backlinks-crawler)"
37.27.51.141 - - [31/Jul/2026:15:03:26 -0300] "GET /item-tag/1980s/page/4/ HTTP/1.1" 200 67036 "-" "Mozilla/5.0 (compatible; SERankingBacklinksBot/1.0; +https://seranking.com/backlinks-crawler)"
216.73.216.198 - - [31/Jul/2026:15:03:28 -0300] "GET /?a=4053884554 HTTP/1.1" 200 67036 "-" "Mozilla/5.0 AppleWebKit/537.36 (KHTML, like Gecko; compatible; ClaudeBot/1.0; +claudebot@anthropic.com)"
37.27.51.141 - - [31/Jul/2026:15:03:34 -0300] "GET /item-tag/1980s/page/6/ HTTP/1.1" 200 67036 "-" "Mozilla/5.0 (compatible; SERankingBacklinksBot/1.0; +https://seranking.com/backlinks-crawler)"
216.73.216.198 - - [31/Jul/2026:15:03:37 -0300] "GET /?lokasie=%2Fproc%2F435445%2Fcomm&loknya=%2Fproc%2F435445 HTTP/1.1" 200 67036 "-" "Mozilla/5.0 AppleWebKit/537.36 (KHTML, like Gecko; compatible; ClaudeBot/1.0; +claudebot@anthropic.com)"
37.27.51.141 - - [31/Jul/2026:15:03:42 -0300] "GET /item-tag/1981/?loknya=/ HTTP/1.1" 200 67036 "-" "Mozilla/5.0 (compatible; SERankingBacklinksBot/1.0; +https://seranking.com/backlinks-crawler)"
114.119.145.8 - - [31/Jul/2026:15:03:53 -0300] "GET /configRLD/Jump/0-toldosilvio/wp-admin/moderation.php HTTP/1.1" 500 - "http://choppgermaniaautodromo.com.br/configRLD/Jump/0-toldosilvio/wp-admin/" "Mozilla/5.0 (Linux; Android 7.0;) AppleWebKit/537.36 (HTML, like Gecko) Mobile Safari/537.36 (compatible; PetalBot;+https://webmaster.petalsearch.com/site/petalbot)"
37.27.51.141 - - [31/Jul/2026:15:03:55 -0300] "GET /item-tag/1982/?loknya=/ HTTP/1.1" 200 67036 "-" "Mozilla/5.0 (compatible; SERankingBacklinksBot/1.0; +https://seranking.com/backlinks-crawler)"
37.27.51.141 - - [31/Jul/2026:15:03:59 -0300] "GET /item-tag/1984/?loknya=/ HTTP/1.1" 200 67036 "-" "Mozilla/5.0 (compatible; SERankingBacklinksBot/1.0; +https://seranking.com/backlinks-crawler)"
37.27.51.141 - - [31/Jul/2026:15:04:07 -0300] "GET /item-tag/1990s/page/2/ HTTP/1.1" 200 67036 "-" "Mozilla/5.0 (compatible; SERankingBacklinksBot/1.0; +https://seranking.com/backlinks-crawler)"
37.27.51.141 - - [31/Jul/2026:15:04:20 -0300] "GET /item-tag/1994/?loknya=/ HTTP/1.1" 200 67036 "-" "Mozilla/5.0 (compatible; SERankingBacklinksBot/1.0; +https://seranking.com/backlinks-crawler)"
216.73.216.198 - - [31/Jul/2026:15:04:20 -0300] "GET /?a=35881296 HTTP/1.1" 200 67036 "-" "Mozilla/5.0 AppleWebKit/537.36 (KHTML, like Gecko; compatible; ClaudeBot/1.0; +claudebot@anthropic.com)"
37.27.51.141 - - [31/Jul/2026:15:04:24 -0300] "GET /item-tag/2003/?loknya=/ HTTP/1.1" 200 67036 "-" "Mozilla/5.0 (compatible; SERankingBacklinksBot/1.0; +https://seranking.com/backlinks-crawler)"
37.27.51.141 - - [31/Jul/2026:15:04:32 -0300] "GET /item-tag/2005/?loknya=/ HTTP/1.1" 200 67036 "-" "Mozilla/5.0 (compatible; SERankingBacklinksBot/1.0; +https://seranking.com/backlinks-crawler)"
216.73.216.198 - - [31/Jul/2026:15:04:32 -0300] "GET /?a=1999525391 HTTP/1.1" 200 67036 "-" "Mozilla/5.0 AppleWebKit/537.36 (KHTML, like Gecko; compatible; ClaudeBot/1.0; +claudebot@anthropic.com)"
216.73.216.198 - - [31/Jul/2026:15:04:43 -0300] "GET /?a=2907154251 HTTP/1.1" 200 67036 "-" "Mozilla/5.0 AppleWebKit/537.36 (KHTML, like Gecko; compatible; ClaudeBot/1.0; +claudebot@anthropic.com)"
37.27.51.141 - - [31/Jul/2026:15:04:44 -0300] "GET /item-tag/2010/?loknya=/ HTTP/1.1" 200 67036 "-" "Mozilla/5.0 (compatible; SERankingBacklinksBot/1.0; +https://seranking.com/backlinks-crawler)"
37.27.51.141 - - [31/Jul/2026:15:04:47 -0300] "GET /item-tag/2011/?loknya=/ HTTP/1.1" 200 67036 "-" "Mozilla/5.0 (compatible; SERankingBacklinksBot/1.0; +https://seranking.com/backlinks-crawler)"
216.73.216.198 - - [31/Jul/2026:15:04:55 -0300] "GET /?a=2038519486 HTTP/1.1" 200 67036 "-" "Mozilla/5.0 AppleWebKit/537.36 (KHTML, like Gecko; compatible; ClaudeBot/1.0; +claudebot@anthropic.com)"
37.27.51.141 - - [31/Jul/2026:15:04:56 -0300] "GET /item-tag/2012/?loknya=/ HTTP/1.1" 200 67036 "-" "Mozilla/5.0 (compatible; SERankingBacklinksBot/1.0; +https://seranking.com/backlinks-crawler)"
216.73.216.198 - - [31/Jul/2026:15:05:07 -0300] "GET /?a=847540394 HTTP/1.1" 200 67036 "-" "Mozilla/5.0 AppleWebKit/537.36 (KHTML, like Gecko; compatible; ClaudeBot/1.0; +claudebot@anthropic.com)"
37.27.51.141 - - [31/Jul/2026:15:05:08 -0300] "GET /item-tag/2013/?loknya=/ HTTP/1.1" 200 67036 "-" "Mozilla/5.0 (compatible; SERankingBacklinksBot/1.0; +https://seranking.com/backlinks-crawler)"
37.27.51.141 - - [31/Jul/2026:15:05:12 -0300] "GET /item-tag/2014/?loknya=/ HTTP/1.1" 200 67036 "-" "Mozilla/5.0 (compatible; SERankingBacklinksBot/1.0; +https://seranking.com/backlinks-crawler)"
216.73.216.198 - - [31/Jul/2026:15:05:19 -0300] "GET /?a=2134141552 HTTP/1.1" 200 67036 "-" "Mozilla/5.0 AppleWebKit/537.36 (KHTML, like Gecko; compatible; ClaudeBot/1.0; +claudebot@anthropic.com)"
37.27.51.141 - - [31/Jul/2026:15:05:20 -0300] "GET /item-tag/2015/?loknya=/ HTTP/1.1" 200 67036 "-" "Mozilla/5.0 (compatible; SERankingBacklinksBot/1.0; +https://seranking.com/backlinks-crawler)"
37.27.51.141 - - [31/Jul/2026:15:05:29 -0300] "GET /item-tag/2016/?loknya=/ HTTP/1.1" 200 67036 "-" "Mozilla/5.0 (compatible; SERankingBacklinksBot/1.0; +https://seranking.com/backlinks-crawler)"
216.73.216.198 - - [31/Jul/2026:15:05:31 -0300] "GET /?a=772674740 HTTP/1.1" 200 67036 "-" "Mozilla/5.0 AppleWebKit/537.36 (KHTML, like Gecko; compatible; ClaudeBot/1.0; +claudebot@anthropic.com)"
37.27.51.141 - - [31/Jul/2026:15:05:37 -0300] "GET /item-tag/2017/?loknya=/ HTTP/1.1" 200 67036 "-" "Mozilla/5.0 (compatible; SERankingBacklinksBot/1.0; +https://seranking.com/backlinks-crawler)"
37.27.51.141 - - [31/Jul/2026:15:05:49 -0300] "GET /item-tag/2018/?loknya=/ HTTP/1.1" 200 67036 "-" "Mozilla/5.0 (compatible; SERankingBacklinksBot/1.0; +https://seranking.com/backlinks-crawler)"
37.27.51.141 - - [31/Jul/2026:15:05:53 -0300] "GET /item-tag/2019/?loknya=/ HTTP/1.1" 200 67036 "-" "Mozilla/5.0 (compatible; SERankingBacklinksBot/1.0; +https://seranking.com/backlinks-crawler)"
216.73.216.198 - - [31/Jul/2026:15:06:03 -0300] "GET /?a=3642667623 HTTP/1.1" 200 67036 "-" "Mozilla/5.0 AppleWebKit/537.36 (KHTML, like Gecko; compatible; ClaudeBot/1.0; +claudebot@anthropic.com)"
37.27.51.141 - - [31/Jul/2026:15:06:05 -0300] "GET /item-tag/2020/?loknya=/ HTTP/1.1" 200 67036 "-" "Mozilla/5.0 (compatible; SERankingBacklinksBot/1.0; +https://seranking.com/backlinks-crawler)"
37.27.51.141 - - [31/Jul/2026:15:06:14 -0300] "GET /item-tag/2020/page/11/ HTTP/1.1" 200 67036 "-" "Mozilla/5.0 (compatible; SERankingBacklinksBot/1.0; +https://seranking.com/backlinks-crawler)"
94.23.188.214 - - [31/Jul/2026:15:06:14 -0300] "GET /sitemap.xml HTTP/1.1" 200 353578 "-" "Mozilla/5.0 (compatible; AhrefsBot/7.0; +http://ahrefs.com/robot/)"
216.73.216.198 - - [31/Jul/2026:15:06:15 -0300] "GET /?a=3719705028 HTTP/1.1" 200 67036 "-" "Mozilla/5.0 AppleWebKit/537.36 (KHTML, like Gecko; compatible; ClaudeBot/1.0; +claudebot@anthropic.com)"
37.27.51.141 - - [31/Jul/2026:15:06:18 -0300] "GET /item-tag/2021/?loknya=/ HTTP/1.1" 200 67036 "-" "Mozilla/5.0 (compatible; SERankingBacklinksBot/1.0; +https://seranking.com/backlinks-crawler)"
114.119.134.196 - - [31/Jul/2026:15:06:26 -0300] "GET /configRLD/Jump/0-toldosilvio/wp-admin/js/ HTTP/1.1" 200 18805 "http://choppgermaniaautodromo.com.br/configRLD/Jump/0-toldosilvio/wp-admin/" "Mozilla/5.0 (Linux; Android 7.0;) AppleWebKit/537.36 (HTML, like Gecko) Mobile Safari/537.36 (compatible; PetalBot;+https://webmaster.petalsearch.com/site/petalbot)"
37.27.51.141 - - [31/Jul/2026:15:06:26 -0300] "GET /item-tag/2021/page/17/ HTTP/1.1" 200 67036 "-" "Mozilla/5.0 (compatible; SERankingBacklinksBot/1.0; +https://seranking.com/backlinks-crawler)"
216.73.216.198 - - [31/Jul/2026:15:06:27 -0300] "GET /?a=4070956017 HTTP/1.1" 200 67036 "-" "Mozilla/5.0 AppleWebKit/537.36 (KHTML, like Gecko; compatible; ClaudeBot/1.0; +claudebot@anthropic.com)"
37.27.51.141 - - [31/Jul/2026:15:06:34 -0300] "GET /item-tag/2022/?loknya=/ HTTP/1.1" 200 67036 "-" "Mozilla/5.0 (compatible; SERankingBacklinksBot/1.0; +https://seranking.com/backlinks-crawler)"
216.73.216.198 - - [31/Jul/2026:15:06:39 -0300] "GET /?loknya=%2Fproc%2F78073%2Ffd HTTP/1.1" 200 67036 "-" "Mozilla/5.0 AppleWebKit/537.36 (KHTML, like Gecko; compatible; ClaudeBot/1.0; +claudebot@anthropic.com)"
37.27.51.141 - - [31/Jul/2026:15:06:46 -0300] "GET /item-tag/2022/page/10/ HTTP/1.1" 200 67036 "-" "Mozilla/5.0 (compatible; SERankingBacklinksBot/1.0; +https://seranking.com/backlinks-crawler)"
37.27.51.141 - - [31/Jul/2026:15:06:50 -0300] "GET /item-tag/2023/?loknya=/ HTTP/1.1" 200 67036 "-" "Mozilla/5.0 (compatible; SERankingBacklinksBot/1.0; +https://seranking.com/backlinks-crawler)"
216.73.216.198 - - [31/Jul/2026:15:06:51 -0300] "GET /?lokasie=%2Fusr%2Ftmp%2FwpcFXXb0T&loknya=%2Fusr%2Ftmp HTTP/1.1" 200 67036 "-" "Mozilla/5.0 AppleWebKit/537.36 (KHTML, like Gecko; compatible; ClaudeBot/1.0; +claudebot@anthropic.com)"
216.73.216.198 - - [31/Jul/2026:15:06:58 -0300] "GET /?loknya=%2Fproc%2F435886%2Fnet HTTP/1.1" 200 67036 "-" "Mozilla/5.0 AppleWebKit/537.36 (KHTML, like Gecko; compatible; ClaudeBot/1.0; +claudebot@anthropic.com)"
37.27.51.141 - - [31/Jul/2026:15:06:58 -0300] "GET /item-tag/2023/page/15/ HTTP/1.1" 200 67036 "-" "Mozilla/5.0 (compatible; SERankingBacklinksBot/1.0; +https://seranking.com/backlinks-crawler)"
37.27.51.141 - - [31/Jul/2026:15:07:07 -0300] "GET /item-tag/2024/?loknya=/ HTTP/1.1" 200 67036 "-" "Mozilla/5.0 (compatible; SERankingBacklinksBot/1.0; +https://seranking.com/backlinks-crawler)"
216.73.216.198 - - [31/Jul/2026:15:07:10 -0300] "GET /?lokasie=%2Fusr%2Ftmp%2Fwpcm7Y66D&loknya=%2Fusr%2Ftmp HTTP/1.1" 200 67036 "-" "Mozilla/5.0 AppleWebKit/537.36 (KHTML, like Gecko; compatible; ClaudeBot/1.0; +claudebot@anthropic.com)"
37.27.51.141 - - [31/Jul/2026:15:07:19 -0300] "GET /item-tag/2024/page/19/ HTTP/1.1" 200 67036 "-" "Mozilla/5.0 (compatible; SERankingBacklinksBot/1.0; +https://seranking.com/backlinks-crawler)"
216.73.216.198 - - [31/Jul/2026:15:07:22 -0300] "GET /?a=2773079615 HTTP/1.1" 200 67036 "-" "Mozilla/5.0 AppleWebKit/537.36 (KHTML, like Gecko; compatible; ClaudeBot/1.0; +claudebot@anthropic.com)"
37.27.51.141 - - [31/Jul/2026:15:07:32 -0300] "GET /item-tag/2025/?loknya=/ HTTP/1.1" 200 67036 "-" "Mozilla/5.0 (compatible; SERankingBacklinksBot/1.0; +https://seranking.com/backlinks-crawler)"
37.27.51.141 - - [31/Jul/2026:15:07:36 -0300] "GET /item-tag/2025/page/22/ HTTP/1.1" 200 67036 "-" "Mozilla/5.0 (compatible; SERankingBacklinksBot/1.0; +https://seranking.com/backlinks-crawler)"
37.27.51.141 - - [31/Jul/2026:15:07:44 -0300] "GET /item-tag/2026/?loknya=/ HTTP/1.1" 200 67036 "-" "Mozilla/5.0 (compatible; SERankingBacklinksBot/1.0; +https://seranking.com/backlinks-crawler)"
37.27.51.141 - - [31/Jul/2026:15:07:52 -0300] "GET /item-tag/2026/page/11/ HTTP/1.1" 200 67036 "-" "Mozilla/5.0 (compatible; SERankingBacklinksBot/1.0; +https://seranking.com/backlinks-crawler)"
216.73.216.198 - - [31/Jul/2026:15:08:00 -0300] "GET /configRLD/Jump/0-fullofficeuug/wp-includes/js/wp-sanitize.js HTTP/1.1" 200 772 "-" "Mozilla/5.0 AppleWebKit/537.36 (KHTML, like Gecko; compatible; ClaudeBot/1.0; +claudebot@anthropic.com)"
37.27.51.141 - - [31/Jul/2026:15:08:00 -0300] "GET /item-tag/2027/?loknya=/ HTTP/1.1" 200 67036 "-" "Mozilla/5.0 (compatible; SERankingBacklinksBot/1.0; +https://seranking.com/backlinks-crawler)"
216.73.216.198 - - [31/Jul/2026:15:08:03 -0300] "GET /configRLD/Jump/0-fullofficeuug/wp-includes/js/media-editor.js HTTP/1.1" 200 7621 "-" "Mozilla/5.0 AppleWebKit/537.36 (KHTML, like Gecko; compatible; ClaudeBot/1.0; +claudebot@anthropic.com)"
216.73.216.198 - - [31/Jul/2026:15:08:06 -0300] "GET /configRLD/Jump/0-bgservicos/update-tags-manager.php?edit=4m6wwxp3.php HTTP/1.1" 500 - "-" "Mozilla/5.0 AppleWebKit/537.36 (KHTML, like Gecko; compatible; ClaudeBot/1.0; +claudebot@anthropic.com)"
216.73.216.198 - - [31/Jul/2026:15:08:09 -0300] "GET /configRLD/Jump/0-bgservicos/wp-admin/js/comment.min.js HTTP/1.1" 200 636 "-" "Mozilla/5.0 AppleWebKit/537.36 (KHTML, like Gecko; compatible; ClaudeBot/1.0; +claudebot@anthropic.com)"
216.73.216.198 - - [31/Jul/2026:15:08:12 -0300] "GET /configRLD/Jump/0-bgservicos/wp-admin/js/postbox.js HTTP/1.1" 200 5030 "-" "Mozilla/5.0 AppleWebKit/537.36 (KHTML, like Gecko; compatible; ClaudeBot/1.0; +claudebot@anthropic.com)"
37.27.51.141 - - [31/Jul/2026:15:08:13 -0300] "GET /item-tag/330ml/page/2/ HTTP/1.1" 200 67036 "-" "Mozilla/5.0 (compatible; SERankingBacklinksBot/1.0; +https://seranking.com/backlinks-crawler)"
216.73.216.198 - - [31/Jul/2026:15:08:15 -0300] "GET /index.php?a=1740924342 HTTP/1.1" 200 67036 "-" "Mozilla/5.0 AppleWebKit/537.36 (KHTML, like Gecko; compatible; ClaudeBot/1.0; +claudebot@anthropic.com)"
37.27.51.141 - - [31/Jul/2026:15:08:17 -0300] "GET /item-tag/330ml/page/3/ HTTP/1.1" 200 67036 "-" "Mozilla/5.0 (compatible; SERankingBacklinksBot/1.0; +https://seranking.com/backlinks-crawler)"
216.73.216.198 - - [31/Jul/2026:15:08:18 -0300] "GET /wp-trackback.php?loknya=%2Fhome%2Fuugpub32 HTTP/1.1" 200 67036 "-" "Mozilla/5.0 AppleWebKit/537.36 (KHTML, like Gecko; compatible; ClaudeBot/1.0; +claudebot@anthropic.com)"
216.73.216.198 - - [31/Jul/2026:15:08:21 -0300] "GET /index.php?loknya=%2Fproc%2F516680%2Ffd HTTP/1.1" 200 67036 "-" "Mozilla/5.0 AppleWebKit/537.36 (KHTML, like Gecko; compatible; ClaudeBot/1.0; +claudebot@anthropic.com)"
216.73.216.198 - - [31/Jul/2026:15:08:24 -0300] "GET /index.php?a=160445969 HTTP/1.1" 200 67036 "-" "Mozilla/5.0 AppleWebKit/537.36 (KHTML, like Gecko; compatible; ClaudeBot/1.0; +claudebot@anthropic.com)"
37.27.51.141 - - [31/Jul/2026:15:08:25 -0300] "GET /item-tag/330ml/page/4/ HTTP/1.1" 200 67036 "-" "Mozilla/5.0 (compatible; SERankingBacklinksBot/1.0; +https://seranking.com/backlinks-crawler)"
216.73.216.198 - - [31/Jul/2026:15:08:27 -0300] "GET /index.php?loknya=%2Fproc%2F596120%2Fnet HTTP/1.1" 200 67036 "-" "Mozilla/5.0 AppleWebKit/537.36 (KHTML, like Gecko; compatible; ClaudeBot/1.0; +claudebot@anthropic.com)"
216.73.216.198 - - [31/Jul/2026:15:08:30 -0300] "GET /wp-config.php?loknya=%2Fproc%2F425%2Fattr HTTP/1.1" 200 67036 "-" "Mozilla/5.0 AppleWebKit/537.36 (KHTML, like Gecko; compatible; ClaudeBot/1.0; +claudebot@anthropic.com)"
216.73.216.198 - - [31/Jul/2026:15:08:33 -0300] "GET /index.php?loknya=%2Fproc%2F2940331%2Fattr HTTP/1.1" 200 67036 "-" "Mozilla/5.0 AppleWebKit/537.36 (KHTML, like Gecko; compatible; ClaudeBot/1.0; +claudebot@anthropic.com)"
37.27.51.141 - - [31/Jul/2026:15:08:33 -0300] "GET /item-tag/370ml/page/2/ HTTP/1.1" 200 67036 "-" "Mozilla/5.0 (compatible; SERankingBacklinksBot/1.0; +https://seranking.com/backlinks-crawler)"
216.73.216.198 - - [31/Jul/2026:15:08:36 -0300] "GET /wp-config.php?loknya=%2Fproc%2F1829656 HTTP/1.1" 200 67036 "-" "Mozilla/5.0 AppleWebKit/537.36 (KHTML, like Gecko; compatible; ClaudeBot/1.0; +claudebot@anthropic.com)"
216.73.216.198 - - [31/Jul/2026:15:08:39 -0300] "GET /?lokasie=%2Fusr%2Finclude%2Fboost%2Fpending%2Fcontainer_traits.hpp&loknya=%2Fusr%2Finclude%2Fboost%2Fpending HTTP/1.1" 200 67036 "-" "Mozilla/5.0 AppleWebKit/537.36 (KHTML, like Gecko; compatible; ClaudeBot/1.0; +claudebot@anthropic.com)"
216.73.216.198 - - [31/Jul/2026:15:08:42 -0300] "GET /wp-config.php?loknya=%2Fproc%2F2800925 HTTP/1.1" 200 67036 "-" "Mozilla/5.0 AppleWebKit/537.36 (KHTML, like Gecko; compatible; ClaudeBot/1.0; +claudebot@anthropic.com)"
37.27.51.141 - - [31/Jul/2026:15:08:42 -0300] "GET /item-tag/375ml/page/2/ HTTP/1.1" 200 67036 "-" "Mozilla/5.0 (compatible; SERankingBacklinksBot/1.0; +https://seranking.com/backlinks-crawler)"
216.73.216.198 - - [31/Jul/2026:15:08:45 -0300] "GET /wp-config.php?loknya=%2Fproc%2F435845 HTTP/1.1" 200 67036 "-" "Mozilla/5.0 AppleWebKit/537.36 (KHTML, like Gecko; compatible; ClaudeBot/1.0; +claudebot@anthropic.com)"
216.73.216.198 - - [31/Jul/2026:15:08:48 -0300] "GET /index.php?loknya=%2Fproc%2F3572071%2Ffd HTTP/1.1" 200 67036 "-" "Mozilla/5.0 AppleWebKit/537.36 (KHTML, like Gecko; compatible; ClaudeBot/1.0; +claudebot@anthropic.com)"
216.73.216.198 - - [31/Jul/2026:15:08:51 -0300] "GET /?lokasie=%2Fhome%2Fautoligchopp%2Fpublic_html%2Fwp-includes%2FRequests%2Fsrc%2FPort.php&loknya=%2Fhome%2Fautoligchopp%2Fpublic_html%2Fwp-includes%2FRequests%2Fsrc HTTP/1.1" 200 67036 "-" "Mozilla/5.0 AppleWebKit/537.36 (KHTML, like Gecko; compatible; ClaudeBot/1.0; +claudebot@anthropic.com)"
216.73.216.198 - - [31/Jul/2026:15:08:54 -0300] "GET /wp-mail.php?loknya=%2Fetc%2Fterminfo HTTP/1.1" 200 67036 "-" "Mozilla/5.0 AppleWebKit/537.36 (KHTML, like Gecko; compatible; ClaudeBot/1.0; +claudebot@anthropic.com)"
37.27.51.141 - - [31/Jul/2026:15:08:54 -0300] "GET /item-tag/375ml/page/3/ HTTP/1.1" 200 67036 "-" "Mozilla/5.0 (compatible; SERankingBacklinksBot/1.0; +https://seranking.com/backlinks-crawler)"
216.73.216.198 - - [31/Jul/2026:15:08:57 -0300] "GET /configRLD/Jump/0-glaumar/wp-includes/class-wp-recovery-mode-email-service.php HTTP/1.1" 500 - "-" "Mozilla/5.0 AppleWebKit/537.36 (KHTML, like Gecko; compatible; ClaudeBot/1.0; +claudebot@anthropic.com)"
114.119.145.8 - - [31/Jul/2026:15:08:58 -0300] "GET /configRLD/Jump/0-toldosilvio/wp-admin/admin-functions.php HTTP/1.1" 500 - "http://choppgermaniaautodromo.com.br/configRLD/Jump/0-toldosilvio/wp-admin/" "Mozilla/5.0 (Linux; Android 7.0;) AppleWebKit/537.36 (HTML, like Gecko) Mobile Safari/537.36 (compatible; PetalBot;+https://webmaster.petalsearch.com/site/petalbot)"
37.27.51.141 - - [31/Jul/2026:15:08:58 -0300] "GET /item-tag/375ml/page/4/ HTTP/1.1" 200 67036 "-" "Mozilla/5.0 (compatible; SERankingBacklinksBot/1.0; +https://seranking.com/backlinks-crawler)"
216.73.216.198 - - [31/Jul/2026:15:09:00 -0300] "GET /configRLD/Jump/0-bgservicos/wp-admin/js/password-toggle.min.js HTTP/1.1" 200 402 "-" "Mozilla/5.0 AppleWebKit/537.36 (KHTML, like Gecko; compatible; ClaudeBot/1.0; +claudebot@anthropic.com)"
216.73.216.198 - - [31/Jul/2026:15:09:03 -0300] "GET /configRLD/Jump/0-bgservicos/wp-includes/theme-compat/ HTTP/1.1" 200 624 "-" "Mozilla/5.0 AppleWebKit/537.36 (KHTML, like Gecko; compatible; ClaudeBot/1.0; +claudebot@anthropic.com)"
216.73.216.198 - - [31/Jul/2026:15:09:06 -0300] "GET /index.php?loknya=%2Fproc%2F435577%2Ffd HTTP/1.1" 200 67036 "-" "Mozilla/5.0 AppleWebKit/537.36 (KHTML, like Gecko; compatible; ClaudeBot/1.0; +claudebot@anthropic.com)"
37.27.51.141 - - [31/Jul/2026:15:09:06 -0300] "GET /item-tag/375ml/page/5/ HTTP/1.1" 200 67036 "-" "Mozilla/5.0 (compatible; SERankingBacklinksBot/1.0; +https://seranking.com/backlinks-crawler)"
216.73.216.198 - - [31/Jul/2026:15:09:09 -0300] "GET /index.php?loknya=%2Fproc%2F30 HTTP/1.1" 200 67036 "-" "Mozilla/5.0 AppleWebKit/537.36 (KHTML, like Gecko; compatible; ClaudeBot/1.0; +claudebot@anthropic.com)"
216.73.216.198 - - [31/Jul/2026:15:09:12 -0300] "GET /?lokasie=%2Fusr%2Finclude%2Fboost%2Fmpl%2Finherit.hpp&loknya=%2Fusr%2Finclude%2Fboost%2Fmpl HTTP/1.1" 200 67036 "-" "Mozilla/5.0 AppleWebKit/537.36 (KHTML, like Gecko; compatible; ClaudeBot/1.0; +claudebot@anthropic.com)"
216.73.216.198 - - [31/Jul/2026:15:09:15 -0300] "GET /?lokasie=%2Fusr%2Finclude%2Ftgmath.h&loknya=%2Fusr%2Finclude HTTP/1.1" 200 67036 "-" "Mozilla/5.0 AppleWebKit/537.36 (KHTML, like Gecko; compatible; ClaudeBot/1.0; +claudebot@anthropic.com)"
37.27.51.141 - - [31/Jul/2026:15:09:15 -0300] "GET /item-tag/apps/?loknya=/ HTTP/1.1" 200 67036 "-" "Mozilla/5.0 (compatible; SERankingBacklinksBot/1.0; +https://seranking.com/backlinks-crawler)"
216.73.216.198 - - [31/Jul/2026:15:09:18 -0300] "GET /configRLD/Jump/0-bgservicos/wp-admin/my-sites.php HTTP/1.1" 500 - "-" "Mozilla/5.0 AppleWebKit/537.36 (KHTML, like Gecko; compatible; ClaudeBot/1.0; +claudebot@anthropic.com)"
216.73.216.198 - - [31/Jul/2026:15:09:21 -0300] "GET /?lokasie=%2Fusr%2Finclude%2Fboost%2Fmpl%2Fpop_back.hpp&loknya=%2Fusr%2Finclude%2Fboost%2Fmpl HTTP/1.1" 200 67036 "-" "Mozilla/5.0 AppleWebKit/537.36 (KHTML, like Gecko; compatible; ClaudeBot/1.0; +claudebot@anthropic.com)"
216.73.216.198 - - [31/Jul/2026:15:09:24 -0300] "GET /configRLD/Jump/0-glaumar/wp-includes/theme-i18n.json HTTP/1.1" 200 1892 "-" "Mozilla/5.0 AppleWebKit/537.36 (KHTML, like Gecko; compatible; ClaudeBot/1.0; +claudebot@anthropic.com)"
216.73.216.198 - - [31/Jul/2026:15:09:27 -0300] "GET /configRLD/Jump/0-bgservicos/wp-admin/js/custom-background.js HTTP/1.1" 200 1182 "-" "Mozilla/5.0 AppleWebKit/537.36 (KHTML, like Gecko; compatible; ClaudeBot/1.0; +claudebot@anthropic.com)"
37.27.51.141 - - [31/Jul/2026:15:09:27 -0300] "GET /item-tag/asahi/page/2/ HTTP/1.1" 200 67036 "-" "Mozilla/5.0 (compatible; SERankingBacklinksBot/1.0; +https://seranking.com/backlinks-crawler)"
216.73.216.198 - - [31/Jul/2026:15:09:30 -0300] "GET /configRLD/Jump/0-bgservicos/wp-includes/block-supports/spacing.php HTTP/1.1" 500 - "-" "Mozilla/5.0 AppleWebKit/537.36 (KHTML, like Gecko; compatible; ClaudeBot/1.0; +claudebot@anthropic.com)"
216.73.216.198 - - [31/Jul/2026:15:09:33 -0300] "GET /configRLD/Jump/0-bgservicos/wp-includes/style-engine/ HTTP/1.1" 200 508 "-" "Mozilla/5.0 AppleWebKit/537.36 (KHTML, like Gecko; compatible; ClaudeBot/1.0; +claudebot@anthropic.com)"
37.27.51.141 - - [31/Jul/2026:15:09:35 -0300] "GET /item-tag/becks/page/2/ HTTP/1.1" 200 67036 "-" "Mozilla/5.0 (compatible; SERankingBacklinksBot/1.0; +https://seranking.com/backlinks-crawler)"
216.73.216.198 - - [31/Jul/2026:15:09:36 -0300] "GET /configRLD/Jump/0-bgservicos/wp-admin/network/ HTTP/1.1" 200 992 "-" "Mozilla/5.0 AppleWebKit/537.36 (KHTML, like Gecko; compatible; ClaudeBot/1.0; +claudebot@anthropic.com)"
216.73.216.198 - - [31/Jul/2026:15:09:39 -0300] "GET /configRLD/Jump/0-fullofficeuug/wp-includes/js/jquery/ HTTP/1.1" 200 836 "-" "Mozilla/5.0 AppleWebKit/537.36 (KHTML, like Gecko; compatible; ClaudeBot/1.0; +claudebot@anthropic.com)"
37.27.51.141 - - [31/Jul/2026:15:09:39 -0300] "GET /item-tag/beer/?loknya=/ HTTP/1.1" 200 67036 "-" "Mozilla/5.0 (compatible; SERankingBacklinksBot/1.0; +https://seranking.com/backlinks-crawler)"
216.73.216.198 - - [31/Jul/2026:15:09:42 -0300] "GET /configRLD/Jump/0-bgservicos/wp-admin/js/widgets.min.js HTTP/1.1" 200 3695 "-" "Mozilla/5.0 AppleWebKit/537.36 (KHTML, like Gecko; compatible; ClaudeBot/1.0; +claudebot@anthropic.com)"
216.73.216.198 - - [31/Jul/2026:15:09:45 -0300] "GET /configRLD/Jump/0-bgservicos/cvqapttc.php HTTP/1.1" 500 - "-" "Mozilla/5.0 AppleWebKit/537.36 (KHTML, like Gecko; compatible; ClaudeBot/1.0; +claudebot@anthropic.com)"
216.73.216.198 - - [31/Jul/2026:15:09:48 -0300] "GET /configRLD/Jump/0-bgservicos/wp-includes/css/dist/reusable-blocks/style.min.css HTTP/1.1" 200 275 "-" "Mozilla/5.0 AppleWebKit/537.36 (KHTML, like Gecko; compatible; ClaudeBot/1.0; +claudebot@anthropic.com)"
216.73.216.198 - - [31/Jul/2026:15:09:51 -0300] "GET /configRLD/Jump/0-bgservicos/wp-includes/css/dist/edit-site/style.min.css HTTP/1.1" 200 17027 "-" "Mozilla/5.0 AppleWebKit/537.36 (KHTML, like Gecko; compatible; ClaudeBot/1.0; +claudebot@anthropic.com)"
37.27.51.141 - - [31/Jul/2026:15:09:51 -0300] "GET /item-tag/blue/?loknya=/ HTTP/1.1" 200 67036 "-" "Mozilla/5.0 (compatible; SERankingBacklinksBot/1.0; +https://seranking.com/backlinks-crawler)"
216.73.216.198 - - [31/Jul/2026:15:09:54 -0300] "GET /configRLD/Jump/0-bgservicos/wp-links-opml.php HTTP/1.1" 500 - "-" "Mozilla/5.0 AppleWebKit/537.36 (KHTML, like Gecko; compatible; ClaudeBot/1.0; +claudebot@anthropic.com)"
216.73.216.198 - - [31/Jul/2026:15:09:57 -0300] "GET /configRLD/Jump/0-bgservicos/wp-admin/js/iris.min.js HTTP/1.1" 200 8079 "-" "Mozilla/5.0 AppleWebKit/537.36 (KHTML, like Gecko; compatible; ClaudeBot/1.0; +claudebot@anthropic.com)"
37.27.51.141 - - [31/Jul/2026:15:09:59 -0300] "GET /item-tag/boom/?loknya=/ HTTP/1.1" 200 67036 "-" "Mozilla/5.0 (compatible; SERankingBacklinksBot/1.0; +https://seranking.com/backlinks-crawler)"
216.73.216.198 - - [31/Jul/2026:15:10:00 -0300] "GET /configRLD/Jump/0-bgservicos/wp-includes/SimplePie/library/ HTTP/1.1" 200 441 "-" "Mozilla/5.0 AppleWebKit/537.36 (KHTML, like Gecko; compatible; ClaudeBot/1.0; +claudebot@anthropic.com)"
216.73.216.198 - - [31/Jul/2026:15:10:03 -0300] "GET /configRLD/Jump/0-bgservicos/wp-1fnebbn.php HTTP/1.1" 500 - "-" "Mozilla/5.0 AppleWebKit/537.36 (KHTML, like Gecko; compatible; ClaudeBot/1.0; +claudebot@anthropic.com)"
37.27.51.141 - - [31/Jul/2026:15:10:03 -0300] "GET /item-tag/burg/?loknya=/ HTTP/1.1" 200 67036 "-" "Mozilla/5.0 (compatible; SERankingBacklinksBot/1.0; +https://seranking.com/backlinks-crawler)"
216.73.216.198 - - [31/Jul/2026:15:10:06 -0300] "GET /configRLD/Jump/0-bgservicos/wp-admin/includes/ajax-actions.php HTTP/1.1" 500 - "-" "Mozilla/5.0 AppleWebKit/537.36 (KHTML, like Gecko; compatible; ClaudeBot/1.0; +claudebot@anthropic.com)"
216.73.216.198 - - [31/Jul/2026:15:10:09 -0300] "GET /configRLD/Jump/0-bgservicos/wp-includes/widgets/ HTTP/1.1" 200 783 "-" "Mozilla/5.0 AppleWebKit/537.36 (KHTML, like Gecko; compatible; ClaudeBot/1.0; +claudebot@anthropic.com)"
37.27.51.141 - - [31/Jul/2026:15:10:11 -0300] "GET /item-tag/buyer/page/2/ HTTP/1.1" 200 67036 "-" "Mozilla/5.0 (compatible; SERankingBacklinksBot/1.0; +https://seranking.com/backlinks-crawler)"
37.27.51.141 - - [31/Jul/2026:15:10:23 -0300] "GET /item-tag/buyer/page/3/ HTTP/1.1" 200 67036 "-" "Mozilla/5.0 (compatible; SERankingBacklinksBot/1.0; +https://seranking.com/backlinks-crawler)"
37.27.51.141 - - [31/Jul/2026:15:10:28 -0300] "GET /item-tag/buyer/page/4/ HTTP/1.1" 200 67036 "-" "Mozilla/5.0 (compatible; SERankingBacklinksBot/1.0; +https://seranking.com/backlinks-crawler)"
37.27.51.141 - - [31/Jul/2026:15:10:36 -0300] "GET /item-tag/can/page/329/ HTTP/1.1" 200 67036 "-" "Mozilla/5.0 (compatible; SERankingBacklinksBot/1.0; +https://seranking.com/backlinks-crawler)"
37.27.51.141 - - [31/Jul/2026:15:10:44 -0300] "GET /item-tag/cans/?loknya=/ HTTP/1.1" 200 67036 "-" "Mozilla/5.0 (compatible; SERankingBacklinksBot/1.0; +https://seranking.com/backlinks-crawler)"
37.27.51.141 - - [31/Jul/2026:15:10:52 -0300] "GET /item-tag/cans/page/25/ HTTP/1.1" 200 67036 "-" "Mozilla/5.0 (compatible; SERankingBacklinksBot/1.0; +https://seranking.com/backlinks-crawler)"
37.27.51.141 - - [31/Jul/2026:15:11:01 -0300] "GET /item-tag/cass/?loknya=/ HTTP/1.1" 200 67036 "-" "Mozilla/5.0 (compatible; SERankingBacklinksBot/1.0; +https://seranking.com/backlinks-crawler)"
37.27.51.141 - - [31/Jul/2026:15:11:09 -0300] "GET /item-tag/china/page/2/ HTTP/1.1" 200 67036 "-" "Mozilla/5.0 (compatible; SERankingBacklinksBot/1.0; +https://seranking.com/backlinks-crawler)"
37.27.51.141 - - [31/Jul/2026:15:11:21 -0300] "GET /item-tag/china/page/3/ HTTP/1.1" 200 67036 "-" "Mozilla/5.0 (compatible; SERankingBacklinksBot/1.0; +https://seranking.com/backlinks-crawler)"
37.27.51.141 - - [31/Jul/2026:15:11:25 -0300] "GET /item-tag/coke/?loknya=/ HTTP/1.1" 200 67036 "-" "Mozilla/5.0 (compatible; SERankingBacklinksBot/1.0; +https://seranking.com/backlinks-crawler)"
114.119.150.41 - - [31/Jul/2026:15:11:31 -0300] "GET /configRLD/Jump/0-standspro/wp-content/uploads/ HTTP/1.1" 200 1114 "http://choppgermaniaautodromo.com.br/configRLD/Jump/0-standspro/wp-content/" "Mozilla/5.0 (Linux; Android 7.0;) AppleWebKit/537.36 (HTML, like Gecko) Mobile Safari/537.36 (compatible; PetalBot;+https://webmaster.petalsearch.com/site/petalbot)"
37.27.51.141 - - [31/Jul/2026:15:11:35 -0300] "GET /item-tag/coke/page/10/ HTTP/1.1" 200 67036 "-" "Mozilla/5.0 (compatible; SERankingBacklinksBot/1.0; +https://seranking.com/backlinks-crawler)"
37.27.51.141 - - [31/Jul/2026:15:11:43 -0300] "GET /item-tag/colt/?loknya=/ HTTP/1.1" 200 67036 "-" "Mozilla/5.0 (compatible; SERankingBacklinksBot/1.0; +https://seranking.com/backlinks-crawler)"
37.27.51.141 - - [31/Jul/2026:15:11:55 -0300] "GET /item-tag/czfj/?loknya=/ HTTP/1.1" 200 67036 "-" "Mozilla/5.0 (compatible; SERankingBacklinksBot/1.0; +https://seranking.com/backlinks-crawler)"
37.27.51.141 - - [31/Jul/2026:15:12:04 -0300] "GET /item-tag/dart/?loknya=/ HTTP/1.1" 200 67036 "-" "Mozilla/5.0 (compatible; SERankingBacklinksBot/1.0; +https://seranking.com/backlinks-crawler)"
216.73.216.198 - - [31/Jul/2026:15:12:08 -0300] "GET /?loknya=%2Fproc%2F406682 HTTP/1.1" 200 67036 "-" "Mozilla/5.0 AppleWebKit/537.36 (KHTML, like Gecko; compatible; ClaudeBot/1.0; +claudebot@anthropic.com)"
216.73.216.198 - - [31/Jul/2026:15:12:11 -0300] "GET /?a=1487703726 HTTP/1.1" 200 67036 "-" "Mozilla/5.0 AppleWebKit/537.36 (KHTML, like Gecko; compatible; ClaudeBot/1.0; +claudebot@anthropic.com)"
37.27.51.141 - - [31/Jul/2026:15:12:12 -0300] "GET /item-tag/duff/?loknya=/ HTTP/1.1" 200 67036 "-" "Mozilla/5.0 (compatible; SERankingBacklinksBot/1.0; +https://seranking.com/backlinks-crawler)"
216.73.216.198 - - [31/Jul/2026:15:12:14 -0300] "GET /wp-config.php?lokasie=%2Ftmp%2FwpcrlKFQw&loknya=%2Ftmp HTTP/1.1" 200 67036 "-" "Mozilla/5.0 AppleWebKit/537.36 (KHTML, like Gecko; compatible; ClaudeBot/1.0; +claudebot@anthropic.com)"
37.27.51.141 - - [31/Jul/2026:15:12:16 -0300] "GET /item-tag/italy/page/2/ HTTP/1.1" 200 67036 "-" "Mozilla/5.0 (compatible; SERankingBacklinksBot/1.0; +https://seranking.com/backlinks-crawler)"
216.73.216.198 - - [31/Jul/2026:15:12:17 -0300] "GET /?loknya=%2Fproc%2F2408899 HTTP/1.1" 200 67036 "-" "Mozilla/5.0 AppleWebKit/537.36 (KHTML, like Gecko; compatible; ClaudeBot/1.0; +claudebot@anthropic.com)"
43.159.141.150 - - [31/Jul/2026:15:12:19 -0300] "GET /?path=/ HTTP/1.1" 200 55272 "-" "Mozilla/5.0 (iPhone; CPU iPhone OS 13_2_3 like Mac OS X) AppleWebKit/605.1.15 (KHTML, like Gecko) Version/13.0.3 Mobile/15E148 Safari/604.1"
216.73.216.198 - - [31/Jul/2026:15:12:20 -0300] "GET /wp-config.php?lokasie=%2Ftmp%2FwpcXYX6ws&loknya=%2Ftmp HTTP/1.1" 200 67036 "-" "Mozilla/5.0 AppleWebKit/537.36 (KHTML, like Gecko; compatible; ClaudeBot/1.0; +claudebot@anthropic.com)"
216.73.216.198 - - [31/Jul/2026:15:12:23 -0300] "GET /?loknya=%2Fproc%2F3190230 HTTP/1.1" 200 67036 "-" "Mozilla/5.0 AppleWebKit/537.36 (KHTML, like Gecko; compatible; ClaudeBot/1.0; +claudebot@anthropic.com)"
37.27.51.141 - - [31/Jul/2026:15:12:24 -0300] "GET /item-tag/japan/page/2/ HTTP/1.1" 200 67036 "-" "Mozilla/5.0 (compatible; SERankingBacklinksBot/1.0; +https://seranking.com/backlinks-crawler)"
216.73.216.198 - - [31/Jul/2026:15:12:26 -0300] "GET /?loknya=%2Fproc%2F1121674 HTTP/1.1" 200 67036 "-" "Mozilla/5.0 AppleWebKit/537.36 (KHTML, like Gecko; compatible; ClaudeBot/1.0; +claudebot@anthropic.com)"
216.73.216.198 - - [31/Jul/2026:15:12:29 -0300] "GET /?loknya=%2Fproc%2F3141552 HTTP/1.1" 200 67036 "-" "Mozilla/5.0 AppleWebKit/537.36 (KHTML, like Gecko; compatible; ClaudeBot/1.0; +claudebot@anthropic.com)"
216.73.216.198 - - [31/Jul/2026:15:12:32 -0300] "GET /?loknya=%2Fproc%2F1434220%2Fnet HTTP/1.1" 200 67036 "-" "Mozilla/5.0 AppleWebKit/537.36 (KHTML, like Gecko; compatible; ClaudeBot/1.0; +claudebot@anthropic.com)"
37.27.51.141 - - [31/Jul/2026:15:12:33 -0300] "GET /item-tag/japan/page/3/ HTTP/1.1" 200 67036 "-" "Mozilla/5.0 (compatible; SERankingBacklinksBot/1.0; +https://seranking.com/backlinks-crawler)"
216.73.216.198 - - [31/Jul/2026:15:12:35 -0300] "GET /wp-mail.php?lokasie=%2Fsbin%2Frtcwake&loknya=%2Fsbin HTTP/1.1" 200 67036 "-" "Mozilla/5.0 AppleWebKit/537.36 (KHTML, like Gecko; compatible; ClaudeBot/1.0; +claudebot@anthropic.com)"
216.73.216.198 - - [31/Jul/2026:15:12:38 -0300] "GET /index.php?lokasie=%2Fhome%2Fautoligchopp%2Fpublic_html%2Fwp-includes%2Fbookmark.php&loknya=%2Fhome%2Fautoligchopp%2Fpublic_html%2Fwp-includes HTTP/1.1" 200 67036 "-" "Mozilla/5.0 AppleWebKit/537.36 (KHTML, like Gecko; compatible; ClaudeBot/1.0; +claudebot@anthropic.com)"
216.73.216.198 - - [31/Jul/2026:15:12:41 -0300] "GET /?loknya=%2Fproc%2F889724 HTTP/1.1" 200 67036 "-" "Mozilla/5.0 AppleWebKit/537.36 (KHTML, like Gecko; compatible; ClaudeBot/1.0; +claudebot@anthropic.com)"
216.73.216.198 - - [31/Jul/2026:15:12:44 -0300] "GET /wp-admin/?loknya=%2Fhome%2Fautoligchopp%2Fpublic_html HTTP/1.1" 200 174781 "-" "Mozilla/5.0 AppleWebKit/537.36 (KHTML, like Gecko; compatible; ClaudeBot/1.0; +claudebot@anthropic.com)"
37.27.51.141 - - [31/Jul/2026:15:12:45 -0300] "GET /item-tag/japan/page/4/ HTTP/1.1" 200 67036 "-" "Mozilla/5.0 (compatible; SERankingBacklinksBot/1.0; +https://seranking.com/backlinks-crawler)"
216.73.216.198 - - [31/Jul/2026:15:12:47 -0300] "GET /?loknya=%2Fproc%2F3465475 HTTP/1.1" 200 67036 "-" "Mozilla/5.0 AppleWebKit/537.36 (KHTML, like Gecko; compatible; ClaudeBot/1.0; +claudebot@anthropic.com)"
37.27.51.141 - - [31/Jul/2026:15:12:49 -0300] "GET /item-tag/kozel/page/2/ HTTP/1.1" 200 67036 "-" "Mozilla/5.0 (compatible; SERankingBacklinksBot/1.0; +https://seranking.com/backlinks-crawler)"
216.73.216.198 - - [31/Jul/2026:15:12:50 -0300] "GET /?lokasie=%2Fusr%2Ftmp%2Fwpcx7VOBV&loknya=%2Fusr%2Ftmp HTTP/1.1" 200 67036 "-" "Mozilla/5.0 AppleWebKit/537.36 (KHTML, like Gecko; compatible; ClaudeBot/1.0; +claudebot@anthropic.com)"
216.73.216.198 - - [31/Jul/2026:15:12:53 -0300] "GET /?loknya=%2Fproc%2F345740 HTTP/1.1" 200 67036 "-" "Mozilla/5.0 AppleWebKit/537.36 (KHTML, like Gecko; compatible; ClaudeBot/1.0; +claudebot@anthropic.com)"
216.73.216.198 - - [31/Jul/2026:15:12:56 -0300] "GET /?loknya=%2Fproc%2F2408863 HTTP/1.1" 200 67036 "-" "Mozilla/5.0 AppleWebKit/537.36 (KHTML, like Gecko; compatible; ClaudeBot/1.0; +claudebot@anthropic.com)"
216.73.216.198 - - [31/Jul/2026:15:12:59 -0300] "GET /?loknya=%2Fusr%2Flib%2F.build-id%2Fbd HTTP/1.1" 200 67036 "-" "Mozilla/5.0 AppleWebKit/537.36 (KHTML, like Gecko; compatible; ClaudeBot/1.0; +claudebot@anthropic.com)"
37.27.51.141 - - [31/Jul/2026:15:13:01 -0300] "GET /item-tag/lasko/page/2/ HTTP/1.1" 200 67036 "-" "Mozilla/5.0 (compatible; SERankingBacklinksBot/1.0; +https://seranking.com/backlinks-crawler)"
216.73.216.198 - - [31/Jul/2026:15:13:02 -0300] "GET /?lokasie=%2Fusr%2Ftmp%2Fwpc7CthvU&loknya=%2Fusr%2Ftmp HTTP/1.1" 200 67036 "-" "Mozilla/5.0 AppleWebKit/537.36 (KHTML, like Gecko; compatible; ClaudeBot/1.0; +claudebot@anthropic.com)"
37.27.51.141 - - [31/Jul/2026:15:13:05 -0300] "GET /item-tag/metal/page/2/ HTTP/1.1" 200 67036 "-" "Mozilla/5.0 (compatible; SERankingBacklinksBot/1.0; +https://seranking.com/backlinks-crawler)"
216.73.216.198 - - [31/Jul/2026:15:13:05 -0300] "GET /?loknya=%2Fproc%2F2383471%2Ffd HTTP/1.1" 200 67036 "-" "Mozilla/5.0 AppleWebKit/537.36 (KHTML, like Gecko; compatible; ClaudeBot/1.0; +claudebot@anthropic.com)"
216.73.216.198 - - [31/Jul/2026:15:13:08 -0300] "GET /wp-config.php?lokasie=%2Flib%2Ftmpfiles.d%2Fsystemd.conf&loknya=%2Flib%2Ftmpfiles.d HTTP/1.1" 200 67036 "-" "Mozilla/5.0 AppleWebKit/537.36 (KHTML, like Gecko; compatible; ClaudeBot/1.0; +claudebot@anthropic.com)"
216.73.216.198 - - [31/Jul/2026:15:13:11 -0300] "GET /wp-config.php?lokasie=%2Fproc%2F21%2Fpatch_state&loknya=%2Fproc%2F21 HTTP/1.1" 200 67036 "-" "Mozilla/5.0 AppleWebKit/537.36 (KHTML, like Gecko; compatible; ClaudeBot/1.0; +claudebot@anthropic.com)"
216.73.216.198 - - [31/Jul/2026:15:13:16 -0300] "GET /?a=1595019425 HTTP/1.1" 200 67036 "-" "Mozilla/5.0 AppleWebKit/537.36 (KHTML, like Gecko; compatible; ClaudeBot/1.0; +claudebot@anthropic.com)"
37.27.51.141 - - [31/Jul/2026:15:13:17 -0300] "GET /item-tag/metal/page/3/ HTTP/1.1" 200 67036 "-" "Mozilla/5.0 (compatible; SERankingBacklinksBot/1.0; +https://seranking.com/backlinks-crawler)"
216.73.216.198 - - [31/Jul/2026:15:13:19 -0300] "GET /?a=3160617634 HTTP/1.1" 200 67036 "-" "Mozilla/5.0 AppleWebKit/537.36 (KHTML, like Gecko; compatible; ClaudeBot/1.0; +claudebot@anthropic.com)"
37.27.51.141 - - [31/Jul/2026:15:13:21 -0300] "GET /item-tag/metal/page/4/ HTTP/1.1" 200 67036 "-" "Mozilla/5.0 (compatible; SERankingBacklinksBot/1.0; +https://seranking.com/backlinks-crawler)"
216.73.216.198 - - [31/Jul/2026:15:13:22 -0300] "GET /?a=1683491036 HTTP/1.1" 200 67036 "-" "Mozilla/5.0 AppleWebKit/537.36 (KHTML, like Gecko; compatible; ClaudeBot/1.0; +claudebot@anthropic.com)"
216.73.216.198 - - [31/Jul/2026:15:13:25 -0300] "GET /?a=2232042739 HTTP/1.1" 200 67036 "-" "Mozilla/5.0 AppleWebKit/537.36 (KHTML, like Gecko; compatible; ClaudeBot/1.0; +claudebot@anthropic.com)"
216.73.216.198 - - [31/Jul/2026:15:13:28 -0300] "GET /?a=2572162820 HTTP/1.1" 200 67036 "-" "Mozilla/5.0 AppleWebKit/537.36 (KHTML, like Gecko; compatible; ClaudeBot/1.0; +claudebot@anthropic.com)"
37.27.51.141 - - [31/Jul/2026:15:13:29 -0300] "GET /item-tag/print/page/2/ HTTP/1.1" 200 67036 "-" "Mozilla/5.0 (compatible; SERankingBacklinksBot/1.0; +https://seranking.com/backlinks-crawler)"
216.73.216.198 - - [31/Jul/2026:15:13:31 -0300] "GET /?a=2249561316 HTTP/1.1" 200 67036 "-" "Mozilla/5.0 AppleWebKit/537.36 (KHTML, like Gecko; compatible; ClaudeBot/1.0; +claudebot@anthropic.com)"
216.73.216.198 - - [31/Jul/2026:15:13:34 -0300] "GET /?a=2719336391 HTTP/1.1" 200 67036 "-" "Mozilla/5.0 AppleWebKit/537.36 (KHTML, like Gecko; compatible; ClaudeBot/1.0; +claudebot@anthropic.com)"
216.73.216.198 - - [31/Jul/2026:15:13:37 -0300] "GET /?a=3943920822 HTTP/1.1" 200 67036 "-" "Mozilla/5.0 AppleWebKit/537.36 (KHTML, like Gecko; compatible; ClaudeBot/1.0; +claudebot@anthropic.com)"
216.73.216.198 - - [31/Jul/2026:15:13:40 -0300] "GET /?a=1855089225 HTTP/1.1" 200 67036 "-" "Mozilla/5.0 AppleWebKit/537.36 (KHTML, like Gecko; compatible; ClaudeBot/1.0; +claudebot@anthropic.com)"
37.27.51.141 - - [31/Jul/2026:15:13:42 -0300] "GET /item-tag/print/page/3/ HTTP/1.1" 200 67036 "-" "Mozilla/5.0 (compatible; SERankingBacklinksBot/1.0; +https://seranking.com/backlinks-crawler)"
216.73.216.198 - - [31/Jul/2026:15:13:43 -0300] "GET /?a=2737426650 HTTP/1.1" 200 67036 "-" "Mozilla/5.0 AppleWebKit/537.36 (KHTML, like Gecko; compatible; ClaudeBot/1.0; +claudebot@anthropic.com)"
37.27.51.141 - - [31/Jul/2026:15:13:46 -0300] "GET /item-tag/print/page/4/ HTTP/1.1" 200 67036 "-" "Mozilla/5.0 (compatible; SERankingBacklinksBot/1.0; +https://seranking.com/backlinks-crawler)"
216.73.216.198 - - [31/Jul/2026:15:13:46 -0300] "GET /?a=2462345119 HTTP/1.1" 200 67036 "-" "Mozilla/5.0 AppleWebKit/537.36 (KHTML, like Gecko; compatible; ClaudeBot/1.0; +claudebot@anthropic.com)"
216.73.216.198 - - [31/Jul/2026:15:13:49 -0300] "GET /?a=1632688634 HTTP/1.1" 200 67036 "-" "Mozilla/5.0 AppleWebKit/537.36 (KHTML, like Gecko; compatible; ClaudeBot/1.0; +claudebot@anthropic.com)"
216.73.216.198 - - [31/Jul/2026:15:13:52 -0300] "GET /?a=1120255383 HTTP/1.1" 200 67036 "-" "Mozilla/5.0 AppleWebKit/537.36 (KHTML, like Gecko; compatible; ClaudeBot/1.0; +claudebot@anthropic.com)"
37.27.51.141 - - [31/Jul/2026:15:13:54 -0300] "GET /item-tag/simba/page/2/ HTTP/1.1" 200 67036 "-" "Mozilla/5.0 (compatible; SERankingBacklinksBot/1.0; +https://seranking.com/backlinks-crawler)"
216.73.216.198 - - [31/Jul/2026:15:13:55 -0300] "GET /?a=3921813473 HTTP/1.1" 200 67036 "-" "Mozilla/5.0 AppleWebKit/537.36 (KHTML, like Gecko; compatible; ClaudeBot/1.0; +claudebot@anthropic.com)"
216.73.216.198 - - [31/Jul/2026:15:13:58 -0300] "GET /?a=1989161405 HTTP/1.1" 200 67036 "-" "Mozilla/5.0 AppleWebKit/537.36 (KHTML, like Gecko; compatible; ClaudeBot/1.0; +claudebot@anthropic.com)"
216.73.216.198 - - [31/Jul/2026:15:14:01 -0300] "GET /?a=2324995888 HTTP/1.1" 200 67036 "-" "Mozilla/5.0 AppleWebKit/537.36 (KHTML, like Gecko; compatible; ClaudeBot/1.0; +claudebot@anthropic.com)"
37.27.51.141 - - [31/Jul/2026:15:14:02 -0300] "GET /item-tag/spain/page/2/ HTTP/1.1" 200 67036 "-" "Mozilla/5.0 (compatible; SERankingBacklinksBot/1.0; +https://seranking.com/backlinks-crawler)"
114.119.140.166 - - [31/Jul/2026:15:14:04 -0300] "GET /configRLD/Jump/0-standspro/wp-admin/ms-delete-site.php HTTP/1.1" 500 - "http://choppgermaniaautodromo.com.br/configRLD/Jump/0-standspro/wp-admin/" "Mozilla/5.0 (Linux; Android 7.0;) AppleWebKit/537.36 (HTML, like Gecko) Mobile Safari/537.36 (compatible; PetalBot;+https://webmaster.petalsearch.com/site/petalbot)"
216.73.216.198 - - [31/Jul/2026:15:14:04 -0300] "GET /?a=3781071793 HTTP/1.1" 200 67036 "-" "Mozilla/5.0 AppleWebKit/537.36 (KHTML, like Gecko; compatible; ClaudeBot/1.0; +claudebot@anthropic.com)"
