216.73.216.198 - - [31/Jul/2026:15:14:07 -0300] "GET /?a=1656008114 HTTP/1.1" 200 67036 "-" "Mozilla/5.0 AppleWebKit/537.36 (KHTML, like Gecko; compatible; ClaudeBot/1.0; +claudebot@anthropic.com)"
216.73.216.198 - - [31/Jul/2026:15:14:10 -0300] "GET /?a=3114240513 HTTP/1.1" 200 67036 "-" "Mozilla/5.0 AppleWebKit/537.36 (KHTML, like Gecko; compatible; ClaudeBot/1.0; +claudebot@anthropic.com)"
37.27.51.141 - - [31/Jul/2026:15:14:10 -0300] "GET /item-tag/spain/page/3/ HTTP/1.1" 200 67036 "-" "Mozilla/5.0 (compatible; SERankingBacklinksBot/1.0; +https://seranking.com/backlinks-crawler)"
216.73.216.198 - - [31/Jul/2026:15:14:13 -0300] "GET /?a=3784611989 HTTP/1.1" 200 67036 "-" "Mozilla/5.0 AppleWebKit/537.36 (KHTML, like Gecko; compatible; ClaudeBot/1.0; +claudebot@anthropic.com)"
216.73.216.198 - - [31/Jul/2026:15:14:16 -0300] "GET /?a=881194462 HTTP/1.1" 200 67036 "-" "Mozilla/5.0 AppleWebKit/537.36 (KHTML, like Gecko; compatible; ClaudeBot/1.0; +claudebot@anthropic.com)"
37.27.51.141 - - [31/Jul/2026:15:14:18 -0300] "GET /item-tag/spain/page/4/ HTTP/1.1" 200 67036 "-" "Mozilla/5.0 (compatible; SERankingBacklinksBot/1.0; +https://seranking.com/backlinks-crawler)"
216.73.216.198 - - [31/Jul/2026:15:14:20 -0300] "GET /?a=2896980685 HTTP/1.1" 200 67036 "-" "Mozilla/5.0 AppleWebKit/537.36 (KHTML, like Gecko; compatible; ClaudeBot/1.0; +claudebot@anthropic.com)"
216.73.216.198 - - [31/Jul/2026:15:14:23 -0300] "GET /?a=2469227834 HTTP/1.1" 200 67036 "-" "Mozilla/5.0 AppleWebKit/537.36 (KHTML, like Gecko; compatible; ClaudeBot/1.0; +claudebot@anthropic.com)"
216.73.216.198 - - [31/Jul/2026:15:14:26 -0300] "GET /?a=1559782944 HTTP/1.1" 200 67036 "-" "Mozilla/5.0 AppleWebKit/537.36 (KHTML, like Gecko; compatible; ClaudeBot/1.0; +claudebot@anthropic.com)"
216.73.216.198 - - [31/Jul/2026:15:14:29 -0300] "GET /?a=3467803293 HTTP/1.1" 200 67036 "-" "Mozilla/5.0 AppleWebKit/537.36 (KHTML, like Gecko; compatible; ClaudeBot/1.0; +claudebot@anthropic.com)"
37.27.51.141 - - [31/Jul/2026:15:14:30 -0300] "GET /item-tag/spain/page/5/ HTTP/1.1" 200 67036 "-" "Mozilla/5.0 (compatible; SERankingBacklinksBot/1.0; +https://seranking.com/backlinks-crawler)"
216.73.216.198 - - [31/Jul/2026:15:14:32 -0300] "GET /?a=1975442632 HTTP/1.1" 200 67036 "-" "Mozilla/5.0 AppleWebKit/537.36 (KHTML, like Gecko; compatible; ClaudeBot/1.0; +claudebot@anthropic.com)"
37.27.51.141 - - [31/Jul/2026:15:14:34 -0300] "GET /item-tag/white/page/2/ HTTP/1.1" 200 67036 "-" "Mozilla/5.0 (compatible; SERankingBacklinksBot/1.0; +https://seranking.com/backlinks-crawler)"
216.73.216.198 - - [31/Jul/2026:15:14:35 -0300] "GET /?a=763165081 HTTP/1.1" 200 67036 "-" "Mozilla/5.0 AppleWebKit/537.36 (KHTML, like Gecko; compatible; ClaudeBot/1.0; +claudebot@anthropic.com)"
216.73.216.198 - - [31/Jul/2026:15:14:38 -0300] "GET /?a=2378567798 HTTP/1.1" 200 67036 "-" "Mozilla/5.0 AppleWebKit/537.36 (KHTML, like Gecko; compatible; ClaudeBot/1.0; +claudebot@anthropic.com)"
216.73.216.198 - - [31/Jul/2026:15:14:41 -0300] "GET /?a=2886427487 HTTP/1.1" 200 67036 "-" "Mozilla/5.0 AppleWebKit/537.36 (KHTML, like Gecko; compatible; ClaudeBot/1.0; +claudebot@anthropic.com)"
37.27.51.141 - - [31/Jul/2026:15:14:43 -0300] "GET /item-tag/white/page/3/ HTTP/1.1" 200 67036 "-" "Mozilla/5.0 (compatible; SERankingBacklinksBot/1.0; +https://seranking.com/backlinks-crawler)"
216.73.216.198 - - [31/Jul/2026:15:14:44 -0300] "GET /?a=2308706902 HTTP/1.1" 200 67036 "-" "Mozilla/5.0 AppleWebKit/537.36 (KHTML, like Gecko; compatible; ClaudeBot/1.0; +claudebot@anthropic.com)"
216.73.216.198 - - [31/Jul/2026:15:14:47 -0300] "GET /?a=1343903540 HTTP/1.1" 200 67036 "-" "Mozilla/5.0 AppleWebKit/537.36 (KHTML, like Gecko; compatible; ClaudeBot/1.0; +claudebot@anthropic.com)"
216.73.216.198 - - [31/Jul/2026:15:14:50 -0300] "GET /?a=877654234 HTTP/1.1" 200 67036 "-" "Mozilla/5.0 AppleWebKit/537.36 (KHTML, like Gecko; compatible; ClaudeBot/1.0; +claudebot@anthropic.com)"
216.73.216.198 - - [31/Jul/2026:15:14:53 -0300] "GET /?a=1954123447 HTTP/1.1" 200 67036 "-" "Mozilla/5.0 AppleWebKit/537.36 (KHTML, like Gecko; compatible; ClaudeBot/1.0; +claudebot@anthropic.com)"
37.27.51.141 - - [31/Jul/2026:15:14:55 -0300] "GET /item-tag/1970s/page/22/ HTTP/1.1" 200 67036 "-" "Mozilla/5.0 (compatible; SERankingBacklinksBot/1.0; +https://seranking.com/backlinks-crawler)"
216.73.216.198 - - [31/Jul/2026:15:14:56 -0300] "GET /?a=3451514307 HTTP/1.1" 200 67036 "-" "Mozilla/5.0 AppleWebKit/537.36 (KHTML, like Gecko; compatible; ClaudeBot/1.0; +claudebot@anthropic.com)"
37.27.51.141 - - [31/Jul/2026:15:14:59 -0300] "GET /item-tag/330ml/page/13/ HTTP/1.1" 200 67036 "-" "Mozilla/5.0 (compatible; SERankingBacklinksBot/1.0; +https://seranking.com/backlinks-crawler)"
216.73.216.198 - - [31/Jul/2026:15:14:59 -0300] "GET /?a=3649156124 HTTP/1.1" 200 67036 "-" "Mozilla/5.0 AppleWebKit/537.36 (KHTML, like Gecko; compatible; ClaudeBot/1.0; +claudebot@anthropic.com)"
216.73.216.198 - - [31/Jul/2026:15:15:02 -0300] "GET /?a=2562163024 HTTP/1.1" 200 67036 "-" "Mozilla/5.0 AppleWebKit/537.36 (KHTML, like Gecko; compatible; ClaudeBot/1.0; +claudebot@anthropic.com)"
216.73.216.198 - - [31/Jul/2026:15:15:05 -0300] "GET /?a=2231220503 HTTP/1.1" 200 67036 "-" "Mozilla/5.0 AppleWebKit/537.36 (KHTML, like Gecko; compatible; ClaudeBot/1.0; +claudebot@anthropic.com)"
37.27.51.141 - - [31/Jul/2026:15:15:07 -0300] "GET /item-tag/333-ml/page/2/ HTTP/1.1" 200 67036 "-" "Mozilla/5.0 (compatible; SERankingBacklinksBot/1.0; +https://seranking.com/backlinks-crawler)"
216.73.216.198 - - [31/Jul/2026:15:15:08 -0300] "GET /?a=3007651706 HTTP/1.1" 200 67036 "-" "Mozilla/5.0 AppleWebKit/537.36 (KHTML, like Gecko; compatible; ClaudeBot/1.0; +claudebot@anthropic.com)"
216.73.216.198 - - [31/Jul/2026:15:15:11 -0300] "GET /?a=916803298 HTTP/1.1" 200 67036 "-" "Mozilla/5.0 AppleWebKit/537.36 (KHTML, like Gecko; compatible; ClaudeBot/1.0; +claudebot@anthropic.com)"
216.73.216.198 - - [31/Jul/2026:15:15:14 -0300] "GET /?a=1600820296 HTTP/1.1" 200 67036 "-" "Mozilla/5.0 AppleWebKit/537.36 (KHTML, like Gecko; compatible; ClaudeBot/1.0; +claudebot@anthropic.com)"
216.73.216.198 - - [31/Jul/2026:15:15:17 -0300] "GET /?a=2543695042 HTTP/1.1" 200 67036 "-" "Mozilla/5.0 AppleWebKit/537.36 (KHTML, like Gecko; compatible; ClaudeBot/1.0; +claudebot@anthropic.com)"
37.27.51.141 - - [31/Jul/2026:15:15:20 -0300] "GET /item-tag/333-ml/page/3/ HTTP/1.1" 200 67036 "-" "Mozilla/5.0 (compatible; SERankingBacklinksBot/1.0; +https://seranking.com/backlinks-crawler)"
216.73.216.198 - - [31/Jul/2026:15:15:20 -0300] "GET /?a=3186543115 HTTP/1.1" 200 67036 "-" "Mozilla/5.0 AppleWebKit/537.36 (KHTML, like Gecko; compatible; ClaudeBot/1.0; +claudebot@anthropic.com)"
216.73.216.198 - - [31/Jul/2026:15:15:23 -0300] "GET /?a=1174450218 HTTP/1.1" 200 67036 "-" "Mozilla/5.0 AppleWebKit/537.36 (KHTML, like Gecko; compatible; ClaudeBot/1.0; +claudebot@anthropic.com)"
37.27.51.141 - - [31/Jul/2026:15:15:23 -0300] "GET /item-tag/340-ml/page/2/ HTTP/1.1" 200 67036 "-" "Mozilla/5.0 (compatible; SERankingBacklinksBot/1.0; +https://seranking.com/backlinks-crawler)"
37.27.51.141 - - [31/Jul/2026:15:15:36 -0300] "GET /item-tag/340-ml/page/3/ HTTP/1.1" 200 67036 "-" "Mozilla/5.0 (compatible; SERankingBacklinksBot/1.0; +https://seranking.com/backlinks-crawler)"
37.27.51.141 - - [31/Jul/2026:15:15:40 -0300] "GET /item-tag/350-ml/page/2/ HTTP/1.1" 200 67036 "-" "Mozilla/5.0 (compatible; SERankingBacklinksBot/1.0; +https://seranking.com/backlinks-crawler)"
37.27.51.141 - - [31/Jul/2026:15:15:53 -0300] "GET /item-tag/350-ml/page/3/ HTTP/1.1" 200 67036 "-" "Mozilla/5.0 (compatible; SERankingBacklinksBot/1.0; +https://seranking.com/backlinks-crawler)"
37.27.51.141 - - [31/Jul/2026:15:15:57 -0300] "GET /item-tag/350-ml/page/4/ HTTP/1.1" 200 67036 "-" "Mozilla/5.0 (compatible; SERankingBacklinksBot/1.0; +https://seranking.com/backlinks-crawler)"
37.27.51.141 - - [31/Jul/2026:15:16:10 -0300] "GET /item-tag/350-ml/page/9/ HTTP/1.1" 200 67036 "-" "Mozilla/5.0 (compatible; SERankingBacklinksBot/1.0; +https://seranking.com/backlinks-crawler)"
37.27.51.141 - - [31/Jul/2026:15:16:14 -0300] "GET /item-tag/355-ml/page/2/ HTTP/1.1" 200 67036 "-" "Mozilla/5.0 (compatible; SERankingBacklinksBot/1.0; +https://seranking.com/backlinks-crawler)"
37.27.51.141 - - [31/Jul/2026:15:16:23 -0300] "GET /item-tag/355-ml/page/3/ HTTP/1.1" 200 67036 "-" "Mozilla/5.0 (compatible; SERankingBacklinksBot/1.0; +https://seranking.com/backlinks-crawler)"
114.119.134.155 - - [31/Jul/2026:15:16:36 -0300] "GET /configRLD/Jump/0-rmcoberturas/?C=N%3BO%3DD HTTP/1.1" 200 698 "http://choppgermaniaautodromo.com.br/configRLD/Jump/0-rmcoberturas/" "Mozilla/5.0 (Linux; Android 7.0;) AppleWebKit/537.36 (HTML, like Gecko) Mobile Safari/537.36 (compatible; PetalBot;+https://webmaster.petalsearch.com/site/petalbot)"
37.27.51.141 - - [31/Jul/2026:15:16:36 -0300] "GET /item-tag/355-ml/page/4/ HTTP/1.1" 200 67036 "-" "Mozilla/5.0 (compatible; SERankingBacklinksBot/1.0; +https://seranking.com/backlinks-crawler)"
37.27.51.141 - - [31/Jul/2026:15:16:44 -0300] "GET /item-tag/355-ml/page/7/ HTTP/1.1" 200 67036 "-" "Mozilla/5.0 (compatible; SERankingBacklinksBot/1.0; +https://seranking.com/backlinks-crawler)"
37.27.51.141 - - [31/Jul/2026:15:16:48 -0300] "GET /item-tag/460-ml/page/2/ HTTP/1.1" 200 67036 "-" "Mozilla/5.0 (compatible; SERankingBacklinksBot/1.0; +https://seranking.com/backlinks-crawler)"
37.27.51.141 - - [31/Jul/2026:15:16:57 -0300] "GET /item-tag/460-ml/page/3/ HTTP/1.1" 200 67036 "-" "Mozilla/5.0 (compatible; SERankingBacklinksBot/1.0; +https://seranking.com/backlinks-crawler)"
37.27.51.141 - - [31/Jul/2026:15:17:11 -0300] "GET /item-tag/460-ml/page/4/ HTTP/1.1" 200 67036 "-" "Mozilla/5.0 (compatible; SERankingBacklinksBot/1.0; +https://seranking.com/backlinks-crawler)"
37.27.51.141 - - [31/Jul/2026:15:17:15 -0300] "GET /item-tag/460-ml/page/5/ HTTP/1.1" 200 67036 "-" "Mozilla/5.0 (compatible; SERankingBacklinksBot/1.0; +https://seranking.com/backlinks-crawler)"
37.27.51.141 - - [31/Jul/2026:15:17:23 -0300] "GET /item-tag/brazil/page/2/ HTTP/1.1" 200 67036 "-" "Mozilla/5.0 (compatible; SERankingBacklinksBot/1.0; +https://seranking.com/backlinks-crawler)"
37.27.51.141 - - [31/Jul/2026:15:17:32 -0300] "GET /item-tag/brazil/page/3/ HTTP/1.1" 200 67036 "-" "Mozilla/5.0 (compatible; SERankingBacklinksBot/1.0; +https://seranking.com/backlinks-crawler)"
37.27.51.141 - - [31/Jul/2026:15:17:44 -0300] "GET /item-tag/brazil/page/4/ HTTP/1.1" 200 67036 "-" "Mozilla/5.0 (compatible; SERankingBacklinksBot/1.0; +https://seranking.com/backlinks-crawler)"
37.27.51.141 - - [31/Jul/2026:15:17:48 -0300] "GET /item-tag/buyer/page/59/ HTTP/1.1" 200 67036 "-" "Mozilla/5.0 (compatible; SERankingBacklinksBot/1.0; +https://seranking.com/backlinks-crawler)"
37.27.51.141 - - [31/Jul/2026:15:17:57 -0300] "GET /item-tag/canada/page/2/ HTTP/1.1" 200 67036 "-" "Mozilla/5.0 (compatible; SERankingBacklinksBot/1.0; +https://seranking.com/backlinks-crawler)"
37.27.51.141 - - [31/Jul/2026:15:18:06 -0300] "GET /item-tag/canada/page/3/ HTTP/1.1" 200 67036 "-" "Mozilla/5.0 (compatible; SERankingBacklinksBot/1.0; +https://seranking.com/backlinks-crawler)"
37.27.51.141 - - [31/Jul/2026:15:18:10 -0300] "GET /item-tag/fullers-london-pride-holandia-premium-wainwrigh-eng/?lokasie=/home/autoligchopp/public_html/wp-trackback.php&loknya=/home/autoligchopp/public_html HTTP/1.1" 200 67036 "-" "Mozilla/5.0 (compatible; SERankingBacklinksBot/1.0; +https://seranking.com/backlinks-crawler)"
37.27.51.141 - - [31/Jul/2026:15:18:23 -0300] "GET /item-tag/canada/page/4/ HTTP/1.1" 200 67036 "-" "Mozilla/5.0 (compatible; SERankingBacklinksBot/1.0; +https://seranking.com/backlinks-crawler)"
37.27.51.141 - - [31/Jul/2026:15:18:27 -0300] "GET /item-tag/cooper/page/2/ HTTP/1.1" 200 67036 "-" "Mozilla/5.0 (compatible; SERankingBacklinksBot/1.0; +https://seranking.com/backlinks-crawler)"
37.27.51.141 - - [31/Jul/2026:15:18:39 -0300] "GET /item-tag/cooper/page/3/ HTTP/1.1" 200 67036 "-" "Mozilla/5.0 (compatible; SERankingBacklinksBot/1.0; +https://seranking.com/backlinks-crawler)"
37.27.51.141 - - [31/Jul/2026:15:18:43 -0300] "GET /item-tag/corona/page/2/ HTTP/1.1" 200 67036 "-" "Mozilla/5.0 (compatible; SERankingBacklinksBot/1.0; +https://seranking.com/backlinks-crawler)"
37.27.51.141 - - [31/Jul/2026:15:18:57 -0300] "GET /item-tag/france/page/2/ HTTP/1.1" 200 67036 "-" "Mozilla/5.0 (compatible; SERankingBacklinksBot/1.0; +https://seranking.com/backlinks-crawler)"
37.27.51.141 - - [31/Jul/2026:15:19:01 -0300] "GET /item-tag/france/page/3/ HTTP/1.1" 200 67036 "-" "Mozilla/5.0 (compatible; SERankingBacklinksBot/1.0; +https://seranking.com/backlinks-crawler)"
114.119.133.53 - - [31/Jul/2026:15:19:08 -0300] "GET /configRLD/Jump/0-redan/?C=M%3BO%3DA HTTP/1.1" 200 5013 "http://choppgermaniaautodromo.com.br/configRLD/Jump/0-redan/" "Mozilla/5.0 (Linux; Android 7.0;) AppleWebKit/537.36 (HTML, like Gecko) Mobile Safari/537.36 (compatible; PetalBot;+https://webmaster.petalsearch.com/site/petalbot)"
37.27.51.141 - - [31/Jul/2026:15:19:10 -0300] "GET /item-tag/garage/page/2/ HTTP/1.1" 200 67036 "-" "Mozilla/5.0 (compatible; SERankingBacklinksBot/1.0; +https://seranking.com/backlinks-crawler)"
37.27.51.141 - - [31/Jul/2026:15:19:18 -0300] "GET /item-tag/japan/page/29/ HTTP/1.1" 200 67036 "-" "Mozilla/5.0 (compatible; SERankingBacklinksBot/1.0; +https://seranking.com/backlinks-crawler)"
37.27.51.141 - - [31/Jul/2026:15:19:27 -0300] "GET /item-tag/labatt/page/2/ HTTP/1.1" 200 67036 "-" "Mozilla/5.0 (compatible; SERankingBacklinksBot/1.0; +https://seranking.com/backlinks-crawler)"
37.27.51.141 - - [31/Jul/2026:15:19:40 -0300] "GET /item-tag/labatt/page/3/ HTTP/1.1" 200 67036 "-" "Mozilla/5.0 (compatible; SERankingBacklinksBot/1.0; +https://seranking.com/backlinks-crawler)"
37.27.51.141 - - [31/Jul/2026:15:19:44 -0300] "GET /item-tag/labatt/page/4/ HTTP/1.1" 200 67036 "-" "Mozilla/5.0 (compatible; SERankingBacklinksBot/1.0; +https://seranking.com/backlinks-crawler)"
37.27.51.141 - - [31/Jul/2026:15:19:52 -0300] "GET /item-tag/metal/page/15/ HTTP/1.1" 200 67036 "-" "Mozilla/5.0 (compatible; SERankingBacklinksBot/1.0; +https://seranking.com/backlinks-crawler)"
37.27.51.141 - - [31/Jul/2026:15:20:01 -0300] "GET /item-tag/mexico/page/2/ HTTP/1.1" 200 67036 "-" "Mozilla/5.0 (compatible; SERankingBacklinksBot/1.0; +https://seranking.com/backlinks-crawler)"
37.27.51.141 - - [31/Jul/2026:15:20:09 -0300] "GET /item-tag/mexico/page/3/ HTTP/1.1" 200 67036 "-" "Mozilla/5.0 (compatible; SERankingBacklinksBot/1.0; +https://seranking.com/backlinks-crawler)"
37.27.51.141 - - [31/Jul/2026:15:20:22 -0300] "GET /item-tag/mexico/page/4/ HTTP/1.1" 200 67036 "-" "Mozilla/5.0 (compatible; SERankingBacklinksBot/1.0; +https://seranking.com/backlinks-crawler)"
37.27.51.141 - - [31/Jul/2026:15:20:26 -0300] "GET /item-tag/molson/page/2/ HTTP/1.1" 200 67036 "-" "Mozilla/5.0 (compatible; SERankingBacklinksBot/1.0; +https://seranking.com/backlinks-crawler)"
37.27.51.141 - - [31/Jul/2026:15:20:38 -0300] "GET /item-tag/obolon/page/2/ HTTP/1.1" 200 67036 "-" "Mozilla/5.0 (compatible; SERankingBacklinksBot/1.0; +https://seranking.com/backlinks-crawler)"
37.27.51.141 - - [31/Jul/2026:15:20:42 -0300] "GET /item-tag/obolon/page/3/ HTTP/1.1" 200 67036 "-" "Mozilla/5.0 (compatible; SERankingBacklinksBot/1.0; +https://seranking.com/backlinks-crawler)"
37.27.51.141 - - [31/Jul/2026:15:20:51 -0300] "GET /item-tag/obolon/page/4/ HTTP/1.1" 200 67036 "-" "Mozilla/5.0 (compatible; SERankingBacklinksBot/1.0; +https://seranking.com/backlinks-crawler)"
37.27.51.141 - - [31/Jul/2026:15:21:04 -0300] "GET /item-tag/poland/page/2/ HTTP/1.1" 200 67036 "-" "Mozilla/5.0 (compatible; SERankingBacklinksBot/1.0; +https://seranking.com/backlinks-crawler)"
37.27.51.141 - - [31/Jul/2026:15:21:08 -0300] "GET /item-tag/print/page/25/ HTTP/1.1" 200 67036 "-" "Mozilla/5.0 (compatible; SERankingBacklinksBot/1.0; +https://seranking.com/backlinks-crawler)"
37.27.51.141 - - [31/Jul/2026:15:21:17 -0300] "GET /item-tag/reschs/page/2/ HTTP/1.1" 200 67036 "-" "Mozilla/5.0 (compatible; SERankingBacklinksBot/1.0; +https://seranking.com/backlinks-crawler)"
43.160.225.169 - - [31/Jul/2026:15:21:21 -0300] "GET /?fileloc=/home/autoligchopp/public_html/images/toggige-arrow.jpg&path=/home/autoligchopp/public_html/images HTTP/1.1" 200 41947 "-" "Mozilla/5.0 (iPhone; CPU iPhone OS 13_2_3 like Mac OS X) AppleWebKit/605.1.15 (KHTML, like Gecko) Version/13.0.3 Mobile/15E148 Safari/604.1"
37.27.51.141 - - [31/Jul/2026:15:21:29 -0300] "GET /item-tag/reschs/page/3/ HTTP/1.1" 200 67036 "-" "Mozilla/5.0 (compatible; SERankingBacklinksBot/1.0; +https://seranking.com/backlinks-crawler)"
37.27.51.141 - - [31/Jul/2026:15:21:33 -0300] "GET /item-tag/reschs/page/4/ HTTP/1.1" 200 67036 "-" "Mozilla/5.0 (compatible; SERankingBacklinksBot/1.0; +https://seranking.com/backlinks-crawler)"
114.119.145.8 - - [31/Jul/2026:15:21:40 -0300] "GET /configRLD/Jump/0-portapantografic/error_log- HTTP/1.1" 200 17395658 "http://choppgermaniaautodromo.com.br/configRLD/Jump/0-portapantografic/" "Mozilla/5.0 (Linux; Android 7.0;) AppleWebKit/537.36 (HTML, like Gecko) Mobile Safari/537.36 (compatible; PetalBot;+https://webmaster.petalsearch.com/site/petalbot)"
37.27.51.141 - - [31/Jul/2026:15:21:46 -0300] "GET /item-tag/reschs/page/6/ HTTP/1.1" 200 67036 "-" "Mozilla/5.0 (compatible; SERankingBacklinksBot/1.0; +https://seranking.com/backlinks-crawler)"
216.73.216.198 - - [31/Jul/2026:15:21:44 -0300] "GET /configRLD/Jump/0-mariaeunice/wp-admin/admin-footer.php HTTP/1.1" 503 67036 "-" "Mozilla/5.0 AppleWebKit/537.36 (KHTML, like Gecko; compatible; ClaudeBot/1.0; +claudebot@anthropic.com)"
37.27.51.141 - - [31/Jul/2026:15:21:54 -0300] "GET /item-tag/seller/page/2/ HTTP/1.1" 200 67036 "-" "Mozilla/5.0 (compatible; SERankingBacklinksBot/1.0; +https://seranking.com/backlinks-crawler)"
216.73.216.198 - - [31/Jul/2026:15:21:56 -0300] "GET /sitemap.xml HTTP/1.1" 200 353571 "-" "Mozilla/5.0 AppleWebKit/537.36 (KHTML, like Gecko; compatible; ClaudeBot/1.0; +claudebot@anthropic.com)"
37.27.51.141 - - [31/Jul/2026:15:21:58 -0300] "GET /item-tag/seller/page/3/ HTTP/1.1" 200 67036 "-" "Mozilla/5.0 (compatible; SERankingBacklinksBot/1.0; +https://seranking.com/backlinks-crawler)"
37.27.51.141 - - [31/Jul/2026:15:22:07 -0300] "GET /item-tag/seller/page/4/ HTTP/1.1" 200 67036 "-" "Mozilla/5.0 (compatible; SERankingBacklinksBot/1.0; +https://seranking.com/backlinks-crawler)"
216.73.216.198 - - [31/Jul/2026:15:21:58 -0300] "GET /configRLD/Jump/0-mariaeunice/wp-admin/tools.php HTTP/1.1" 503 67036 "-" "Mozilla/5.0 AppleWebKit/537.36 (KHTML, like Gecko; compatible; ClaudeBot/1.0; +claudebot@anthropic.com)"
37.27.51.141 - - [31/Jul/2026:15:22:15 -0300] "GET /item-tag/serbia/page/2/ HTTP/1.1" 200 67036 "-" "Mozilla/5.0 (compatible; SERankingBacklinksBot/1.0; +https://seranking.com/backlinks-crawler)"
37.27.51.141 - - [31/Jul/2026:15:22:27 -0300] "GET /item-tag/sweden/page/2/ HTTP/1.1" 200 67036 "-" "Mozilla/5.0 (compatible; SERankingBacklinksBot/1.0; +https://seranking.com/backlinks-crawler)"
37.27.51.141 - - [31/Jul/2026:15:22:31 -0300] "GET /item-tag/sweden/page/3/ HTTP/1.1" 200 67036 "-" "Mozilla/5.0 (compatible; SERankingBacklinksBot/1.0; +https://seranking.com/backlinks-crawler)"
37.27.51.141 - - [31/Jul/2026:15:22:40 -0300] "GET /item-tag/sweden/page/4/ HTTP/1.1" 200 67036 "-" "Mozilla/5.0 (compatible; SERankingBacklinksBot/1.0; +https://seranking.com/backlinks-crawler)"
37.27.51.141 - - [31/Jul/2026:15:22:52 -0300] "GET /item-tag/sweden/page/5/ HTTP/1.1" 200 67036 "-" "Mozilla/5.0 (compatible; SERankingBacklinksBot/1.0; +https://seranking.com/backlinks-crawler)"
37.27.51.141 - - [31/Jul/2026:15:22:56 -0300] "GET /item-tag/taiwan/page/2/ HTTP/1.1" 200 67036 "-" "Mozilla/5.0 (compatible; SERankingBacklinksBot/1.0; +https://seranking.com/backlinks-crawler)"
37.27.51.141 - - [31/Jul/2026:15:23:09 -0300] "GET /item-tag/tecate/page/2/ HTTP/1.1" 200 67036 "-" "Mozilla/5.0 (compatible; SERankingBacklinksBot/1.0; +https://seranking.com/backlinks-crawler)"
37.27.51.141 - - [31/Jul/2026:15:23:13 -0300] "GET /item-tag/tecate/page/3/ HTTP/1.1" 200 67036 "-" "Mozilla/5.0 (compatible; SERankingBacklinksBot/1.0; +https://seranking.com/backlinks-crawler)"
37.27.51.141 - - [31/Jul/2026:15:23:21 -0300] "GET /item-tag/tuborg/page/2/ HTTP/1.1" 200 67036 "-" "Mozilla/5.0 (compatible; SERankingBacklinksBot/1.0; +https://seranking.com/backlinks-crawler)"
37.27.51.141 - - [31/Jul/2026:15:23:29 -0300] "GET /item-tag/tuborg/page/3/ HTTP/1.1" 200 67036 "-" "Mozilla/5.0 (compatible; SERankingBacklinksBot/1.0; +https://seranking.com/backlinks-crawler)"
37.27.51.141 - - [31/Jul/2026:15:23:42 -0300] "GET /item-tag/tuborg/page/4/ HTTP/1.1" 200 67036 "-" "Mozilla/5.0 (compatible; SERankingBacklinksBot/1.0; +https://seranking.com/backlinks-crawler)"
37.27.51.141 - - [31/Jul/2026:15:23:50 -0300] "GET /item-tag/zibert/page/2/ HTTP/1.1" 200 67036 "-" "Mozilla/5.0 (compatible; SERankingBacklinksBot/1.0; +https://seranking.com/backlinks-crawler)"
37.27.51.141 - - [31/Jul/2026:15:23:54 -0300] "GET /item/suntory-beer-can-2/ HTTP/1.1" 200 67036 "-" "Mozilla/5.0 (compatible; SERankingBacklinksBot/1.0; +https://seranking.com/backlinks-crawler)"
37.27.51.141 - - [31/Jul/2026:15:23:58 -0300] "GET /item-tag/10/?loknya=/home HTTP/1.1" 200 67036 "-" "Mozilla/5.0 (compatible; SERankingBacklinksBot/1.0; +https://seranking.com/backlinks-crawler)"
37.27.51.141 - - [31/Jul/2026:15:24:02 -0300] "GET /kids-hoodies?loknya=/home HTTP/1.1" 200 67036 "-" "Mozilla/5.0 (compatible; SERankingBacklinksBot/1.0; +https://seranking.com/backlinks-crawler)"
114.119.150.90 - - [31/Jul/2026:15:24:13 -0300] "GET /configRLD/Jump/0-plasticosideal/?C=N%3BO%3DD HTTP/1.1" 200 702 "http://choppgermaniaautodromo.com.br/configRLD/Jump/0-plasticosideal/" "Mozilla/5.0 (Linux; Android 7.0;) AppleWebKit/537.36 (HTML, like Gecko) Mobile Safari/537.36 (compatible; PetalBot;+https://webmaster.petalsearch.com/site/petalbot)"
37.27.51.141 - - [31/Jul/2026:15:24:19 -0300] "GET /kids-t-shirt?loknya=/home HTTP/1.1" 200 67036 "-" "Mozilla/5.0 (compatible; SERankingBacklinksBot/1.0; +https://seranking.com/backlinks-crawler)"
37.27.51.141 - - [31/Jul/2026:15:24:23 -0300] "GET /item-tag/14-days/page/2/ HTTP/1.1" 200 67036 "-" "Mozilla/5.0 (compatible; SERankingBacklinksBot/1.0; +https://seranking.com/backlinks-crawler)"
37.27.51.141 - - [31/Jul/2026:15:24:32 -0300] "GET /item-tag/14-days/page/3/ HTTP/1.1" 200 67036 "-" "Mozilla/5.0 (compatible; SERankingBacklinksBot/1.0; +https://seranking.com/backlinks-crawler)"
37.27.51.141 - - [31/Jul/2026:15:24:44 -0300] "GET /order/status?loknya=/home HTTP/1.1" 200 67036 "-" "Mozilla/5.0 (compatible; SERankingBacklinksBot/1.0; +https://seranking.com/backlinks-crawler)"
37.27.51.141 - - [31/Jul/2026:15:24:48 -0300] "GET /item-tag/14-days/page/4/ HTTP/1.1" 200 67036 "-" "Mozilla/5.0 (compatible; SERankingBacklinksBot/1.0; +https://seranking.com/backlinks-crawler)"
37.27.51.141 - - [31/Jul/2026:15:24:56 -0300] "GET /item-tag/14-days/page/9/ HTTP/1.1" 200 67036 "-" "Mozilla/5.0 (compatible; SERankingBacklinksBot/1.0; +https://seranking.com/backlinks-crawler)"
37.27.51.141 - - [31/Jul/2026:15:25:08 -0300] "GET /item-tag/30-days/page/2/ HTTP/1.1" 200 67036 "-" "Mozilla/5.0 (compatible; SERankingBacklinksBot/1.0; +https://seranking.com/backlinks-crawler)"
37.27.51.141 - - [31/Jul/2026:15:25:12 -0300] "GET /item-tag/30-days/page/3/ HTTP/1.1" 200 67036 "-" "Mozilla/5.0 (compatible; SERankingBacklinksBot/1.0; +https://seranking.com/backlinks-crawler)"
37.27.51.141 - - [31/Jul/2026:15:25:25 -0300] "GET /item-tag/30-days/page/4/ HTTP/1.1" 200 67036 "-" "Mozilla/5.0 (compatible; SERankingBacklinksBot/1.0; +https://seranking.com/backlinks-crawler)"
37.27.51.141 - - [31/Jul/2026:15:25:33 -0300] "GET /item-tag/60-days/page/2/ HTTP/1.1" 200 67036 "-" "Mozilla/5.0 (compatible; SERankingBacklinksBot/1.0; +https://seranking.com/backlinks-crawler)"
37.27.51.141 - - [31/Jul/2026:15:25:37 -0300] "GET /item-tag/60-days/page/3/ HTTP/1.1" 200 67036 "-" "Mozilla/5.0 (compatible; SERankingBacklinksBot/1.0; +https://seranking.com/backlinks-crawler)"
37.27.51.141 - - [31/Jul/2026:15:25:45 -0300] "GET /item-tag/60-days/page/4/ HTTP/1.1" 200 67036 "-" "Mozilla/5.0 (compatible; SERankingBacklinksBot/1.0; +https://seranking.com/backlinks-crawler)"
37.27.51.141 - - [31/Jul/2026:15:25:54 -0300] "GET /item-tag/austria/page/2/ HTTP/1.1" 200 67036 "-" "Mozilla/5.0 (compatible; SERankingBacklinksBot/1.0; +https://seranking.com/backlinks-crawler)"
37.27.51.141 - - [31/Jul/2026:15:26:06 -0300] "GET /item-tag/baltika/page/2/ HTTP/1.1" 200 67036 "-" "Mozilla/5.0 (compatible; SERankingBacklinksBot/1.0; +https://seranking.com/backlinks-crawler)"
37.27.51.141 - - [31/Jul/2026:15:26:10 -0300] "GET /item-tag/belgium/page/2/ HTTP/1.1" 200 67036 "-" "Mozilla/5.0 (compatible; SERankingBacklinksBot/1.0; +https://seranking.com/backlinks-crawler)"
37.27.51.141 - - [31/Jul/2026:15:26:23 -0300] "GET /item-tag/canada/page/33/ HTTP/1.1" 200 67036 "-" "Mozilla/5.0 (compatible; SERankingBacklinksBot/1.0; +https://seranking.com/backlinks-crawler)"
37.27.51.141 - - [31/Jul/2026:15:26:31 -0300] "GET /item-tag/carling/page/2/ HTTP/1.1" 200 67036 "-" "Mozilla/5.0 (compatible; SERankingBacklinksBot/1.0; +https://seranking.com/backlinks-crawler)"
37.27.51.141 - - [31/Jul/2026:15:26:40 -0300] "GET /item-tag/carling/page/3/ HTTP/1.1" 200 67036 "-" "Mozilla/5.0 (compatible; SERankingBacklinksBot/1.0; +https://seranking.com/backlinks-crawler)"
37.27.51.141 - - [31/Jul/2026:15:26:44 -0300] "GET /item-tag/carling/page/4/ HTTP/1.1" 200 67036 "-" "Mozilla/5.0 (compatible; SERankingBacklinksBot/1.0; +https://seranking.com/backlinks-crawler)"
114.119.150.41 - - [31/Jul/2026:15:26:45 -0300] "GET /configRLD/Jump/0-piscina/wp-cron.php HTTP/1.1" 500 - "http://choppgermaniaautodromo.com.br/configRLD/Jump/0-piscina/" "Mozilla/5.0 (Linux; Android 7.0;) AppleWebKit/537.36 (HTML, like Gecko) Mobile Safari/537.36 (compatible; PetalBot;+https://webmaster.petalsearch.com/site/petalbot)"
37.27.51.141 - - [31/Jul/2026:15:26:52 -0300] "GET /item-tag/carling/page/5/ HTTP/1.1" 200 67036 "-" "Mozilla/5.0 (compatible; SERankingBacklinksBot/1.0; +https://seranking.com/backlinks-crawler)"
37.27.51.141 - - [31/Jul/2026:15:27:05 -0300] "GET /item-tag/cascade/page/2/ HTTP/1.1" 200 67036 "-" "Mozilla/5.0 (compatible; SERankingBacklinksBot/1.0; +https://seranking.com/backlinks-crawler)"
37.27.51.141 - - [31/Jul/2026:15:27:09 -0300] "GET /item-tag/cascade/page/3/ HTTP/1.1" 200 67036 "-" "Mozilla/5.0 (compatible; SERankingBacklinksBot/1.0; +https://seranking.com/backlinks-crawler)"
37.27.51.141 - - [31/Jul/2026:15:27:18 -0300] "GET /item-tag/cascade/page/4/ HTTP/1.1" 200 67036 "-" "Mozilla/5.0 (compatible; SERankingBacklinksBot/1.0; +https://seranking.com/backlinks-crawler)"
37.27.51.141 - - [31/Jul/2026:15:27:26 -0300] "GET /item-tag/cerveza/page/2/ HTTP/1.1" 200 67036 "-" "Mozilla/5.0 (compatible; SERankingBacklinksBot/1.0; +https://seranking.com/backlinks-crawler)"
37.27.51.141 - - [31/Jul/2026:15:27:39 -0300] "GET /item-tag/cerveza/page/3/ HTTP/1.1" 200 67036 "-" "Mozilla/5.0 (compatible; SERankingBacklinksBot/1.0; +https://seranking.com/backlinks-crawler)"
37.27.51.141 - - [31/Jul/2026:15:27:43 -0300] "GET /item-tag/cerveza/page/4/ HTTP/1.1" 200 67036 "-" "Mozilla/5.0 (compatible; SERankingBacklinksBot/1.0; +https://seranking.com/backlinks-crawler)"
37.27.51.141 - - [31/Jul/2026:15:27:51 -0300] "GET /item-tag/croatia/page/2/ HTTP/1.1" 200 67036 "-" "Mozilla/5.0 (compatible; SERankingBacklinksBot/1.0; +https://seranking.com/backlinks-crawler)"
37.27.51.141 - - [31/Jul/2026:15:28:03 -0300] "GET /item-tag/croatia/page/3/ HTTP/1.1" 200 67036 "-" "Mozilla/5.0 (compatible; SERankingBacklinksBot/1.0; +https://seranking.com/backlinks-crawler)"
37.27.51.141 - - [31/Jul/2026:15:28:07 -0300] "GET /item-tag/croatia/page/4/ HTTP/1.1" 200 67036 "-" "Mozilla/5.0 (compatible; SERankingBacklinksBot/1.0; +https://seranking.com/backlinks-crawler)"
37.27.51.141 - - [31/Jul/2026:15:28:16 -0300] "GET /item-tag/czechia/page/2/ HTTP/1.1" 200 67036 "-" "Mozilla/5.0 (compatible; SERankingBacklinksBot/1.0; +https://seranking.com/backlinks-crawler)"
37.27.51.141 - - [31/Jul/2026:15:28:29 -0300] "GET /item-tag/czechia/page/3/ HTTP/1.1" 200 67036 "-" "Mozilla/5.0 (compatible; SERankingBacklinksBot/1.0; +https://seranking.com/backlinks-crawler)"
37.27.51.141 - - [31/Jul/2026:15:28:32 -0300] "GET /item-tag/czechia/page/4/ HTTP/1.1" 200 67036 "-" "Mozilla/5.0 (compatible; SERankingBacklinksBot/1.0; +https://seranking.com/backlinks-crawler)"
37.27.51.141 - - [31/Jul/2026:15:28:41 -0300] "GET /item-tag/czechia/page/6/ HTTP/1.1" 200 67036 "-" "Mozilla/5.0 (compatible; SERankingBacklinksBot/1.0; +https://seranking.com/backlinks-crawler)"
37.27.51.141 - - [31/Jul/2026:15:28:49 -0300] "GET /item-tag/denmark/page/2/ HTTP/1.1" 200 67036 "-" "Mozilla/5.0 (compatible; SERankingBacklinksBot/1.0; +https://seranking.com/backlinks-crawler)"
37.27.51.141 - - [31/Jul/2026:15:28:57 -0300] "GET /item-tag/denmark/page/3/ HTTP/1.1" 200 67036 "-" "Mozilla/5.0 (compatible; SERankingBacklinksBot/1.0; +https://seranking.com/backlinks-crawler)"
37.27.51.141 - - [31/Jul/2026:15:29:06 -0300] "GET /item-tag/denmark/page/4/ HTTP/1.1" 200 67036 "-" "Mozilla/5.0 (compatible; SERankingBacklinksBot/1.0; +https://seranking.com/backlinks-crawler)"
37.27.51.141 - - [31/Jul/2026:15:29:14 -0300] "GET /item-tag/budweiser-belgium-uk-kakawa-england-san-miguel-spain/?lokasie=/home/autoligchopp/public_html/wp-trackback.php&loknya=/home/autoligchopp/public_html HTTP/1.1" 200 67036 "-" "Mozilla/5.0 (compatible; SERankingBacklinksBot/1.0; +https://seranking.com/backlinks-crawler)"
114.119.145.8 - - [31/Jul/2026:15:29:19 -0300] "GET /configRLD/ekontainers-WordPress-public_html.txt HTTP/1.1" 200 3584 "http://choppgermaniaautodromo.com.br/configRLD/?C=M%3BO%3DA" "Mozilla/5.0 (Linux; Android 7.0;) AppleWebKit/537.36 (HTML, like Gecko) Mobile Safari/537.36 (compatible; PetalBot;+https://webmaster.petalsearch.com/site/petalbot)"
37.27.51.141 - - [31/Jul/2026:15:29:22 -0300] "GET /item-tag/germany/page/2/ HTTP/1.1" 200 67036 "-" "Mozilla/5.0 (compatible; SERankingBacklinksBot/1.0; +https://seranking.com/backlinks-crawler)"
37.27.51.141 - - [31/Jul/2026:15:29:27 -0300] "GET /item-tag/germany/page/3/ HTTP/1.1" 200 67036 "-" "Mozilla/5.0 (compatible; SERankingBacklinksBot/1.0; +https://seranking.com/backlinks-crawler)"
37.27.51.141 - - [31/Jul/2026:15:29:35 -0300] "GET /item-tag/germany/page/4/ HTTP/1.1" 200 67036 "-" "Mozilla/5.0 (compatible; SERankingBacklinksBot/1.0; +https://seranking.com/backlinks-crawler)"
37.27.51.141 - - [31/Jul/2026:15:29:48 -0300] "GET /item-tag/holland/page/2/ HTTP/1.1" 200 67036 "-" "Mozilla/5.0 (compatible; SERankingBacklinksBot/1.0; +https://seranking.com/backlinks-crawler)"
37.27.51.141 - - [31/Jul/2026:15:29:51 -0300] "GET /item-tag/holland/page/3/ HTTP/1.1" 200 67036 "-" "Mozilla/5.0 (compatible; SERankingBacklinksBot/1.0; +https://seranking.com/backlinks-crawler)"
37.27.51.141 - - [31/Jul/2026:15:30:00 -0300] "GET /item-tag/holland/page/4/ HTTP/1.1" 200 67036 "-" "Mozilla/5.0 (compatible; SERankingBacklinksBot/1.0; +https://seranking.com/backlinks-crawler)"
43.164.133.138 - - [31/Jul/2026:15:30:06 -0300] "GET / HTTP/1.1" 200 67036 "-" "Mozilla/5.0 (iPhone; CPU iPhone OS 13_2_3 like Mac OS X) AppleWebKit/605.1.15 (KHTML, like Gecko) Version/13.0.3 Mobile/15E148 Safari/604.1"
37.27.51.141 - - [31/Jul/2026:15:30:08 -0300] "GET /item-tag/holland/page/7/ HTTP/1.1" 200 67036 "-" "Mozilla/5.0 (compatible; SERankingBacklinksBot/1.0; +https://seranking.com/backlinks-crawler)"
37.27.51.141 - - [31/Jul/2026:15:30:16 -0300] "GET /item-tag/hungary/page/2/ HTTP/1.1" 200 67036 "-" "Mozilla/5.0 (compatible; SERankingBacklinksBot/1.0; +https://seranking.com/backlinks-crawler)"
37.27.51.141 - - [31/Jul/2026:15:30:28 -0300] "GET /item-tag/ireland/page/2/ HTTP/1.1" 200 67036 "-" "Mozilla/5.0 (compatible; SERankingBacklinksBot/1.0; +https://seranking.com/backlinks-crawler)"
37.27.51.141 - - [31/Jul/2026:15:30:32 -0300] "GET /item-tag/kb/?loknya=/home HTTP/1.1" 200 67036 "-" "Mozilla/5.0 (compatible; SERankingBacklinksBot/1.0; +https://seranking.com/backlinks-crawler)"
37.27.51.141 - - [31/Jul/2026:15:30:41 -0300] "GET /item-tag/labatt/page/13/ HTTP/1.1" 200 67036 "-" "Mozilla/5.0 (compatible; SERankingBacklinksBot/1.0; +https://seranking.com/backlinks-crawler)"
37.27.51.141 - - [31/Jul/2026:15:30:49 -0300] "GET /item-tag/labatts/page/2/ HTTP/1.1" 200 67036 "-" "Mozilla/5.0 (compatible; SERankingBacklinksBot/1.0; +https://seranking.com/backlinks-crawler)"
37.27.51.141 - - [31/Jul/2026:15:31:02 -0300] "GET /item-tag/labatts/page/3/ HTTP/1.1" 200 67036 "-" "Mozilla/5.0 (compatible; SERankingBacklinksBot/1.0; +https://seranking.com/backlinks-crawler)"
37.27.51.141 - - [31/Jul/2026:15:31:06 -0300] "GET /item-tag/labatts/page/4/ HTTP/1.1" 200 67036 "-" "Mozilla/5.0 (compatible; SERankingBacklinksBot/1.0; +https://seranking.com/backlinks-crawler)"
37.27.51.141 - - [31/Jul/2026:15:31:18 -0300] "GET /item-tag/lvivske/page/2/ HTTP/1.1" 200 67036 "-" "Mozilla/5.0 (compatible; SERankingBacklinksBot/1.0; +https://seranking.com/backlinks-crawler)"
37.27.51.141 - - [31/Jul/2026:15:31:22 -0300] "GET /item-tag/lvivske/page/3/ HTTP/1.1" 200 67036 "-" "Mozilla/5.0 (compatible; SERankingBacklinksBot/1.0; +https://seranking.com/backlinks-crawler)"
37.27.51.141 - - [31/Jul/2026:15:31:34 -0300] "GET /item-tag/mcewans/page/2/ HTTP/1.1" 200 67036 "-" "Mozilla/5.0 (compatible; SERankingBacklinksBot/1.0; +https://seranking.com/backlinks-crawler)"
37.27.51.141 - - [31/Jul/2026:15:31:42 -0300] "GET /item-tag/mexico/page/12/ HTTP/1.1" 200 67036 "-" "Mozilla/5.0 (compatible; SERankingBacklinksBot/1.0; +https://seranking.com/backlinks-crawler)"
216.73.216.198 - - [31/Jul/2026:15:31:42 -0300] "GET /?a=3621900429 HTTP/1.1" 200 67036 "-" "Mozilla/5.0 AppleWebKit/537.36 (KHTML, like Gecko; compatible; ClaudeBot/1.0; +claudebot@anthropic.com)"
216.73.216.198 - - [31/Jul/2026:15:31:45 -0300] "GET /?a=3975203580 HTTP/1.1" 200 67036 "-" "Mozilla/5.0 AppleWebKit/537.36 (KHTML, like Gecko; compatible; ClaudeBot/1.0; +claudebot@anthropic.com)"
37.27.51.141 - - [31/Jul/2026:15:31:46 -0300] "GET /item-tag/ob/?loknya=/home HTTP/1.1" 200 67036 "-" "Mozilla/5.0 (compatible; SERankingBacklinksBot/1.0; +https://seranking.com/backlinks-crawler)"
114.119.133.53 - - [31/Jul/2026:15:31:51 -0300] "GET /configRLD/borges-WordPress-public_html.txt HTTP/1.1" 200 4023 "http://choppgermaniaautodromo.com.br/configRLD/?C=M%3BO%3DA" "Mozilla/5.0 (Linux; Android 7.0;) AppleWebKit/537.36 (HTML, like Gecko) Mobile Safari/537.36 (compatible; PetalBot;+https://webmaster.petalsearch.com/site/petalbot)"
37.27.51.141 - - [31/Jul/2026:15:31:55 -0300] "GET /item-tag/obolon/page/10/ HTTP/1.1" 200 67036 "-" "Mozilla/5.0 (compatible; SERankingBacklinksBot/1.0; +https://seranking.com/backlinks-crawler)"
37.27.51.141 - - [31/Jul/2026:15:32:03 -0300] "GET /item-tag/ov/?loknya=/home HTTP/1.1" 200 67036 "-" "Mozilla/5.0 (compatible; SERankingBacklinksBot/1.0; +https://seranking.com/backlinks-crawler)"
37.27.51.141 - - [31/Jul/2026:15:32:12 -0300] "GET /item-tag/ozujsko/page/2/ HTTP/1.1" 200 67036 "-" "Mozilla/5.0 (compatible; SERankingBacklinksBot/1.0; +https://seranking.com/backlinks-crawler)"
37.27.51.141 - - [31/Jul/2026:15:32:24 -0300] "GET /item-tag/ozujsko/page/3/ HTTP/1.1" 200 67036 "-" "Mozilla/5.0 (compatible; SERankingBacklinksBot/1.0; +https://seranking.com/backlinks-crawler)"
37.27.51.141 - - [31/Jul/2026:15:32:28 -0300] "GET /item-tag/sapporo/page/2/ HTTP/1.1" 200 67036 "-" "Mozilla/5.0 (compatible; SERankingBacklinksBot/1.0; +https://seranking.com/backlinks-crawler)"
37.27.51.141 - - [31/Jul/2026:15:32:36 -0300] "GET /item-tag/sapporo/page/3/ HTTP/1.1" 200 67036 "-" "Mozilla/5.0 (compatible; SERankingBacklinksBot/1.0; +https://seranking.com/backlinks-crawler)"
37.27.51.141 - - [31/Jul/2026:15:32:44 -0300] "GET /item-tag/seller/page/18/ HTTP/1.1" 200 67036 "-" "Mozilla/5.0 (compatible; SERankingBacklinksBot/1.0; +https://seranking.com/backlinks-crawler)"
37.27.51.141 - - [31/Jul/2026:15:32:53 -0300] "GET /item-tag/sticker/page/2/ HTTP/1.1" 200 67036 "-" "Mozilla/5.0 (compatible; SERankingBacklinksBot/1.0; +https://seranking.com/backlinks-crawler)"
37.27.51.141 - - [31/Jul/2026:15:33:01 -0300] "GET /item-tag/sticker/page/3/ HTTP/1.1" 200 67036 "-" "Mozilla/5.0 (compatible; SERankingBacklinksBot/1.0; +https://seranking.com/backlinks-crawler)"
37.27.51.141 - - [31/Jul/2026:15:33:10 -0300] "GET /item-tag/sticker/page/4/ HTTP/1.1" 200 67036 "-" "Mozilla/5.0 (compatible; SERankingBacklinksBot/1.0; +https://seranking.com/backlinks-crawler)"
43.159.135.203 - - [31/Jul/2026:15:33:12 -0300] "GET /?path=/home/autoligchopp/public_html/wp-admin/maint HTTP/1.1" 200 18997 "-" "Mozilla/5.0 (iPhone; CPU iPhone OS 13_2_3 like Mac OS X) AppleWebKit/605.1.15 (KHTML, like Gecko) Version/13.0.3 Mobile/15E148 Safari/604.1"
37.27.51.141 - - [31/Jul/2026:15:33:18 -0300] "GET /item-tag/suntory/page/2/ HTTP/1.1" 200 67036 "-" "Mozilla/5.0 (compatible; SERankingBacklinksBot/1.0; +https://seranking.com/backlinks-crawler)"
37.27.51.141 - - [31/Jul/2026:15:33:31 -0300] "GET /item-tag/suntory/page/3/ HTTP/1.1" 200 67036 "-" "Mozilla/5.0 (compatible; SERankingBacklinksBot/1.0; +https://seranking.com/backlinks-crawler)"
37.27.51.141 - - [31/Jul/2026:15:33:36 -0300] "GET /item-tag/suntory/page/4/ HTTP/1.1" 200 67036 "-" "Mozilla/5.0 (compatible; SERankingBacklinksBot/1.0; +https://seranking.com/backlinks-crawler)"
37.27.51.141 - - [31/Jul/2026:15:33:45 -0300] "GET /item-tag/suntory/page/5/ HTTP/1.1" 200 67036 "-" "Mozilla/5.0 (compatible; SERankingBacklinksBot/1.0; +https://seranking.com/backlinks-crawler)"
216.73.216.198 - - [31/Jul/2026:15:33:52 -0300] "GET /?a=3834202276 HTTP/1.1" 200 67036 "-" "Mozilla/5.0 AppleWebKit/537.36 (KHTML, like Gecko; compatible; ClaudeBot/1.0; +claudebot@anthropic.com)"
37.27.51.141 - - [31/Jul/2026:15:33:57 -0300] "GET /item-tag/tennent/page/2/ HTTP/1.1" 200 67036 "-" "Mozilla/5.0 (compatible; SERankingBacklinksBot/1.0; +https://seranking.com/backlinks-crawler)"
37.27.51.141 - - [31/Jul/2026:15:34:01 -0300] "GET /item-tag/tooheys/page/2/ HTTP/1.1" 200 67036 "-" "Mozilla/5.0 (compatible; SERankingBacklinksBot/1.0; +https://seranking.com/backlinks-crawler)"
37.27.51.141 - - [31/Jul/2026:15:34:09 -0300] "GET /item-tag/tuborg/page/11/ HTTP/1.1" 200 67036 "-" "Mozilla/5.0 (compatible; SERankingBacklinksBot/1.0; +https://seranking.com/backlinks-crawler)"
37.27.51.141 - - [31/Jul/2026:15:34:18 -0300] "GET /item-tag/ukraine/page/2/ HTTP/1.1" 200 67036 "-" "Mozilla/5.0 (compatible; SERankingBacklinksBot/1.0; +https://seranking.com/backlinks-crawler)"
37.27.51.141 - - [31/Jul/2026:15:34:31 -0300] "GET /item-tag/ukraine/page/3/ HTTP/1.1" 200 67036 "-" "Mozilla/5.0 (compatible; SERankingBacklinksBot/1.0; +https://seranking.com/backlinks-crawler)"
37.27.51.141 - - [31/Jul/2026:15:34:40 -0300] "GET /item-tag/ukraine/page/4/ HTTP/1.1" 200 67036 "-" "Mozilla/5.0 (compatible; SERankingBacklinksBot/1.0; +https://seranking.com/backlinks-crawler)"
37.27.51.141 - - [31/Jul/2026:15:34:49 -0300] "GET /item-tag/unknown/page/2/ HTTP/1.1" 200 67036 "-" "Mozilla/5.0 (compatible; SERankingBacklinksBot/1.0; +https://seranking.com/backlinks-crawler)"
37.27.51.141 - - [31/Jul/2026:15:34:53 -0300] "GET /item-tag/unknown/page/3/ HTTP/1.1" 200 67036 "-" "Mozilla/5.0 (compatible; SERankingBacklinksBot/1.0; +https://seranking.com/backlinks-crawler)"
37.27.51.141 - - [31/Jul/2026:15:35:01 -0300] "GET /item-tag/vietnam/page/2/ HTTP/1.1" 200 67036 "-" "Mozilla/5.0 (compatible; SERankingBacklinksBot/1.0; +https://seranking.com/backlinks-crawler)"
37.27.51.141 - - [31/Jul/2026:15:35:11 -0300] "GET /t-shirts/food?loknya=/home HTTP/1.1" 200 67036 "-" "Mozilla/5.0 (compatible; SERankingBacklinksBot/1.0; +https://seranking.com/backlinks-crawler)"
37.27.51.141 - - [31/Jul/2026:15:35:24 -0300] "GET /item-tag/20g/?loknya=/home HTTP/1.1" 200 67036 "-" "Mozilla/5.0 (compatible; SERankingBacklinksBot/1.0; +https://seranking.com/backlinks-crawler)"
37.27.51.141 - - [31/Jul/2026:15:35:28 -0300] "GET /tag-directory?loknya=/home HTTP/1.1" 200 67036 "-" "Mozilla/5.0 (compatible; SERankingBacklinksBot/1.0; +https://seranking.com/backlinks-crawler)"
37.27.51.141 - - [31/Jul/2026:15:35:41 -0300] "GET /item-tag/30-days/page/39/ HTTP/1.1" 200 67036 "-" "Mozilla/5.0 (compatible; SERankingBacklinksBot/1.0; +https://seranking.com/backlinks-crawler)"
37.27.51.141 - - [31/Jul/2026:15:35:45 -0300] "GET /throw-pillows?loknya=/home HTTP/1.1" 200 67036 "-" "Mozilla/5.0 (compatible; SERankingBacklinksBot/1.0; +https://seranking.com/backlinks-crawler)"
37.27.51.141 - - [31/Jul/2026:15:35:58 -0300] "GET /item-tag/55g/?loknya=/home HTTP/1.1" 200 67036 "-" "Mozilla/5.0 (compatible; SERankingBacklinksBot/1.0; +https://seranking.com/backlinks-crawler)"
37.27.51.141 - - [31/Jul/2026:15:36:11 -0300] "GET /users/sign_in?loknya=/home HTTP/1.1" 200 67036 "-" "Mozilla/5.0 (compatible; SERankingBacklinksBot/1.0; +https://seranking.com/backlinks-crawler)"
37.27.51.141 - - [31/Jul/2026:15:36:15 -0300] "GET /item-tag/60-days/page/30/ HTTP/1.1" 200 67036 "-" "Mozilla/5.0 (compatible; SERankingBacklinksBot/1.0; +https://seranking.com/backlinks-crawler)"
37.27.51.141 - - [31/Jul/2026:15:36:18 -0300] "GET /users/sign_up?loknya=/home HTTP/1.1" 200 67036 "-" "Mozilla/5.0 (compatible; SERankingBacklinksBot/1.0; +https://seranking.com/backlinks-crawler)"
216.73.216.198 - - [31/Jul/2026:15:36:19 -0300] "GET /?a=2085654299 HTTP/1.1" 200 67036 "-" "Mozilla/5.0 AppleWebKit/537.36 (KHTML, like Gecko; compatible; ClaudeBot/1.0; +claudebot@anthropic.com)"
37.27.51.141 - - [31/Jul/2026:15:36:31 -0300] "GET /item-tag/62g/?loknya=/home HTTP/1.1" 200 67036 "-" "Mozilla/5.0 (compatible; SERankingBacklinksBot/1.0; +https://seranking.com/backlinks-crawler)"
37.27.51.141 - - [31/Jul/2026:15:36:40 -0300] "GET /item-tag/65g/?loknya=/home HTTP/1.1" 200 67036 "-" "Mozilla/5.0 (compatible; SERankingBacklinksBot/1.0; +https://seranking.com/backlinks-crawler)"
37.27.51.141 - - [31/Jul/2026:15:36:44 -0300] "GET /item-tag/all/?loknya=/home HTTP/1.1" 200 67036 "-" "Mozilla/5.0 (compatible; SERankingBacklinksBot/1.0; +https://seranking.com/backlinks-crawler)"
114.119.140.166 - - [31/Jul/2026:15:36:56 -0300] "GET /configRLD/Jump/0-piscina/readme.html HTTP/1.1" 200 7409 "http://choppgermaniaautodromo.com.br/configRLD/Jump/0-piscina/" "Mozilla/5.0 (Linux; Android 7.0;) AppleWebKit/537.36 (HTML, like Gecko) Mobile Safari/537.36 (compatible; PetalBot;+https://webmaster.petalsearch.com/site/petalbot)"
37.27.51.141 - - [31/Jul/2026:15:36:57 -0300] "GET /item-tag/aluminum/page/2/ HTTP/1.1" 200 67036 "-" "Mozilla/5.0 (compatible; SERankingBacklinksBot/1.0; +https://seranking.com/backlinks-crawler)"
37.27.51.141 - - [31/Jul/2026:15:37:01 -0300] "GET /item-tag/aluminum/page/3/ HTTP/1.1" 200 67036 "-" "Mozilla/5.0 (compatible; SERankingBacklinksBot/1.0; +https://seranking.com/backlinks-crawler)"
37.27.51.141 - - [31/Jul/2026:15:37:10 -0300] "GET /item-tag/aluminum/page/4/ HTTP/1.1" 200 67036 "-" "Mozilla/5.0 (compatible; SERankingBacklinksBot/1.0; +https://seranking.com/backlinks-crawler)"
37.27.51.141 - - [31/Jul/2026:15:37:19 -0300] "GET /item-tag/beer-can/page/2/ HTTP/1.1" 200 67036 "-" "Mozilla/5.0 (compatible; SERankingBacklinksBot/1.0; +https://seranking.com/backlinks-crawler)"
216.73.216.198 - - [31/Jul/2026:15:37:26 -0300] "GET /?a=4284268146 HTTP/1.1" 200 67036 "-" "Mozilla/5.0 AppleWebKit/537.36 (KHTML, like Gecko; compatible; ClaudeBot/1.0; +claudebot@anthropic.com)"
37.27.51.141 - - [31/Jul/2026:15:37:28 -0300] "GET /item-tag/beer-can/page/3/ HTTP/1.1" 200 67036 "-" "Mozilla/5.0 (compatible; SERankingBacklinksBot/1.0; +https://seranking.com/backlinks-crawler)"
37.27.51.141 - - [31/Jul/2026:15:37:41 -0300] "GET /item-tag/beer-can/page/4/ HTTP/1.1" 200 67036 "-" "Mozilla/5.0 (compatible; SERankingBacklinksBot/1.0; +https://seranking.com/backlinks-crawler)"
37.27.51.141 - - [31/Jul/2026:15:37:50 -0300] "GET /item-tag/beer-mix/page/2/ HTTP/1.1" 200 67036 "-" "Mozilla/5.0 (compatible; SERankingBacklinksBot/1.0; +https://seranking.com/backlinks-crawler)"
37.27.51.141 - - [31/Jul/2026:15:37:59 -0300] "GET /item-tag/cambodia/page/2/ HTTP/1.1" 200 67036 "-" "Mozilla/5.0 (compatible; SERankingBacklinksBot/1.0; +https://seranking.com/backlinks-crawler)"
37.27.51.141 - - [31/Jul/2026:15:38:07 -0300] "GET /item-tag/can/?loknya=/home HTTP/1.1" 200 67036 "-" "Mozilla/5.0 (compatible; SERankingBacklinksBot/1.0; +https://seranking.com/backlinks-crawler)"
37.27.51.141 - - [31/Jul/2026:15:38:16 -0300] "GET /item-tag/cascade/page/10/ HTTP/1.1" 200 67036 "-" "Mozilla/5.0 (compatible; SERankingBacklinksBot/1.0; +https://seranking.com/backlinks-crawler)"
37.27.51.141 - - [31/Jul/2026:15:38:25 -0300] "GET /item-tag/cerveza/page/11/ HTTP/1.1" 200 67036 "-" "Mozilla/5.0 (compatible; SERankingBacklinksBot/1.0; +https://seranking.com/backlinks-crawler)"
37.27.51.141 - - [31/Jul/2026:15:38:34 -0300] "GET /item-tag/croatia/page/17/ HTTP/1.1" 200 67036 "-" "Mozilla/5.0 (compatible; SERankingBacklinksBot/1.0; +https://seranking.com/backlinks-crawler)"
37.27.51.141 - - [31/Jul/2026:15:38:39 -0300] "GET /item-tag/cub/?loknya=/home HTTP/1.1" 200 67036 "-" "Mozilla/5.0 (compatible; SERankingBacklinksBot/1.0; +https://seranking.com/backlinks-crawler)"
37.27.51.141 - - [31/Jul/2026:15:38:47 -0300] "GET /item-tag/dab/?loknya=/home HTTP/1.1" 200 67036 "-" "Mozilla/5.0 (compatible; SERankingBacklinksBot/1.0; +https://seranking.com/backlinks-crawler)"
37.27.51.141 - - [31/Jul/2026:15:39:00 -0300] "GET /item-tag/denmark/page/10/ HTTP/1.1" 200 67036 "-" "Mozilla/5.0 (compatible; SERankingBacklinksBot/1.0; +https://seranking.com/backlinks-crawler)"
37.27.51.141 - - [31/Jul/2026:15:39:04 -0300] "GET /item-tag/eku/?loknya=/home HTTP/1.1" 200 67036 "-" "Mozilla/5.0 (compatible; SERankingBacklinksBot/1.0; +https://seranking.com/backlinks-crawler)"
37.27.51.141 - - [31/Jul/2026:15:39:13 -0300] "GET /item-tag/emu/?loknya=/home HTTP/1.1" 200 67036 "-" "Mozilla/5.0 (compatible; SERankingBacklinksBot/1.0; +https://seranking.com/backlinks-crawler)"
37.27.51.141 - - [31/Jul/2026:15:39:22 -0300] "GET /item-tag/germany/page/39/ HTTP/1.1" 200 67036 "-" "Mozilla/5.0 (compatible; SERankingBacklinksBot/1.0; +https://seranking.com/backlinks-crawler)"
114.119.134.196 - - [31/Jul/2026:15:39:28 -0300] "GET /configRLD/Jump/0-piscina/?C=S%3BO%3DA HTTP/1.1" 200 5013 "http://choppgermaniaautodromo.com.br/configRLD/Jump/0-piscina/" "Mozilla/5.0 (Linux; Android 7.0;) AppleWebKit/537.36 (HTML, like Gecko) Mobile Safari/537.36 (compatible; PetalBot;+https://webmaster.petalsearch.com/site/petalbot)"
37.27.51.141 - - [31/Jul/2026:15:39:30 -0300] "GET /item-tag/heineken/page/2/ HTTP/1.1" 200 67036 "-" "Mozilla/5.0 (compatible; SERankingBacklinksBot/1.0; +https://seranking.com/backlinks-crawler)"
37.27.51.141 - - [31/Jul/2026:15:39:43 -0300] "GET /item-tag/heineken/page/3/ HTTP/1.1" 200 67036 "-" "Mozilla/5.0 (compatible; SERankingBacklinksBot/1.0; +https://seranking.com/backlinks-crawler)"
37.27.51.141 - - [31/Jul/2026:15:39:47 -0300] "GET /item-tag/heineken/page/4/ HTTP/1.1" 200 67036 "-" "Mozilla/5.0 (compatible; SERankingBacklinksBot/1.0; +https://seranking.com/backlinks-crawler)"
37.27.51.141 - - [31/Jul/2026:15:39:55 -0300] "GET /item-tag/heineken/page/5/ HTTP/1.1" 200 67036 "-" "Mozilla/5.0 (compatible; SERankingBacklinksBot/1.0; +https://seranking.com/backlinks-crawler)"
37.27.51.141 - - [31/Jul/2026:15:40:04 -0300] "GET /item-tag/ipa/?loknya=/home HTTP/1.1" 200 67036 "-" "Mozilla/5.0 (compatible; SERankingBacklinksBot/1.0; +https://seranking.com/backlinks-crawler)"
37.27.51.141 - - [31/Jul/2026:15:40:16 -0300] "GET /item-tag/keg/?loknya=/home HTTP/1.1" 200 67036 "-" "Mozilla/5.0 (compatible; SERankingBacklinksBot/1.0; +https://seranking.com/backlinks-crawler)"
37.27.51.141 - - [31/Jul/2026:15:40:25 -0300] "GET /item-tag/labatts/page/10/ HTTP/1.1" 200 67036 "-" "Mozilla/5.0 (compatible; SERankingBacklinksBot/1.0; +https://seranking.com/backlinks-crawler)"
37.27.51.141 - - [31/Jul/2026:15:40:34 -0300] "GET /item-tag/macewans/page/2/ HTTP/1.1" 200 67036 "-" "Mozilla/5.0 (compatible; SERankingBacklinksBot/1.0; +https://seranking.com/backlinks-crawler)"
37.27.51.141 - - [31/Jul/2026:15:40:47 -0300] "GET /item-tag/mackeson/page/2/ HTTP/1.1" 200 67036 "-" "Mozilla/5.0 (compatible; SERankingBacklinksBot/1.0; +https://seranking.com/backlinks-crawler)"
37.27.51.141 - - [31/Jul/2026:15:40:51 -0300] "GET /item-tag/malaysia/page/2/ HTTP/1.1" 200 67036 "-" "Mozilla/5.0 (compatible; SERankingBacklinksBot/1.0; +https://seranking.com/backlinks-crawler)"
37.27.51.141 - - [31/Jul/2026:15:41:05 -0300] "GET /item-tag/malaysia/page/3/ HTTP/1.1" 200 67036 "-" "Mozilla/5.0 (compatible; SERankingBacklinksBot/1.0; +https://seranking.com/backlinks-crawler)"
37.27.51.141 - - [31/Jul/2026:15:41:09 -0300] "GET /item-tag/malaysia/page/4/ HTTP/1.1" 200 67036 "-" "Mozilla/5.0 (compatible; SERankingBacklinksBot/1.0; +https://seranking.com/backlinks-crawler)"
37.27.51.141 - - [31/Jul/2026:15:41:17 -0300] "GET /item-tag/men/?loknya=/home HTTP/1.1" 200 67036 "-" "Mozilla/5.0 (compatible; SERankingBacklinksBot/1.0; +https://seranking.com/backlinks-crawler)"
37.27.51.141 - - [31/Jul/2026:15:41:31 -0300] "GET /item-tag/moy/?loknya=/home HTTP/1.1" 200 67036 "-" "Mozilla/5.0 (compatible; SERankingBacklinksBot/1.0; +https://seranking.com/backlinks-crawler)"
37.27.51.141 - - [31/Jul/2026:15:41:35 -0300] "GET /item-tag/n-a/?loknya=/home HTTP/1.1" 200 67036 "-" "Mozilla/5.0 (compatible; SERankingBacklinksBot/1.0; +https://seranking.com/backlinks-crawler)"
